
--
-- Table structure for table `pessoas_relacionadas`
--

CREATE TABLE `pessoas_relacionadas` (
  `id` int unsigned NOT NULL AUTO_INCREMENT,
  `relacionamento` varchar(100) COLLATE utf8mb4_unicode_ci DEFAULT NULL,
  `pessoa_id` int unsigned NOT NULL,
  `pessoa_vinculada_id` int unsigned NOT NULL,
  PRIMARY KEY (`id`),
  KEY `pessoas_relacionadas_pessoa_id_foreign` (`pessoa_id`),
  KEY `pessoas_relacionadas_pessoa_vinculada_id_foreign` (`pessoa_vinculada_id`),
  CONSTRAINT `pessoas_relacionadas_pessoa_id_foreign` FOREIGN KEY (`pessoa_id`) REFERENCES `pessoas` (`id`),
  CONSTRAINT `pessoas_relacionadas_pessoa_vinculada_id_foreign` FOREIGN KEY (`pessoa_vinculada_id`) REFERENCES `pessoas` (`id`)
) ENGINE=InnoDB DEFAULT CHARSET=utf8mb4 COLLATE=utf8mb4_unicode_ci;

--
-- Dumping data for table `pessoas_relacionadas`
--


--
-- Table structure for table `role_permission`
--

CREATE TABLE `role_permission` (
  `id` int unsigned NOT NULL AUTO_INCREMENT,
  `role_id` int unsigned NOT NULL,
  `permission_id` int unsigned NOT NULL,
  PRIMARY KEY (`id`),
  KEY `role_permission_role_id_foreign` (`role_id`),
  KEY `role_permission_permission_id_foreign` (`permission_id`),
  CONSTRAINT `role_permission_permission_id_foreign` FOREIGN KEY (`permission_id`) REFERENCES `permissions` (`id`) ON DELETE CASCADE,
  CONSTRAINT `role_permission_role_id_foreign` FOREIGN KEY (`role_id`) REFERENCES `roles` (`id`) ON DELETE CASCADE
) ENGINE=InnoDB AUTO_INCREMENT=213 DEFAULT CHARSET=utf8mb4 COLLATE=utf8mb4_unicode_ci;

--
-- Dumping data for table `role_permission`
--

INSERT INTO `role_permission` VALUES (1,2,1),(2,2,2),(3,2,7),(4,2,10),(5,2,11),(6,2,23),(7,2,30),(8,2,31),(9,2,32),(10,2,33),(11,2,34),(12,2,38),(13,2,39),(14,2,41),(15,2,51),(16,2,52),(17,2,53),(18,2,54),(19,2,64),(20,2,69),(21,2,89),(22,2,95),(23,2,100),(24,2,101),(25,2,102),(26,2,104),(27,2,125),(28,2,127),(29,3,1),(30,3,2),(31,3,7),(32,3,8),(33,3,9),(34,3,10),(35,3,11),(36,3,22),(37,3,23),(38,3,30),(39,3,31),(40,3,32),(41,3,33),(42,3,34),(43,3,35),(44,3,36),(45,3,37),(46,3,38),(47,3,39),(48,3,40),(49,3,41),(50,3,42),(51,3,43),(52,3,44),(53,3,45),(54,3,46),(55,3,47),(56,3,48),(57,3,49),(58,3,50),(59,3,51),(60,3,52),(61,3,53),(62,3,54),(63,3,64),(64,3,69),(65,3,89),(66,3,95),(67,3,100),(68,3,101),(69,3,102),(70,3,104),(71,3,125),(72,3,127),(73,4,1),(74,4,2),(75,4,7),(76,4,8),(77,4,9),(78,4,10),(79,4,11),(80,4,12),(81,4,13),(82,4,14),(83,4,15),(84,4,16),(85,4,17),(86,4,22),(87,4,23),(88,4,30),(89,4,31),(90,4,32),(91,4,33),(92,4,34),(93,4,35),(94,4,36),(95,4,37),(96,4,38),(97,4,39),(98,4,40),(99,4,41),(100,4,42),(101,4,43),(102,4,44),(103,4,45),(104,4,46),(105,4,47),(106,4,48),(107,4,49),(108,4,50),(109,4,51),(110,4,52),(111,4,53),(112,4,54),(113,4,56),(114,4,59),(115,4,61),(116,4,64),(117,4,66),(118,4,69),(119,4,71),(120,4,74),(121,4,76),(122,4,79),(123,4,81),(124,4,84),(125,4,86),(126,4,89),(127,4,91),(128,4,95),(129,4,97),(130,4,100),(131,4,101),(132,4,102),(133,4,104),(134,4,107),(135,4,110),(136,4,112),(137,4,125),(138,4,127),(139,5,1),(140,5,2),(141,5,7),(142,5,8),(143,5,9),(144,5,10),(145,5,11),(146,5,12),(147,5,13),(148,5,14),(149,5,15),(150,5,16),(151,5,17),(152,5,19),(153,5,20),(154,5,22),(155,5,23),(156,5,30),(157,5,31),(158,5,32),(159,5,33),(160,5,34),(161,5,35),(162,5,36),(163,5,37),(164,5,38),(165,5,39),(166,5,40),(167,5,41),(168,5,42),(169,5,43),(170,5,44),(171,5,45),(172,5,46),(173,5,47),(174,5,48),(175,5,49),(176,5,50),(177,5,51),(178,5,52),(179,5,53),(180,5,54),(181,5,56),(182,5,59),(183,5,61),(184,5,64),(185,5,66),(186,5,69),(187,5,71),(188,5,74),(189,5,76),(190,5,79),(191,5,81),(192,5,84),(193,5,86),(194,5,89),(195,5,91),(196,5,95),(197,5,97),(198,5,100),(199,5,101),(200,5,102),(201,5,104),(202,5,107),(203,5,110),(204,5,112),(205,5,125),(206,5,127),(207,5,131),(208,5,132),(209,5,133),(210,5,134),(211,5,135),(212,5,136);

--
-- Table structure for table `roles`
--

CREATE TABLE `roles` (
  `id` int unsigned NOT NULL AUTO_INCREMENT,
  `name` varchar(200) COLLATE utf8mb4_unicode_ci NOT NULL,
  `slug` varchar(200) COLLATE utf8mb4_unicode_ci NOT NULL,
  `created_at` timestamp NULL DEFAULT NULL,
  `updated_at` timestamp NULL DEFAULT NULL,
  `deleted_at` timestamp NULL DEFAULT NULL,
  PRIMARY KEY (`id`)
) ENGINE=InnoDB AUTO_INCREMENT=6 DEFAULT CHARSET=utf8mb4 COLLATE=utf8mb4_unicode_ci;

--
-- Dumping data for table `roles`
--

INSERT INTO `roles` VALUES (1,'Admin','admin','2024-01-14 22:05:27','2024-01-14 22:05:27',NULL),(2,'Consulta','consulta','2024-01-14 22:05:27','2024-01-14 22:05:27',NULL),(3,'Atendimento','atendimento','2024-01-14 22:05:27','2024-01-14 22:05:27',NULL),(4,'Técnico','tecnico','2024-01-14 22:05:27','2024-01-14 22:05:27',NULL),(5,'Central de dados','central-de-dados','2024-01-14 22:05:27','2024-01-14 22:05:27',NULL);

--
-- Table structure for table `sistema_usuario`
--

CREATE TABLE `sistema_usuario` (
  `id` int unsigned NOT NULL AUTO_INCREMENT,
  `usuario_id` int unsigned NOT NULL,
  `sistema_id` int unsigned NOT NULL,
  `perfil_id` int unsigned NOT NULL,
  `created_at` timestamp NULL DEFAULT NULL,
  `updated_at` timestamp NULL DEFAULT NULL,
  PRIMARY KEY (`id`),
  KEY `sistema_usuario_usuario_id_foreign` (`usuario_id`),
  KEY `sistema_usuario_sistema_id_foreign` (`sistema_id`),
  KEY `sistema_usuario_perfil_id_foreign` (`perfil_id`),
  CONSTRAINT `sistema_usuario_perfil_id_foreign` FOREIGN KEY (`perfil_id`) REFERENCES `perfis` (`id`),
  CONSTRAINT `sistema_usuario_sistema_id_foreign` FOREIGN KEY (`sistema_id`) REFERENCES `sistemas` (`id`),
  CONSTRAINT `sistema_usuario_usuario_id_foreign` FOREIGN KEY (`usuario_id`) REFERENCES `users` (`id`)
) ENGINE=InnoDB AUTO_INCREMENT=8247 DEFAULT CHARSET=utf8mb4 COLLATE=utf8mb4_unicode_ci;

--
-- Dumping data for table `sistema_usuario`
--

INSERT INTO `sistema_usuario` VALUES (1,1,1,1,NULL,NULL),(2,2,1,1,NULL,NULL),(3,2,2,2,NULL,NULL),(4,2074,2,3,NULL,NULL),(5,2075,2,3,NULL,NULL),(6,2076,2,3,NULL,NULL),(7,2077,2,3,NULL,NULL),(8,2078,2,3,NULL,NULL),(9,2079,2,3,NULL,NULL),(10,2080,2,3,NULL,NULL),(11,2081,2,3,NULL,NULL),(12,2082,2,3,NULL,NULL),(13,2083,2,3,NULL,NULL),(14,2084,2,3,NULL,NULL),(15,2085,2,3,NULL,NULL),(16,2086,2,3,NULL,NULL),(17,2087,2,3,NULL,NULL),(18,2088,2,3,NULL,NULL),(19,2089,2,3,NULL,NULL),(20,2090,2,3,NULL,NULL),(21,2091,2,3,NULL,NULL),(22,2092,2,3,NULL,NULL),(23,2093,2,3,NULL,NULL),(24,2094,2,3,NULL,NULL),(25,2095,2,3,NULL,NULL),(26,2096,2,3,NULL,NULL),(27,2097,2,3,NULL,NULL),(28,2098,2,3,NULL,NULL),(29,2099,2,3,NULL,NULL),(30,2100,2,3,NULL,NULL),(31,2101,2,3,NULL,NULL),(32,2102,2,3,NULL,NULL),(33,2103,2,3,NULL,NULL),(34,2104,2,3,NULL,NULL),(35,2105,2,3,NULL,NULL),(36,2106,2,3,NULL,NULL),(37,2107,2,3,NULL,NULL),(38,2108,2,3,NULL,NULL),(39,2109,2,3,NULL,NULL),(40,2110,2,3,NULL,NULL),(41,2111,2,3,NULL,NULL),(42,2112,2,3,NULL,NULL),(43,2113,2,3,NULL,NULL),(44,2114,2,3,NULL,NULL),(45,2115,2,3,NULL,NULL),(46,2116,2,3,NULL,NULL),(47,2117,2,3,NULL,NULL),(48,2118,2,3,NULL,NULL),(49,2119,2,3,NULL,NULL),(50,2120,2,3,NULL,NULL),(51,2121,2,3,NULL,NULL),(52,2122,2,3,NULL,NULL),(53,2123,2,3,NULL,NULL),(54,2124,2,3,NULL,NULL),(55,2125,2,3,NULL,NULL),(56,2126,2,3,NULL,NULL),(57,2127,2,3,NULL,NULL),(58,2128,2,3,NULL,NULL),(59,2129,2,3,NULL,NULL),(60,2130,2,3,NULL,NULL),(61,2131,2,3,NULL,NULL),(62,2132,2,3,NULL,NULL),(63,2133,2,3,NULL,NULL),(64,2134,2,3,NULL,NULL),(65,2135,2,3,NULL,NULL),(66,2136,2,3,NULL,NULL),(67,2137,2,3,NULL,NULL),(68,2138,2,3,NULL,NULL),(69,2139,2,3,NULL,NULL),(70,2140,2,3,NULL,NULL),(71,2141,2,3,NULL,NULL),(72,2142,2,3,NULL,NULL),(73,2143,2,3,NULL,NULL),(74,2144,2,3,NULL,NULL),(75,2145,2,3,NULL,NULL),(76,2146,2,3,NULL,NULL),(77,2147,2,3,NULL,NULL),(78,2148,2,3,NULL,NULL),(79,2149,2,3,NULL,NULL),(80,2150,2,3,NULL,NULL),(81,2151,2,3,NULL,NULL),(82,2152,2,3,NULL,NULL),(83,2153,2,3,NULL,NULL),(84,2154,2,3,NULL,NULL),(85,2155,2,3,NULL,NULL),(86,2156,2,3,NULL,NULL),(87,2157,2,3,NULL,NULL),(88,2158,2,3,NULL,NULL),(89,2159,2,3,NULL,NULL),(90,2160,2,3,NULL,NULL),(91,2161,2,3,NULL,NULL),(92,2162,2,3,NULL,NULL),(93,2163,2,3,NULL,NULL),(94,2164,2,3,NULL,NULL),(95,2165,2,3,NULL,NULL),(96,2166,2,3,NULL,NULL),(97,2167,2,3,NULL,NULL),(98,2168,2,3,NULL,NULL),(99,2169,2,3,NULL,NULL),(100,2170,2,3,NULL,NULL),(101,2171,2,3,NULL,NULL),(102,2172,2,3,NULL,NULL),(103,2173,2,3,NULL,NULL),(104,2174,2,3,NULL,NULL),(105,2175,2,3,NULL,NULL),(106,2176,2,3,NULL,NULL),(107,2177,2,3,NULL,NULL),(108,2178,2,3,NULL,NULL),(109,2179,2,3,NULL,NULL),(110,2180,2,3,NULL,NULL),(111,2181,2,3,NULL,NULL),(112,2182,2,3,NULL,NULL),(113,2183,2,3,NULL,NULL),(114,2184,2,3,NULL,NULL),(115,2185,2,3,NULL,NULL),(116,2186,2,3,NULL,NULL),(117,2187,2,3,NULL,NULL),(118,2188,2,3,NULL,NULL),(119,2189,2,3,NULL,NULL),(120,2190,2,3,NULL,NULL),(121,2191,2,3,NULL,NULL),(122,2192,2,3,NULL,NULL),(123,2193,2,3,NULL,NULL),(124,2194,2,3,NULL,NULL),(125,2195,2,3,NULL,NULL),(126,2196,2,3,NULL,NULL),(127,2197,2,3,NULL,NULL),(128,2198,2,3,NULL,NULL),(129,2199,2,3,NULL,NULL),(130,2200,2,3,NULL,NULL),(131,2201,2,3,NULL,NULL),(132,2202,2,3,NULL,NULL),(133,2203,2,3,NULL,NULL),(134,2204,2,3,NULL,NULL),(135,2205,2,3,NULL,NULL),(136,2206,2,3,NULL,NULL),(137,2207,2,3,NULL,NULL),(138,2208,2,3,NULL,NULL),(139,2209,2,3,NULL,NULL),(140,2210,2,3,NULL,NULL),(141,2211,2,3,NULL,NULL),(142,2212,2,3,NULL,NULL),(143,2213,2,3,NULL,NULL),(144,2214,2,3,NULL,NULL),(145,2215,2,3,NULL,NULL),(146,2216,2,3,NULL,NULL),(147,2217,2,3,NULL,NULL),(148,2218,2,3,NULL,NULL),(149,2219,2,3,NULL,NULL),(150,2220,2,3,NULL,NULL),(151,2221,2,3,NULL,NULL),(152,2222,2,3,NULL,NULL),(153,2223,2,3,NULL,NULL),(154,2224,2,3,NULL,NULL),(155,2225,2,3,NULL,NULL),(156,2226,2,3,NULL,NULL),(157,2227,2,3,NULL,NULL),(158,2228,2,3,NULL,NULL),(159,2229,2,3,NULL,NULL),(160,2230,2,3,NULL,NULL),(161,2231,2,3,NULL,NULL),(162,2232,2,3,NULL,NULL),(163,2233,2,3,NULL,NULL),(164,2234,2,3,NULL,NULL),(165,2235,2,3,NULL,NULL),(166,2236,2,3,NULL,NULL),(167,2237,2,3,NULL,NULL),(168,2238,2,3,NULL,NULL),(169,2239,2,3,NULL,NULL),(170,2240,2,3,NULL,NULL),(171,2241,2,3,NULL,NULL),(172,2242,2,3,NULL,NULL),(173,2243,2,3,NULL,NULL),(174,2244,2,3,NULL,NULL),(175,2245,2,3,NULL,NULL),(176,2246,2,3,NULL,NULL),(177,2247,2,3,NULL,NULL),(178,2248,2,3,NULL,NULL),(179,2249,2,3,NULL,NULL),(180,2250,2,3,NULL,NULL),(181,2251,2,3,NULL,NULL),(182,2252,2,3,NULL,NULL),(183,2253,2,3,NULL,NULL),(184,2254,2,3,NULL,NULL),(185,2255,2,3,NULL,NULL),(186,2256,2,3,NULL,NULL),(187,2257,2,3,NULL,NULL),(188,2258,2,3,NULL,NULL),(189,2259,2,3,NULL,NULL),(190,2260,2,3,NULL,NULL),(191,2261,2,3,NULL,NULL),(192,2262,2,3,NULL,NULL),(193,2263,2,3,NULL,NULL),(194,2264,2,3,NULL,NULL),(195,2265,2,3,NULL,NULL),(196,2266,2,3,NULL,NULL),(197,2267,2,3,NULL,NULL),(198,2268,2,3,NULL,NULL),(199,2269,2,3,NULL,NULL),(200,2270,2,3,NULL,NULL),(201,2271,2,3,NULL,NULL),(202,2272,2,3,NULL,NULL),(203,2273,2,3,NULL,NULL),(204,2274,2,3,NULL,NULL),(205,2275,2,3,NULL,NULL),(206,2276,2,3,NULL,NULL),(207,2277,2,3,NULL,NULL),(208,2278,2,3,NULL,NULL),(209,2279,2,3,NULL,NULL),(210,2280,2,3,NULL,NULL),(211,2281,2,3,NULL,NULL),(212,2282,2,3,NULL,NULL),(213,2283,2,3,NULL,NULL),(214,2284,2,3,NULL,NULL),(215,2285,2,3,NULL,NULL),(216,2286,2,3,NULL,NULL),(217,2287,2,3,NULL,NULL),(218,2288,2,3,NULL,NULL),(219,2289,2,3,NULL,NULL),(220,2290,2,3,NULL,NULL),(221,2291,2,3,NULL,NULL),(222,2292,2,3,NULL,NULL),(223,2293,2,3,NULL,NULL),(224,2294,2,3,NULL,NULL),(225,2295,2,3,NULL,NULL),(226,2296,2,3,NULL,NULL),(227,2297,2,3,NULL,NULL),(228,2298,2,3,NULL,NULL),(229,2299,2,3,NULL,NULL),(230,2300,2,3,NULL,NULL),(231,2301,2,3,NULL,NULL),(232,2302,2,3,NULL,NULL),(233,2303,2,3,NULL,NULL),(234,2304,2,3,NULL,NULL),(235,2305,2,3,NULL,NULL),(236,2306,2,3,NULL,NULL),(237,2307,2,3,NULL,NULL),(238,2308,2,3,NULL,NULL),(239,2309,2,3,NULL,NULL),(240,2310,2,3,NULL,NULL),(241,2311,2,3,NULL,NULL),(242,2312,2,3,NULL,NULL),(243,2313,2,3,NULL,NULL),(244,2314,2,3,NULL,NULL),(245,2315,2,3,NULL,NULL),(246,2316,2,3,NULL,NULL),(247,2317,2,3,NULL,NULL),(248,2318,2,3,NULL,NULL),(249,2319,2,3,NULL,NULL),(250,2320,2,3,NULL,NULL),(251,2321,2,3,NULL,NULL),(252,2322,2,3,NULL,NULL),(253,2323,2,3,NULL,NULL),(254,2324,2,3,NULL,NULL),(255,2325,2,3,NULL,NULL),(256,2326,2,3,NULL,NULL),(257,2327,2,3,NULL,NULL),(258,2328,2,3,NULL,NULL),(259,2329,2,3,NULL,NULL),(260,2330,2,3,NULL,NULL),(261,2331,2,3,NULL,NULL),(262,2332,2,3,NULL,NULL),(263,2333,2,3,NULL,NULL),(264,2334,2,3,NULL,NULL),(265,2335,2,3,NULL,NULL),(266,2336,2,3,NULL,NULL),(267,2337,2,3,NULL,NULL),(268,2338,2,3,NULL,NULL),(269,2339,2,3,NULL,NULL),(270,2340,2,3,NULL,NULL),(271,2341,2,3,NULL,NULL),(272,2342,2,3,NULL,NULL),(273,2343,2,3,NULL,NULL),(274,2344,2,3,NULL,NULL),(275,2345,2,3,NULL,NULL),(276,2346,2,3,NULL,NULL),(277,2347,2,3,NULL,NULL),(278,2348,2,3,NULL,NULL),(279,2349,2,3,NULL,NULL),(280,2350,2,3,NULL,NULL),(281,2351,2,3,NULL,NULL),(282,2352,2,3,NULL,NULL),(283,2353,2,3,NULL,NULL),(284,2354,2,3,NULL,NULL),(285,2355,2,3,NULL,NULL),(286,2356,2,3,NULL,NULL),(287,2357,2,3,NULL,NULL),(288,2358,2,3,NULL,NULL),(289,2359,2,3,NULL,NULL),(290,2360,2,3,NULL,NULL),(291,2361,2,3,NULL,NULL),(292,2362,2,3,NULL,NULL),(293,2363,2,3,NULL,NULL),(294,2364,2,3,NULL,NULL),(295,2365,2,3,NULL,NULL),(296,2366,2,3,NULL,NULL),(297,2367,2,3,NULL,NULL),(298,2368,2,3,NULL,NULL),(299,2369,2,3,NULL,NULL),(300,2370,2,3,NULL,NULL),(301,2371,2,3,NULL,NULL),(302,2372,2,3,NULL,NULL),(303,2373,2,3,NULL,NULL),(304,2374,2,3,NULL,NULL),(305,2375,2,3,NULL,NULL),(306,2376,2,3,NULL,NULL),(307,2377,2,3,NULL,NULL),(308,2378,2,3,NULL,NULL),(309,2379,2,3,NULL,NULL),(310,2380,2,3,NULL,NULL),(311,2381,2,3,NULL,NULL),(312,2382,2,3,NULL,NULL),(313,2383,2,3,NULL,NULL),(314,2384,2,3,NULL,NULL),(315,2385,2,3,NULL,NULL),(316,2386,2,3,NULL,NULL),(317,2387,2,3,NULL,NULL),(318,2388,2,3,NULL,NULL),(319,2389,2,3,NULL,NULL),(320,2390,2,3,NULL,NULL),(321,2391,2,3,NULL,NULL),(322,2392,2,3,NULL,NULL),(323,2393,2,3,NULL,NULL),(324,2394,2,3,NULL,NULL),(325,2395,2,3,NULL,NULL),(326,2396,2,3,NULL,NULL),(327,2397,2,3,NULL,NULL),(328,2398,2,3,NULL,NULL),(329,2399,2,3,NULL,NULL),(330,2400,2,3,NULL,NULL),(331,2401,2,3,NULL,NULL),(332,2402,2,3,NULL,NULL),(333,2403,2,3,NULL,NULL),(334,2404,2,3,NULL,NULL),(335,2405,2,3,NULL,NULL),(336,2406,2,3,NULL,NULL),(337,2407,2,3,NULL,NULL),(338,2408,2,3,NULL,NULL),(339,2409,2,3,NULL,NULL),(340,2410,2,3,NULL,NULL),(341,2411,2,3,NULL,NULL),(342,2412,2,3,NULL,NULL),(343,2413,2,3,NULL,NULL),(344,2414,2,3,NULL,NULL),(345,2415,2,3,NULL,NULL),(346,2416,2,3,NULL,NULL),(347,2417,2,3,NULL,NULL),(348,2418,2,3,NULL,NULL),(349,2419,2,3,NULL,NULL),(350,2420,2,3,NULL,NULL),(351,2421,2,3,NULL,NULL),(352,2422,2,3,NULL,NULL),(353,2423,2,3,NULL,NULL),(354,2424,2,3,NULL,NULL),(355,2425,2,3,NULL,NULL),(356,2426,2,3,NULL,NULL),(357,2427,2,3,NULL,NULL),(358,2428,2,3,NULL,NULL),(359,2429,2,3,NULL,NULL),(360,2430,2,3,NULL,NULL),(361,2431,2,3,NULL,NULL),(362,2432,2,3,NULL,NULL),(363,2433,2,3,NULL,NULL),(364,2434,2,3,NULL,NULL),(365,2435,2,3,NULL,NULL),(366,2436,2,3,NULL,NULL),(367,2437,2,3,NULL,NULL),(368,2438,2,3,NULL,NULL),(369,2439,2,3,NULL,NULL),(370,2440,2,3,NULL,NULL),(371,2441,2,3,NULL,NULL),(372,2442,2,3,NULL,NULL),(373,2443,2,3,NULL,NULL),(374,2444,2,3,NULL,NULL),(375,2445,2,3,NULL,NULL),(376,2446,2,3,NULL,NULL),(377,2447,2,3,NULL,NULL),(378,2448,2,3,NULL,NULL),(379,2449,2,3,NULL,NULL),(380,2450,2,3,NULL,NULL),(381,2451,2,3,NULL,NULL),(382,2452,2,3,NULL,NULL),(383,2453,2,3,NULL,NULL),(384,2454,2,3,NULL,NULL),(385,2455,2,3,NULL,NULL),(386,2456,2,3,NULL,NULL),(387,2457,2,3,NULL,NULL),(388,2458,2,3,NULL,NULL),(389,2459,2,3,NULL,NULL),(390,2460,2,3,NULL,NULL),(391,2461,2,3,NULL,NULL),(392,2462,2,3,NULL,NULL),(393,2463,2,3,NULL,NULL),(394,2464,2,3,NULL,NULL),(395,2465,2,3,NULL,NULL),(396,2466,2,3,NULL,NULL),(397,2467,2,3,NULL,NULL),(398,2468,2,3,NULL,NULL),(399,2469,2,3,NULL,NULL),(400,2470,2,3,NULL,NULL),(401,2471,2,3,NULL,NULL),(402,2472,2,3,NULL,NULL),(403,2473,2,3,NULL,NULL),(404,2474,2,3,NULL,NULL),(405,2475,2,3,NULL,NULL),(406,2476,2,3,NULL,NULL),(407,2477,2,3,NULL,NULL),(408,2478,2,3,NULL,NULL),(409,2479,2,3,NULL,NULL),(410,2480,2,3,NULL,NULL),(411,2481,2,3,NULL,NULL),(412,2482,2,3,NULL,NULL),(413,2483,2,3,NULL,NULL),(414,2484,2,3,NULL,NULL),(415,2485,2,3,NULL,NULL),(416,2486,2,3,NULL,NULL),(417,2487,2,3,NULL,NULL),(418,2488,2,3,NULL,NULL),(419,2489,2,3,NULL,NULL),(420,2490,2,3,NULL,NULL),(421,2491,2,3,NULL,NULL),(422,2492,2,3,NULL,NULL),(423,2493,2,3,NULL,NULL),(424,2494,2,3,NULL,NULL),(425,2495,2,3,NULL,NULL),(426,2496,2,3,NULL,NULL),(427,2497,2,3,NULL,NULL),(428,2498,2,3,NULL,NULL),(429,2499,2,3,NULL,NULL),(430,2500,2,3,NULL,NULL),(431,2501,2,3,NULL,NULL),(432,2502,2,3,NULL,NULL),(433,2503,2,3,NULL,NULL),(434,2504,2,3,NULL,NULL),(435,2505,2,3,NULL,NULL),(436,2506,2,3,NULL,NULL),(437,2507,2,3,NULL,NULL),(438,2508,2,3,NULL,NULL),(439,2509,2,3,NULL,NULL),(440,2510,2,3,NULL,NULL),(441,2511,2,3,NULL,NULL),(442,2512,2,3,NULL,NULL),(443,2513,2,3,NULL,NULL),(444,2514,2,3,NULL,NULL),(445,2515,2,3,NULL,NULL),(446,2516,2,3,NULL,NULL),(447,2517,2,3,NULL,NULL),(448,2518,2,3,NULL,NULL),(449,2519,2,3,NULL,NULL),(450,2520,2,3,NULL,NULL),(451,2521,2,3,NULL,NULL),(452,2522,2,3,NULL,NULL),(453,2523,2,3,NULL,NULL),(454,2524,2,3,NULL,NULL),(455,2525,2,3,NULL,NULL),(456,2526,2,3,NULL,NULL),(457,2527,2,3,NULL,NULL),(458,2528,2,3,NULL,NULL),(459,2529,2,3,NULL,NULL),(460,2530,2,3,NULL,NULL),(461,2531,2,3,NULL,NULL),(462,2532,2,3,NULL,NULL),(463,2533,2,3,NULL,NULL),(464,2534,2,3,NULL,NULL),(465,2535,2,3,NULL,NULL),(466,2536,2,3,NULL,NULL),(467,2537,2,3,NULL,NULL),(468,2538,2,3,NULL,NULL),(469,2539,2,3,NULL,NULL),(470,2540,2,3,NULL,NULL),(471,2541,2,3,NULL,NULL),(472,2542,2,3,NULL,NULL),(473,2543,2,3,NULL,NULL),(474,2544,2,3,NULL,NULL),(475,2545,2,3,NULL,NULL),(476,2546,2,3,NULL,NULL),(477,2547,2,3,NULL,NULL),(478,2548,2,3,NULL,NULL),(479,2549,2,3,NULL,NULL),(480,2550,2,3,NULL,NULL),(481,2551,2,3,NULL,NULL),(482,2552,2,3,NULL,NULL),(483,2553,2,3,NULL,NULL),(484,2554,2,3,NULL,NULL),(485,2555,2,3,NULL,NULL),(486,2556,2,3,NULL,NULL),(487,2557,2,3,NULL,NULL),(488,2558,2,3,NULL,NULL),(489,2559,2,3,NULL,NULL),(490,2560,2,3,NULL,NULL),(491,2561,2,3,NULL,NULL),(492,2562,2,3,NULL,NULL),(493,2563,2,3,NULL,NULL),(494,2564,2,3,NULL,NULL),(495,2565,2,3,NULL,NULL),(496,2566,2,3,NULL,NULL),(497,2567,2,3,NULL,NULL),(498,2568,2,3,NULL,NULL),(499,2569,2,3,NULL,NULL),(500,2570,2,3,NULL,NULL),(501,2571,2,3,NULL,NULL),(502,2572,2,3,NULL,NULL),(503,2573,2,3,NULL,NULL),(504,2574,2,3,NULL,NULL),(505,2575,2,3,NULL,NULL),(506,2576,2,3,NULL,NULL),(507,2577,2,3,NULL,NULL),(508,2578,2,3,NULL,NULL),(509,2579,2,3,NULL,NULL),(510,2580,2,3,NULL,NULL),(511,2581,2,3,NULL,NULL),(512,2582,2,3,NULL,NULL),(513,2583,2,3,NULL,NULL),(514,2584,2,3,NULL,NULL),(515,2585,2,3,NULL,NULL),(516,2586,2,3,NULL,NULL),(517,2587,2,3,NULL,NULL),(518,2588,2,3,NULL,NULL),(519,2589,2,3,NULL,NULL),(520,2590,2,3,NULL,NULL),(521,2591,2,3,NULL,NULL),(522,2592,2,3,NULL,NULL),(523,2593,2,3,NULL,NULL),(524,2594,2,3,NULL,NULL),(525,2595,2,3,NULL,NULL),(526,2596,2,3,NULL,NULL),(527,2597,2,3,NULL,NULL),(528,2598,2,3,NULL,NULL),(529,2599,2,3,NULL,NULL),(530,2600,2,3,NULL,NULL),(531,2601,2,3,NULL,NULL),(532,2602,2,3,NULL,NULL),(533,2603,2,3,NULL,NULL),(534,2604,2,3,NULL,NULL),(535,2605,2,3,NULL,NULL),(536,2606,2,3,NULL,NULL),(537,2607,2,3,NULL,NULL),(538,2608,2,3,NULL,NULL),(539,2609,2,3,NULL,NULL),(540,2610,2,3,NULL,NULL),(541,2611,2,3,NULL,NULL),(542,2612,2,3,NULL,NULL),(543,2613,2,3,NULL,NULL),(544,2614,2,3,NULL,NULL),(545,2615,2,3,NULL,NULL),(546,2616,2,3,NULL,NULL),(547,2617,2,3,NULL,NULL),(548,2618,2,3,NULL,NULL),(549,2619,2,3,NULL,NULL),(550,2620,2,3,NULL,NULL),(551,2621,2,3,NULL,NULL),(552,2622,2,3,NULL,NULL),(553,2623,2,3,NULL,NULL),(554,2624,2,3,NULL,NULL),(555,2625,2,3,NULL,NULL),(556,2626,2,3,NULL,NULL),(557,2627,2,3,NULL,NULL),(558,2628,2,3,NULL,NULL),(559,2629,2,3,NULL,NULL),(560,2630,2,3,NULL,NULL),(561,2631,2,3,NULL,NULL),(562,2632,2,3,NULL,NULL),(563,2633,2,3,NULL,NULL),(564,2634,2,3,NULL,NULL),(565,2635,2,3,NULL,NULL),(566,2636,2,3,NULL,NULL),(567,2637,2,3,NULL,NULL),(568,2638,2,3,NULL,NULL),(569,2639,2,3,NULL,NULL),(570,2640,2,3,NULL,NULL),(571,2641,2,3,NULL,NULL),(572,2642,2,3,NULL,NULL),(573,2643,2,3,NULL,NULL),(574,2644,2,3,NULL,NULL),(575,2645,2,3,NULL,NULL),(576,2646,2,3,NULL,NULL),(577,2647,2,3,NULL,NULL),(578,2648,2,3,NULL,NULL),(579,2649,2,3,NULL,NULL),(580,2650,2,3,NULL,NULL),(581,2651,2,3,NULL,NULL),(582,2652,2,3,NULL,NULL),(583,2653,2,3,NULL,NULL),(584,2654,2,3,NULL,NULL),(585,2655,2,3,NULL,NULL),(586,2656,2,3,NULL,NULL),(587,2657,2,3,NULL,NULL),(588,2658,2,3,NULL,NULL),(589,2659,2,3,NULL,NULL),(590,2660,2,3,NULL,NULL),(591,2661,2,3,NULL,NULL),(592,2662,2,3,NULL,NULL),(593,2663,2,3,NULL,NULL),(594,2664,2,3,NULL,NULL),(595,2665,2,3,NULL,NULL),(596,2666,2,3,NULL,NULL),(597,2667,2,3,NULL,NULL),(598,2668,2,3,NULL,NULL),(599,2669,2,3,NULL,NULL),(600,2670,2,3,NULL,NULL),(601,2671,2,3,NULL,NULL),(602,2672,2,3,NULL,NULL),(603,2673,2,3,NULL,NULL),(604,2674,2,3,NULL,NULL),(605,2675,2,3,NULL,NULL),(606,2676,2,3,NULL,NULL),(607,2677,2,3,NULL,NULL),(608,2678,2,3,NULL,NULL),(609,2679,2,3,NULL,NULL),(610,2680,2,3,NULL,NULL),(611,2681,2,3,NULL,NULL),(612,2682,2,3,NULL,NULL),(613,2683,2,3,NULL,NULL),(614,2684,2,3,NULL,NULL),(615,2685,2,3,NULL,NULL),(616,2686,2,3,NULL,NULL),(617,2687,2,3,NULL,NULL),(618,2688,2,3,NULL,NULL),(619,2689,2,3,NULL,NULL),(620,2690,2,3,NULL,NULL),(621,2691,2,3,NULL,NULL),(622,2692,2,3,NULL,NULL),(623,2693,2,3,NULL,NULL),(624,2694,2,3,NULL,NULL),(625,2695,2,3,NULL,NULL),(626,2696,2,3,NULL,NULL),(627,2697,2,3,NULL,NULL),(628,2698,2,3,NULL,NULL),(629,2699,2,3,NULL,NULL),(630,2700,2,3,NULL,NULL),(631,2701,2,3,NULL,NULL),(632,2702,2,3,NULL,NULL),(633,2703,2,3,NULL,NULL),(634,2704,2,3,NULL,NULL),(635,2705,2,3,NULL,NULL),(636,2706,2,3,NULL,NULL),(637,2707,2,3,NULL,NULL),(638,2708,2,3,NULL,NULL),(639,2709,2,3,NULL,NULL),(640,2710,2,3,NULL,NULL),(641,2711,2,3,NULL,NULL),(642,2712,2,3,NULL,NULL),(643,2713,2,3,NULL,NULL),(644,2714,2,3,NULL,NULL),(645,2715,2,3,NULL,NULL),(646,2716,2,3,NULL,NULL),(647,2717,2,3,NULL,NULL),(648,2718,2,3,NULL,NULL),(649,2719,2,3,NULL,NULL),(650,2720,2,3,NULL,NULL),(651,2721,2,3,NULL,NULL),(652,2722,2,3,NULL,NULL),(653,2723,2,3,NULL,NULL),(654,2724,2,3,NULL,NULL),(655,2725,2,3,NULL,NULL),(656,2726,2,3,NULL,NULL),(657,2727,2,3,NULL,NULL),(658,2728,2,3,NULL,NULL),(659,2729,2,3,NULL,NULL),(660,2730,2,3,NULL,NULL),(661,2731,2,3,NULL,NULL),(662,2732,2,3,NULL,NULL),(663,2733,2,3,NULL,NULL),(664,2734,2,3,NULL,NULL),(665,2735,2,3,NULL,NULL),(666,2736,2,3,NULL,NULL),(667,2737,2,3,NULL,NULL),(668,2738,2,3,NULL,NULL),(669,2739,2,3,NULL,NULL),(670,2740,2,3,NULL,NULL),(671,2741,2,3,NULL,NULL),(672,2742,2,3,NULL,NULL),(673,2743,2,3,NULL,NULL),(674,2744,2,3,NULL,NULL),(675,2745,2,3,NULL,NULL),(676,2746,2,3,NULL,NULL),(677,2747,2,3,NULL,NULL),(678,2748,2,3,NULL,NULL),(679,2749,2,3,NULL,NULL),(680,2750,2,3,NULL,NULL),(681,2751,2,3,NULL,NULL),(682,2752,2,3,NULL,NULL),(683,2753,2,3,NULL,NULL),(684,2754,2,3,NULL,NULL),(685,2755,2,3,NULL,NULL),(686,2756,2,3,NULL,NULL),(687,2757,2,3,NULL,NULL),(688,2758,2,3,NULL,NULL),(689,2759,2,3,NULL,NULL),(690,2760,2,3,NULL,NULL),(691,2761,2,3,NULL,NULL),(692,2762,2,3,NULL,NULL),(693,2763,2,3,NULL,NULL),(694,2764,2,3,NULL,NULL),(695,2765,2,3,NULL,NULL),(696,2766,2,3,NULL,NULL),(697,2767,2,3,NULL,NULL),(698,2768,2,3,NULL,NULL),(699,2769,2,3,NULL,NULL),(700,2770,2,3,NULL,NULL),(701,2771,2,3,NULL,NULL),(702,2772,2,3,NULL,NULL),(703,2773,2,3,NULL,NULL),(704,2774,2,3,NULL,NULL),(705,2775,2,3,NULL,NULL),(706,2776,2,3,NULL,NULL),(707,2777,2,3,NULL,NULL),(708,2778,2,3,NULL,NULL),(709,2779,2,3,NULL,NULL),(710,2780,2,3,NULL,NULL),(711,2781,2,3,NULL,NULL),(712,2782,2,3,NULL,NULL),(713,2783,2,3,NULL,NULL),(714,2784,2,3,NULL,NULL),(715,2785,2,3,NULL,NULL),(716,2786,2,3,NULL,NULL),(717,2787,2,3,NULL,NULL),(718,2788,2,3,NULL,NULL),(719,2789,2,3,NULL,NULL),(720,2790,2,3,NULL,NULL),(721,2791,2,3,NULL,NULL),(722,2792,2,3,NULL,NULL),(723,2793,2,3,NULL,NULL),(724,2794,2,3,NULL,NULL),(725,2795,2,3,NULL,NULL),(726,2796,2,3,NULL,NULL),(727,2797,2,3,NULL,NULL),(728,2798,2,3,NULL,NULL),(729,2799,2,3,NULL,NULL),(730,2800,2,3,NULL,NULL),(731,2801,2,3,NULL,NULL),(732,2802,2,3,NULL,NULL),(733,2803,2,3,NULL,NULL),(734,2804,2,3,NULL,NULL),(735,2805,2,3,NULL,NULL),(736,2806,2,3,NULL,NULL),(737,2807,2,3,NULL,NULL),(738,2808,2,3,NULL,NULL),(739,2809,2,3,NULL,NULL),(740,2810,2,3,NULL,NULL),(741,2811,2,3,NULL,NULL),(742,2812,2,3,NULL,NULL),(743,2813,2,3,NULL,NULL),(744,2814,2,3,NULL,NULL),(745,2815,2,3,NULL,NULL),(746,2816,2,3,NULL,NULL),(747,2817,2,3,NULL,NULL),(748,2818,2,3,NULL,NULL),(749,2819,2,3,NULL,NULL),(750,2820,2,3,NULL,NULL),(751,2821,2,3,NULL,NULL),(752,2822,2,3,NULL,NULL),(753,2823,2,3,NULL,NULL),(754,2824,2,3,NULL,NULL),(755,2825,2,3,NULL,NULL),(756,2826,2,3,NULL,NULL),(757,2827,2,3,NULL,NULL),(758,2828,2,3,NULL,NULL),(759,2829,2,3,NULL,NULL),(760,2830,2,3,NULL,NULL),(761,2831,2,3,NULL,NULL),(762,2832,2,3,NULL,NULL),(763,2833,2,3,NULL,NULL),(764,2834,2,3,NULL,NULL),(765,2835,2,3,NULL,NULL),(766,2836,2,3,NULL,NULL),(767,2837,2,3,NULL,NULL),(768,2838,2,3,NULL,NULL),(769,2839,2,3,NULL,NULL),(770,2840,2,3,NULL,NULL),(771,2841,2,3,NULL,NULL),(772,2842,2,3,NULL,NULL),(773,2843,2,3,NULL,NULL),(774,2844,2,3,NULL,NULL),(775,2845,2,3,NULL,NULL),(776,2846,2,3,NULL,NULL),(777,2847,2,3,NULL,NULL),(778,2848,2,3,NULL,NULL),(779,2849,2,3,NULL,NULL),(780,2850,2,3,NULL,NULL),(781,2851,2,3,NULL,NULL),(782,2852,2,3,NULL,NULL),(783,2853,2,3,NULL,NULL),(784,2854,2,3,NULL,NULL),(785,2855,2,3,NULL,NULL),(786,2856,2,3,NULL,NULL),(787,2857,2,3,NULL,NULL),(788,2858,2,3,NULL,NULL),(789,2859,2,3,NULL,NULL),(790,2860,2,3,NULL,NULL),(791,2861,2,3,NULL,NULL),(792,2862,2,3,NULL,NULL),(793,2863,2,3,NULL,NULL),(794,2864,2,3,NULL,NULL),(795,2865,2,3,NULL,NULL),(796,2866,2,3,NULL,NULL),(797,2867,2,3,NULL,NULL),(798,2868,2,3,NULL,NULL),(799,2869,2,3,NULL,NULL),(800,2870,2,3,NULL,NULL),(801,2871,2,3,NULL,NULL),(802,2872,2,3,NULL,NULL),(803,2873,2,3,NULL,NULL),(804,2874,2,3,NULL,NULL),(805,2875,2,3,NULL,NULL),(806,2876,2,3,NULL,NULL),(807,2877,2,3,NULL,NULL),(808,2878,2,3,NULL,NULL),(809,2879,2,3,NULL,NULL),(810,2880,2,3,NULL,NULL),(811,2881,2,3,NULL,NULL),(812,2882,2,3,NULL,NULL),(813,2883,2,3,NULL,NULL),(814,2884,2,3,NULL,NULL),(815,2885,2,3,NULL,NULL),(816,2886,2,3,NULL,NULL),(817,2887,2,3,NULL,NULL),(818,2888,2,3,NULL,NULL),(819,2889,2,3,NULL,NULL),(820,2890,2,3,NULL,NULL),(821,2891,2,3,NULL,NULL),(822,2892,2,3,NULL,NULL),(823,2893,2,3,NULL,NULL),(824,2894,2,3,NULL,NULL),(825,2895,2,3,NULL,NULL),(826,2896,2,3,NULL,NULL),(827,2897,2,3,NULL,NULL),(828,2898,2,3,NULL,NULL),(829,2899,2,3,NULL,NULL),(830,2900,2,3,NULL,NULL),(831,2901,2,3,NULL,NULL),(832,2902,2,3,NULL,NULL),(833,2903,2,3,NULL,NULL),(834,2904,2,3,NULL,NULL),(835,2905,2,3,NULL,NULL),(836,2906,2,3,NULL,NULL),(837,2907,2,3,NULL,NULL),(838,2908,2,3,NULL,NULL),(839,2909,2,3,NULL,NULL),(840,2910,2,3,NULL,NULL),(841,2911,2,3,NULL,NULL),(842,2912,2,3,NULL,NULL),(843,2913,2,3,NULL,NULL),(844,2914,2,3,NULL,NULL),(845,2915,2,3,NULL,NULL),(846,2916,2,3,NULL,NULL),(847,2917,2,3,NULL,NULL),(848,2918,2,3,NULL,NULL),(849,2919,2,3,NULL,NULL),(850,2920,2,3,NULL,NULL),(851,2921,2,3,NULL,NULL),(852,2922,2,3,NULL,NULL),(853,2923,2,3,NULL,NULL),(854,2924,2,3,NULL,NULL),(855,2925,2,3,NULL,NULL),(856,2926,2,3,NULL,NULL),(857,2927,2,3,NULL,NULL),(858,2928,2,3,NULL,NULL),(859,2929,2,3,NULL,NULL),(860,2930,2,3,NULL,NULL),(861,2931,2,3,NULL,NULL),(862,2932,2,3,NULL,NULL),(863,2933,2,3,NULL,NULL),(864,2934,2,3,NULL,NULL),(865,2935,2,3,NULL,NULL),(866,2936,2,3,NULL,NULL),(867,2937,2,3,NULL,NULL),(868,2938,2,3,NULL,NULL),(869,2939,2,3,NULL,NULL),(870,2940,2,3,NULL,NULL),(871,2941,2,3,NULL,NULL),(872,2942,2,3,NULL,NULL),(873,2943,2,3,NULL,NULL),(874,2944,2,3,NULL,NULL),(875,2945,2,3,NULL,NULL),(876,2946,2,3,NULL,NULL),(877,2947,2,3,NULL,NULL),(878,2948,2,3,NULL,NULL),(879,2949,2,3,NULL,NULL),(880,2950,2,3,NULL,NULL),(881,2951,2,3,NULL,NULL),(882,2952,2,3,NULL,NULL),(883,2953,2,3,NULL,NULL),(884,2954,2,3,NULL,NULL),(885,2955,2,3,NULL,NULL),(886,2956,2,3,NULL,NULL),(887,2957,2,3,NULL,NULL),(888,2958,2,3,NULL,NULL),(889,2959,2,3,NULL,NULL),(890,2960,2,3,NULL,NULL),(891,2961,2,3,NULL,NULL),(892,2962,2,3,NULL,NULL),(893,2963,2,3,NULL,NULL),(894,2964,2,3,NULL,NULL),(895,2965,2,3,NULL,NULL),(896,2966,2,3,NULL,NULL),(897,2967,2,3,NULL,NULL),(898,2968,2,3,NULL,NULL),(899,2969,2,3,NULL,NULL),(900,2970,2,3,NULL,NULL),(901,2971,2,3,NULL,NULL),(902,2972,2,3,NULL,NULL),(903,2973,2,3,NULL,NULL),(904,2974,2,3,NULL,NULL),(905,2975,2,3,NULL,NULL),(906,2976,2,3,NULL,NULL),(907,2977,2,3,NULL,NULL),(908,2978,2,3,NULL,NULL),(909,2979,2,3,NULL,NULL),(910,2980,2,3,NULL,NULL),(911,2981,2,3,NULL,NULL),(912,2982,2,3,NULL,NULL),(913,2983,2,3,NULL,NULL),(914,2984,2,3,NULL,NULL),(915,2985,2,3,NULL,NULL),(916,2986,2,3,NULL,NULL),(917,2987,2,3,NULL,NULL),(918,2988,2,3,NULL,NULL),(919,2989,2,3,NULL,NULL),(920,2990,2,3,NULL,NULL),(921,2991,2,3,NULL,NULL),(922,2992,2,3,NULL,NULL),(923,2993,2,3,NULL,NULL),(924,2994,2,3,NULL,NULL),(925,2995,2,3,NULL,NULL),(926,2996,2,3,NULL,NULL),(927,2997,2,3,NULL,NULL),(928,2998,2,3,NULL,NULL),(929,2999,2,3,NULL,NULL),(930,3000,2,3,NULL,NULL),(931,3001,2,3,NULL,NULL),(932,3002,2,3,NULL,NULL),(933,3003,2,3,NULL,NULL),(934,3004,2,3,NULL,NULL),(935,3005,2,3,NULL,NULL),(936,3006,2,3,NULL,NULL),(937,3007,2,3,NULL,NULL),(938,3008,2,3,NULL,NULL),(939,3009,2,3,NULL,NULL),(940,3010,2,3,NULL,NULL),(941,3011,2,3,NULL,NULL),(942,3012,2,3,NULL,NULL),(943,3013,2,3,NULL,NULL),(944,3014,2,3,NULL,NULL),(945,3015,2,3,NULL,NULL),(946,3016,2,3,NULL,NULL),(947,3017,2,3,NULL,NULL),(948,3018,2,3,NULL,NULL),(949,3019,2,3,NULL,NULL),(950,3020,2,3,NULL,NULL),(951,3021,2,3,NULL,NULL),(952,3022,2,3,NULL,NULL),(953,3023,2,3,NULL,NULL),(954,3024,2,3,NULL,NULL),(955,3025,2,3,NULL,NULL),(956,3026,2,3,NULL,NULL),(957,3027,2,3,NULL,NULL),(958,3028,2,3,NULL,NULL),(959,3029,2,3,NULL,NULL),(960,3030,2,3,NULL,NULL),(961,3031,2,3,NULL,NULL),(962,3032,2,3,NULL,NULL),(963,3033,2,3,NULL,NULL),(964,3034,2,3,NULL,NULL),(965,3035,2,3,NULL,NULL),(966,3036,2,3,NULL,NULL),(967,3037,2,3,NULL,NULL),(968,3038,2,3,NULL,NULL),(969,3039,2,3,NULL,NULL),(970,3040,2,3,NULL,NULL),(971,3041,2,3,NULL,NULL),(972,3042,2,3,NULL,NULL),(973,3043,2,3,NULL,NULL),(974,3044,2,3,NULL,NULL),(975,3045,2,3,NULL,NULL),(976,3046,2,3,NULL,NULL),(977,3047,2,3,NULL,NULL),(978,3048,2,3,NULL,NULL),(979,3049,2,3,NULL,NULL),(980,3050,2,3,NULL,NULL),(981,3051,2,3,NULL,NULL),(982,3052,2,3,NULL,NULL),(983,3053,2,3,NULL,NULL),(984,3054,2,3,NULL,NULL),(985,3055,2,3,NULL,NULL),(986,3056,2,3,NULL,NULL),(987,3057,2,3,NULL,NULL),(988,3058,2,3,NULL,NULL),(989,3059,2,3,NULL,NULL),(990,3060,2,3,NULL,NULL),(991,3061,2,3,NULL,NULL),(992,3062,2,3,NULL,NULL),(993,3063,2,3,NULL,NULL),(994,3064,2,3,NULL,NULL),(995,3065,2,3,NULL,NULL),(996,3066,2,3,NULL,NULL),(997,3067,2,3,NULL,NULL),(998,3068,2,3,NULL,NULL),(999,3069,2,3,NULL,NULL),(1000,3070,2,3,NULL,NULL),(1001,3071,2,3,NULL,NULL),(1002,3072,2,3,NULL,NULL),(1003,3073,2,3,NULL,NULL),(1004,3074,2,3,NULL,NULL),(1005,3075,2,3,NULL,NULL),(1006,3076,2,3,NULL,NULL),(1007,3077,2,3,NULL,NULL),(1008,3078,2,3,NULL,NULL),(1009,3079,2,3,NULL,NULL),(1010,3080,2,3,NULL,NULL),(1011,3081,2,3,NULL,NULL),(1012,3082,2,3,NULL,NULL),(1013,3083,2,3,NULL,NULL),(1014,3084,2,3,NULL,NULL),(1015,3085,2,3,NULL,NULL),(1016,3086,2,3,NULL,NULL),(1017,3087,2,3,NULL,NULL),(1018,3088,2,3,NULL,NULL),(1019,3089,2,3,NULL,NULL),(1020,3090,2,3,NULL,NULL),(1021,3091,2,3,NULL,NULL),(1022,3092,2,3,NULL,NULL),(1023,3093,2,3,NULL,NULL),(1024,3094,2,3,NULL,NULL),(1025,3095,2,3,NULL,NULL),(1026,3096,2,3,NULL,NULL),(1027,3097,2,3,NULL,NULL),(1028,3098,2,3,NULL,NULL),(1029,3099,2,3,NULL,NULL),(1030,3100,2,3,NULL,NULL),(1031,3101,2,3,NULL,NULL),(1032,3102,2,3,NULL,NULL),(1033,3103,2,3,NULL,NULL),(1034,3104,2,3,NULL,NULL),(1035,3105,2,3,NULL,NULL),(1036,3106,2,3,NULL,NULL),(1037,3107,2,3,NULL,NULL),(1038,3108,2,3,NULL,NULL),(1039,3109,2,3,NULL,NULL),(1040,3110,2,3,NULL,NULL),(1041,3111,2,3,NULL,NULL),(1042,3112,2,3,NULL,NULL),(1043,3113,2,3,NULL,NULL),(1044,3114,2,3,NULL,NULL),(1045,3115,2,3,NULL,NULL),(1046,3116,2,3,NULL,NULL),(1047,3117,2,3,NULL,NULL),(1048,3118,2,3,NULL,NULL),(1049,3119,2,3,NULL,NULL),(1050,3120,2,3,NULL,NULL),(1051,3121,2,3,NULL,NULL),(1052,3122,2,3,NULL,NULL),(1053,3123,2,3,NULL,NULL),(1054,3124,2,3,NULL,NULL),(1055,3125,2,3,NULL,NULL),(1056,3126,2,3,NULL,NULL),(1057,3127,2,3,NULL,NULL),(1058,3128,2,3,NULL,NULL),(1059,3129,2,3,NULL,NULL),(1060,3130,2,3,NULL,NULL),(1061,3131,2,3,NULL,NULL),(1062,3132,2,3,NULL,NULL),(1063,3133,2,3,NULL,NULL),(1064,3134,2,3,NULL,NULL),(1065,3135,2,3,NULL,NULL),(1066,3136,2,3,NULL,NULL),(1067,3137,2,3,NULL,NULL),(1068,3138,2,3,NULL,NULL),(1069,3139,2,3,NULL,NULL),(1070,3140,2,3,NULL,NULL),(1071,3141,2,3,NULL,NULL),(1072,3142,2,3,NULL,NULL),(1073,3143,2,3,NULL,NULL),(1074,3144,2,3,NULL,NULL),(1075,3145,2,3,NULL,NULL),(1076,3146,2,3,NULL,NULL),(1077,3147,2,3,NULL,NULL),(1078,3148,2,3,NULL,NULL),(1079,3149,2,3,NULL,NULL),(1080,3150,2,3,NULL,NULL),(1081,3151,2,3,NULL,NULL),(1082,3152,2,3,NULL,NULL),(1083,3153,2,3,NULL,NULL),(1084,3154,2,3,NULL,NULL),(1085,3155,2,3,NULL,NULL),(1086,3156,2,3,NULL,NULL),(1087,3157,2,3,NULL,NULL),(1088,3158,2,3,NULL,NULL),(1089,3159,2,3,NULL,NULL),(1090,3160,2,3,NULL,NULL),(1091,3161,2,3,NULL,NULL),(1092,3162,2,3,NULL,NULL),(1093,3163,2,3,NULL,NULL),(1094,3164,2,3,NULL,NULL),(1095,3165,2,3,NULL,NULL),(1096,3166,2,3,NULL,NULL),(1097,3167,2,3,NULL,NULL),(1098,3168,2,3,NULL,NULL),(1099,3169,2,3,NULL,NULL),(1100,3170,2,3,NULL,NULL),(1101,3171,2,3,NULL,NULL),(1102,3172,2,3,NULL,NULL),(1103,3173,2,3,NULL,NULL),(1104,3174,2,3,NULL,NULL),(1105,3175,2,3,NULL,NULL),(1106,3176,2,3,NULL,NULL),(1107,3177,2,3,NULL,NULL),(1108,3178,2,3,NULL,NULL),(1109,3179,2,3,NULL,NULL),(1110,3180,2,3,NULL,NULL),(1111,3181,2,3,NULL,NULL),(1112,3182,2,3,NULL,NULL),(1113,3183,2,3,NULL,NULL),(1114,3184,2,3,NULL,NULL),(1115,3185,2,3,NULL,NULL),(1116,3186,2,3,NULL,NULL),(1117,3187,2,3,NULL,NULL),(1118,3188,2,3,NULL,NULL),(1119,3189,2,3,NULL,NULL),(1120,3190,2,3,NULL,NULL),(1121,3191,2,3,NULL,NULL),(1122,3192,2,3,NULL,NULL),(1123,3193,2,3,NULL,NULL),(1124,3194,2,3,NULL,NULL),(1125,3195,2,3,NULL,NULL),(1126,3196,2,3,NULL,NULL),(1127,3197,2,3,NULL,NULL),(1128,3198,2,3,NULL,NULL),(1129,3199,2,3,NULL,NULL),(1130,3200,2,3,NULL,NULL),(1131,3201,2,3,NULL,NULL),(1132,3202,2,3,NULL,NULL),(1133,3203,2,3,NULL,NULL),(1134,3204,2,3,NULL,NULL),(1135,3205,2,3,NULL,NULL),(1136,3206,2,3,NULL,NULL),(1137,3207,2,3,NULL,NULL),(1138,3208,2,3,NULL,NULL),(1139,3209,2,3,NULL,NULL),(1140,3210,2,3,NULL,NULL),(1141,3211,2,3,NULL,NULL),(1142,3212,2,3,NULL,NULL),(1143,3213,2,3,NULL,NULL),(1144,3214,2,3,NULL,NULL),(1145,3215,2,3,NULL,NULL),(1146,3216,2,3,NULL,NULL),(1147,3217,2,3,NULL,NULL),(1148,3218,2,3,NULL,NULL),(1149,3219,2,3,NULL,NULL),(1150,3220,2,3,NULL,NULL),(1151,3221,2,3,NULL,NULL),(1152,3222,2,3,NULL,NULL),(1153,3223,2,3,NULL,NULL),(1154,3224,2,3,NULL,NULL),(1155,3225,2,3,NULL,NULL),(1156,3226,2,3,NULL,NULL),(1157,3227,2,3,NULL,NULL),(1158,3228,2,3,NULL,NULL),(1159,3229,2,3,NULL,NULL),(1160,3230,2,3,NULL,NULL),(1161,3231,2,3,NULL,NULL),(1162,3232,2,3,NULL,NULL),(1163,3233,2,3,NULL,NULL),(1164,3234,2,3,NULL,NULL),(1165,3235,2,3,NULL,NULL),(1166,3236,2,3,NULL,NULL),(1167,3237,2,3,NULL,NULL),(1168,3238,2,3,NULL,NULL),(1169,3239,2,3,NULL,NULL),(1170,3240,2,3,NULL,NULL),(1171,3241,2,3,NULL,NULL),(1172,3242,2,3,NULL,NULL),(1173,3243,2,3,NULL,NULL),(1174,3244,2,3,NULL,NULL),(1175,3245,2,3,NULL,NULL),(1176,3246,2,3,NULL,NULL),(1177,3247,2,3,NULL,NULL),(1178,3248,2,3,NULL,NULL),(1179,3249,2,3,NULL,NULL),(1180,3250,2,3,NULL,NULL),(1181,3251,2,3,NULL,NULL),(1182,3252,2,3,NULL,NULL),(1183,3253,2,3,NULL,NULL),(1184,3254,2,3,NULL,NULL),(1185,3255,2,3,NULL,NULL),(1186,3256,2,3,NULL,NULL),(1187,3257,2,3,NULL,NULL),(1188,3258,2,3,NULL,NULL),(1189,3259,2,3,NULL,NULL),(1190,3260,2,3,NULL,NULL),(1191,3261,2,3,NULL,NULL),(1192,3262,2,3,NULL,NULL),(1193,3263,2,3,NULL,NULL),(1194,3264,2,3,NULL,NULL),(1195,3265,2,3,NULL,NULL),(1196,3266,2,3,NULL,NULL),(1197,3267,2,3,NULL,NULL),(1198,3268,2,3,NULL,NULL),(1199,3269,2,3,NULL,NULL),(1200,3270,2,3,NULL,NULL),(1201,3271,2,3,NULL,NULL),(1202,3272,2,3,NULL,NULL),(1203,3273,2,3,NULL,NULL),(1204,3274,2,3,NULL,NULL),(1205,3275,2,3,NULL,NULL),(1206,3276,2,3,NULL,NULL),(1207,3277,2,3,NULL,NULL),(1208,3278,2,3,NULL,NULL),(1209,3279,2,3,NULL,NULL),(1210,3280,2,3,NULL,NULL),(1211,3281,2,3,NULL,NULL),(1212,3282,2,3,NULL,NULL),(1213,3283,2,3,NULL,NULL),(1214,3284,2,3,NULL,NULL),(1215,3285,2,3,NULL,NULL),(1216,3286,2,3,NULL,NULL),(1217,3287,2,3,NULL,NULL),(1218,3288,2,3,NULL,NULL),(1219,3289,2,3,NULL,NULL),(1220,3290,2,3,NULL,NULL),(1221,3291,2,3,NULL,NULL),(1222,3292,2,3,NULL,NULL),(1223,3293,2,3,NULL,NULL),(1224,3294,2,3,NULL,NULL),(1225,3295,2,3,NULL,NULL),(1226,3296,2,3,NULL,NULL),(1227,3297,2,3,NULL,NULL),(1228,3298,2,3,NULL,NULL),(1229,3299,2,3,NULL,NULL),(1230,3300,2,3,NULL,NULL),(1231,3301,2,3,NULL,NULL),(1232,3302,2,3,NULL,NULL),(1233,3303,2,3,NULL,NULL),(1234,3304,2,3,NULL,NULL),(1235,3305,2,3,NULL,NULL),(1236,3306,2,3,NULL,NULL),(1237,3307,2,3,NULL,NULL),(1238,3308,2,3,NULL,NULL),(1239,3309,2,3,NULL,NULL),(1240,3310,2,3,NULL,NULL),(1241,3311,2,3,NULL,NULL),(1242,3312,2,3,NULL,NULL),(1243,3313,2,3,NULL,NULL),(1244,3314,2,3,NULL,NULL),(1245,3315,2,3,NULL,NULL),(1246,3316,2,3,NULL,NULL),(1247,3317,2,3,NULL,NULL),(1248,3318,2,3,NULL,NULL),(1249,3319,2,3,NULL,NULL),(1250,3320,2,3,NULL,NULL),(1251,3321,2,3,NULL,NULL),(1252,3322,2,3,NULL,NULL),(1253,3323,2,3,NULL,NULL),(1254,3324,2,3,NULL,NULL),(1255,3325,2,3,NULL,NULL),(1256,3326,2,3,NULL,NULL),(1257,3327,2,3,NULL,NULL),(1258,3328,2,3,NULL,NULL),(1259,3329,2,3,NULL,NULL),(1260,3330,2,3,NULL,NULL),(1261,3331,2,3,NULL,NULL),(1262,3332,2,3,NULL,NULL),(1263,3333,2,3,NULL,NULL),(1264,3334,2,3,NULL,NULL),(1265,3335,2,3,NULL,NULL),(1266,3336,2,3,NULL,NULL),(1267,3337,2,3,NULL,NULL),(1268,3338,2,3,NULL,NULL),(1269,3339,2,3,NULL,NULL),(1270,3340,2,3,NULL,NULL),(1271,3341,2,3,NULL,NULL),(1272,3342,2,3,NULL,NULL),(1273,3343,2,3,NULL,NULL),(1274,3344,2,3,NULL,NULL),(1275,3345,2,3,NULL,NULL),(1276,3346,2,3,NULL,NULL),(1277,3347,2,3,NULL,NULL),(1278,3348,2,3,NULL,NULL),(1279,3349,2,3,NULL,NULL),(1280,3350,2,3,NULL,NULL),(1281,3351,2,3,NULL,NULL),(1282,3352,2,3,NULL,NULL),(1283,3353,2,3,NULL,NULL),(1284,3354,2,3,NULL,NULL),(1285,3355,2,3,NULL,NULL),(1286,3356,2,3,NULL,NULL),(1287,3357,2,3,NULL,NULL),(1288,3358,2,3,NULL,NULL),(1289,3359,2,3,NULL,NULL),(1290,3360,2,3,NULL,NULL),(1291,3361,2,3,NULL,NULL),(1292,3362,2,3,NULL,NULL),(1293,3363,2,3,NULL,NULL),(1294,3364,2,3,NULL,NULL),(1295,3365,2,3,NULL,NULL),(1296,3366,2,3,NULL,NULL),(1297,3367,2,3,NULL,NULL),(1298,3368,2,3,NULL,NULL),(1299,3369,2,3,NULL,NULL),(1300,3370,2,3,NULL,NULL),(1301,3371,2,3,NULL,NULL),(1302,3372,2,3,NULL,NULL),(1303,3373,2,3,NULL,NULL),(1304,3374,2,3,NULL,NULL),(1305,3375,2,3,NULL,NULL),(1306,3376,2,3,NULL,NULL),(1307,3377,2,3,NULL,NULL),(1308,3378,2,3,NULL,NULL),(1309,3379,2,3,NULL,NULL),(1310,3380,2,3,NULL,NULL),(1311,3381,2,3,NULL,NULL),(1312,3382,2,3,NULL,NULL),(1313,3383,2,3,NULL,NULL),(1314,3384,2,3,NULL,NULL),(1315,3385,2,3,NULL,NULL),(1316,3386,2,3,NULL,NULL),(1317,3387,2,3,NULL,NULL),(1318,3388,2,3,NULL,NULL),(1319,3389,2,3,NULL,NULL),(1320,3390,2,3,NULL,NULL),(1321,3391,2,3,NULL,NULL),(1322,3392,2,3,NULL,NULL),(1323,3393,2,3,NULL,NULL),(1324,3394,2,3,NULL,NULL),(1325,3395,2,3,NULL,NULL),(1326,3396,2,3,NULL,NULL),(1327,3397,2,3,NULL,NULL),(1328,3398,2,3,NULL,NULL),(1329,3399,2,3,NULL,NULL),(1330,3400,2,3,NULL,NULL),(1331,3401,2,3,NULL,NULL),(1332,3402,2,3,NULL,NULL),(1333,3403,2,3,NULL,NULL),(1334,3404,2,3,NULL,NULL),(1335,3405,2,3,NULL,NULL),(1336,3406,2,3,NULL,NULL),(1337,3407,2,3,NULL,NULL),(1338,3408,2,3,NULL,NULL),(1339,3409,2,3,NULL,NULL),(1340,3410,2,3,NULL,NULL),(1341,3411,2,3,NULL,NULL),(1342,3412,2,3,NULL,NULL),(1343,3413,2,3,NULL,NULL),(1344,3414,2,3,NULL,NULL),(1345,3415,2,3,NULL,NULL),(1346,3416,2,3,NULL,NULL),(1347,3417,2,3,NULL,NULL),(1348,3418,2,3,NULL,NULL),(1349,3419,2,3,NULL,NULL),(1350,3420,2,3,NULL,NULL),(1351,3421,2,3,NULL,NULL),(1352,3422,2,3,NULL,NULL),(1353,3423,2,3,NULL,NULL),(1354,3424,2,3,NULL,NULL),(1355,3425,2,3,NULL,NULL),(1356,3426,2,3,NULL,NULL),(1357,3427,2,3,NULL,NULL),(1358,3428,2,3,NULL,NULL),(1359,3429,2,3,NULL,NULL),(1360,3430,2,3,NULL,NULL),(1361,3431,2,3,NULL,NULL),(1362,3432,2,3,NULL,NULL),(1363,3433,2,3,NULL,NULL),(1364,3434,2,3,NULL,NULL),(1365,3435,2,3,NULL,NULL),(1366,3436,2,3,NULL,NULL),(1367,3437,2,3,NULL,NULL),(1368,3438,2,3,NULL,NULL),(1369,3439,2,3,NULL,NULL),(1370,3440,2,3,NULL,NULL),(1371,3441,2,3,NULL,NULL),(1372,3442,2,3,NULL,NULL),(1373,3443,2,3,NULL,NULL),(1374,3444,2,3,NULL,NULL),(1375,3445,2,3,NULL,NULL),(1376,3446,2,3,NULL,NULL),(1377,3447,2,3,NULL,NULL),(1378,3448,2,3,NULL,NULL),(1379,3449,2,3,NULL,NULL),(1380,3450,2,3,NULL,NULL),(1381,3451,2,3,NULL,NULL),(1382,3452,2,3,NULL,NULL),(1383,3453,2,3,NULL,NULL),(1384,3454,2,3,NULL,NULL),(1385,3455,2,3,NULL,NULL),(1386,3456,2,3,NULL,NULL),(1387,3457,2,3,NULL,NULL),(1388,3458,2,3,NULL,NULL),(1389,3459,2,3,NULL,NULL),(1390,3460,2,3,NULL,NULL),(1391,3461,2,3,NULL,NULL),(1392,3462,2,3,NULL,NULL),(1393,3463,2,3,NULL,NULL),(1394,3464,2,3,NULL,NULL),(1395,3465,2,3,NULL,NULL),(1396,3466,2,3,NULL,NULL),(1397,3467,2,3,NULL,NULL),(1398,3468,2,3,NULL,NULL),(1399,3469,2,3,NULL,NULL),(1400,3470,2,3,NULL,NULL),(1401,3471,2,3,NULL,NULL),(1402,3472,2,3,NULL,NULL),(1403,3473,2,3,NULL,NULL),(1404,3474,2,3,NULL,NULL),(1405,3475,2,3,NULL,NULL),(1406,3476,2,3,NULL,NULL),(1407,3477,2,3,NULL,NULL),(1408,3478,2,3,NULL,NULL),(1409,3479,2,3,NULL,NULL),(1410,3480,2,3,NULL,NULL),(1411,3481,2,3,NULL,NULL),(1412,3482,2,3,NULL,NULL),(1413,3483,2,3,NULL,NULL),(1414,3484,2,3,NULL,NULL),(1415,3485,2,3,NULL,NULL),(1416,3486,2,3,NULL,NULL),(1417,3487,2,3,NULL,NULL),(1418,3488,2,3,NULL,NULL),(1419,3489,2,3,NULL,NULL),(1420,3490,2,3,NULL,NULL),(1421,3491,2,3,NULL,NULL),(1422,3492,2,3,NULL,NULL),(1423,3493,2,3,NULL,NULL),(1424,3494,2,3,NULL,NULL),(1425,3495,2,3,NULL,NULL),(1426,3496,2,3,NULL,NULL),(1427,3497,2,3,NULL,NULL),(1428,3498,2,3,NULL,NULL),(1429,3499,2,3,NULL,NULL),(1430,3500,2,3,NULL,NULL),(1431,3501,2,3,NULL,NULL),(1432,3502,2,3,NULL,NULL),(1433,3503,2,3,NULL,NULL),(1434,3504,2,3,NULL,NULL),(1435,3505,2,3,NULL,NULL),(1436,3506,2,3,NULL,NULL),(1437,3507,2,3,NULL,NULL),(1438,3508,2,3,NULL,NULL),(1439,3509,2,3,NULL,NULL),(1440,3510,2,3,NULL,NULL),(1441,3511,2,3,NULL,NULL),(1442,3512,2,3,NULL,NULL),(1443,3513,2,3,NULL,NULL),(1444,3514,2,3,NULL,NULL),(1445,3515,2,3,NULL,NULL),(1446,3516,2,3,NULL,NULL),(1447,3517,2,3,NULL,NULL),(1448,3518,2,3,NULL,NULL),(1449,3519,2,3,NULL,NULL),(1450,3520,2,3,NULL,NULL),(1451,3521,2,3,NULL,NULL),(1452,3522,2,3,NULL,NULL),(1453,3523,2,3,NULL,NULL),(1454,3524,2,3,NULL,NULL),(1455,3525,2,3,NULL,NULL),(1456,3526,2,3,NULL,NULL),(1457,3527,2,3,NULL,NULL),(1458,3528,2,3,NULL,NULL),(1459,3529,2,3,NULL,NULL),(1460,3530,2,3,NULL,NULL),(1461,3531,2,3,NULL,NULL),(1462,3532,2,3,NULL,NULL),(1463,3533,2,3,NULL,NULL),(1464,3534,2,3,NULL,NULL),(1465,3535,2,3,NULL,NULL),(1466,3536,2,3,NULL,NULL),(1467,3537,2,3,NULL,NULL),(1468,3538,2,3,NULL,NULL),(1469,3539,2,3,NULL,NULL),(1470,3540,2,3,NULL,NULL),(1471,3541,2,3,NULL,NULL),(1472,3542,2,3,NULL,NULL),(1473,3543,2,3,NULL,NULL),(1474,3544,2,3,NULL,NULL),(1475,3545,2,3,NULL,NULL),(1476,3546,2,3,NULL,NULL),(1477,3547,2,3,NULL,NULL),(1478,3548,2,3,NULL,NULL),(1479,3549,2,3,NULL,NULL),(1480,3550,2,3,NULL,NULL),(1481,3551,2,3,NULL,NULL),(1482,3552,2,3,NULL,NULL),(1483,3553,2,3,NULL,NULL),(1484,3554,2,3,NULL,NULL),(1485,3555,2,3,NULL,NULL),(1486,3556,2,3,NULL,NULL),(1487,3557,2,3,NULL,NULL),(1488,3558,2,3,NULL,NULL),(1489,3559,2,3,NULL,NULL),(1490,3560,2,3,NULL,NULL),(1491,3561,2,3,NULL,NULL),(1492,3562,2,3,NULL,NULL),(1493,3563,2,3,NULL,NULL),(1494,3564,2,3,NULL,NULL),(1495,3565,2,3,NULL,NULL),(1496,3566,2,3,NULL,NULL),(1497,3567,2,3,NULL,NULL),(1498,3568,2,3,NULL,NULL),(1499,3569,2,3,NULL,NULL),(1500,3570,2,3,NULL,NULL),(1501,3571,2,3,NULL,NULL),(1502,3572,2,3,NULL,NULL),(1503,3573,2,3,NULL,NULL),(1504,3574,2,3,NULL,NULL),(1505,3575,2,3,NULL,NULL),(1506,3576,2,3,NULL,NULL),(1507,3577,2,3,NULL,NULL),(1508,3578,2,3,NULL,NULL),(1509,3579,2,3,NULL,NULL),(1510,3580,2,3,NULL,NULL),(1511,3581,2,3,NULL,NULL),(1512,3582,2,3,NULL,NULL),(1513,3583,2,3,NULL,NULL),(1514,3584,2,3,NULL,NULL),(1515,3585,2,3,NULL,NULL),(1516,3586,2,3,NULL,NULL),(1517,3587,2,3,NULL,NULL),(1518,3588,2,3,NULL,NULL),(1519,3589,2,3,NULL,NULL),(1520,3590,2,3,NULL,NULL),(1521,3591,2,3,NULL,NULL),(1522,3592,2,3,NULL,NULL),(1523,3593,2,3,NULL,NULL),(1524,3594,2,3,NULL,NULL),(1525,3595,2,3,NULL,NULL),(1526,3596,2,3,NULL,NULL),(1527,3597,2,3,NULL,NULL),(1528,3598,2,3,NULL,NULL),(1529,3599,2,3,NULL,NULL),(1530,3600,2,3,NULL,NULL),(1531,3601,2,3,NULL,NULL),(1532,3602,2,3,NULL,NULL),(1533,3603,2,3,NULL,NULL),(1534,3604,2,3,NULL,NULL),(1535,3605,2,3,NULL,NULL),(1536,3606,2,3,NULL,NULL),(1537,3607,2,3,NULL,NULL),(1538,3608,2,3,NULL,NULL),(1539,3609,2,3,NULL,NULL),(1540,3610,2,3,NULL,NULL),(1541,3611,2,3,NULL,NULL),(1542,3612,2,3,NULL,NULL),(1543,3613,2,3,NULL,NULL),(1544,3614,2,3,NULL,NULL),(1545,3615,2,3,NULL,NULL),(1546,3616,2,3,NULL,NULL),(1547,3617,2,3,NULL,NULL),(1548,3618,2,3,NULL,NULL),(1549,3619,2,3,NULL,NULL),(1550,3620,2,3,NULL,NULL),(1551,3621,2,3,NULL,NULL),(1552,3622,2,3,NULL,NULL),(1553,3623,2,3,NULL,NULL),(1554,3624,2,3,NULL,NULL),(1555,3625,2,3,NULL,NULL),(1556,3626,2,3,NULL,NULL),(1557,3627,2,3,NULL,NULL),(1558,3628,2,3,NULL,NULL),(1559,3629,2,3,NULL,NULL),(1560,3630,2,3,NULL,NULL),(1561,3631,2,3,NULL,NULL),(1562,3632,2,3,NULL,NULL),(1563,3633,2,3,NULL,NULL),(1564,3634,2,3,NULL,NULL),(1565,3635,2,3,NULL,NULL),(1566,3636,2,3,NULL,NULL),(1567,3637,2,3,NULL,NULL),(1568,3638,2,3,NULL,NULL),(1569,3639,2,3,NULL,NULL),(1570,3640,2,3,NULL,NULL),(1571,3641,2,3,NULL,NULL),(1572,3642,2,3,NULL,NULL),(1573,3643,2,3,NULL,NULL),(1574,3644,2,3,NULL,NULL),(1575,3645,2,3,NULL,NULL),(1576,3646,2,3,NULL,NULL),(1577,3647,2,3,NULL,NULL),(1578,3648,2,3,NULL,NULL),(1579,3649,2,3,NULL,NULL),(1580,3650,2,3,NULL,NULL),(1581,3651,2,3,NULL,NULL),(1582,3652,2,3,NULL,NULL),(1583,3653,2,3,NULL,NULL),(1584,3654,2,3,NULL,NULL),(1585,3655,2,3,NULL,NULL),(1586,3656,2,3,NULL,NULL),(1587,3657,2,3,NULL,NULL),(1588,3658,2,3,NULL,NULL),(1589,3659,2,3,NULL,NULL),(1590,3660,2,3,NULL,NULL),(1591,3661,2,3,NULL,NULL),(1592,3662,2,3,NULL,NULL),(1593,3663,2,3,NULL,NULL),(1594,3664,2,3,NULL,NULL),(1595,3665,2,3,NULL,NULL),(1596,3666,2,3,NULL,NULL),(1597,3667,2,3,NULL,NULL),(1598,3668,2,3,NULL,NULL),(1599,3669,2,3,NULL,NULL),(1600,3670,2,3,NULL,NULL),(1601,3671,2,3,NULL,NULL),(1602,3672,2,3,NULL,NULL),(1603,3673,2,3,NULL,NULL),(1604,3674,2,3,NULL,NULL),(1605,3675,2,3,NULL,NULL),(1606,3676,2,3,NULL,NULL),(1607,3677,2,3,NULL,NULL),(1608,3678,2,3,NULL,NULL),(1609,3679,2,3,NULL,NULL),(1610,3680,2,3,NULL,NULL),(1611,3681,2,3,NULL,NULL),(1612,3682,2,3,NULL,NULL),(1613,3683,2,3,NULL,NULL),(1614,3684,2,3,NULL,NULL),(1615,3685,2,3,NULL,NULL),(1616,3686,2,3,NULL,NULL),(1617,3687,2,3,NULL,NULL),(1618,3688,2,3,NULL,NULL),(1619,3689,2,3,NULL,NULL),(1620,3690,2,3,NULL,NULL),(1621,3691,2,3,NULL,NULL),(1622,3692,2,3,NULL,NULL),(1623,3693,2,3,NULL,NULL),(1624,3694,2,3,NULL,NULL),(1625,3695,2,3,NULL,NULL),(1626,3696,2,3,NULL,NULL),(1627,3697,2,3,NULL,NULL),(1628,3698,2,3,NULL,NULL),(1629,3699,2,3,NULL,NULL),(1630,3700,2,3,NULL,NULL),(1631,3701,2,3,NULL,NULL),(1632,3702,2,3,NULL,NULL),(1633,3703,2,3,NULL,NULL),(1634,3704,2,3,NULL,NULL),(1635,3705,2,3,NULL,NULL),(1636,3706,2,3,NULL,NULL),(1637,3707,2,3,NULL,NULL),(1638,3708,2,3,NULL,NULL),(1639,3709,2,3,NULL,NULL),(1640,3710,2,3,NULL,NULL),(1641,3711,2,3,NULL,NULL),(1642,3712,2,3,NULL,NULL),(1643,3713,2,3,NULL,NULL),(1644,3714,2,3,NULL,NULL),(1645,3715,2,3,NULL,NULL),(1646,3716,2,3,NULL,NULL),(1647,3717,2,3,NULL,NULL),(1648,3718,2,3,NULL,NULL),(1649,3719,2,3,NULL,NULL),(1650,3720,2,3,NULL,NULL),(1651,3721,2,3,NULL,NULL),(1652,3722,2,3,NULL,NULL),(1653,3723,2,3,NULL,NULL),(1654,3724,2,3,NULL,NULL),(1655,3725,2,3,NULL,NULL),(1656,3726,2,3,NULL,NULL),(1657,3727,2,3,NULL,NULL),(1658,3728,2,3,NULL,NULL),(1659,3729,2,3,NULL,NULL),(1660,3730,2,3,NULL,NULL),(1661,3731,2,3,NULL,NULL),(1662,3732,2,3,NULL,NULL),(1663,3733,2,3,NULL,NULL),(1664,3734,2,3,NULL,NULL),(1665,3735,2,3,NULL,NULL),(1666,3736,2,3,NULL,NULL),(1667,3737,2,3,NULL,NULL),(1668,3738,2,3,NULL,NULL),(1669,3739,2,3,NULL,NULL),(1670,3740,2,3,NULL,NULL),(1671,3741,2,3,NULL,NULL),(1672,3742,2,3,NULL,NULL),(1673,3743,2,3,NULL,NULL),(1674,3744,2,3,NULL,NULL),(1675,3745,2,3,NULL,NULL),(1676,3746,2,3,NULL,NULL),(1677,3747,2,3,NULL,NULL),(1678,3748,2,3,NULL,NULL),(1679,3749,2,3,NULL,NULL),(1680,3750,2,3,NULL,NULL),(1681,3751,2,3,NULL,NULL),(1682,3752,2,3,NULL,NULL),(1683,3753,2,3,NULL,NULL),(1684,3754,2,3,NULL,NULL),(1685,3755,2,3,NULL,NULL),(1686,3756,2,3,NULL,NULL),(1687,3757,2,3,NULL,NULL),(1688,3758,2,3,NULL,NULL),(1689,3759,2,3,NULL,NULL),(1690,3760,2,3,NULL,NULL),(1691,3761,2,3,NULL,NULL),(1692,3762,2,3,NULL,NULL),(1693,3763,2,3,NULL,NULL),(1694,3764,2,3,NULL,NULL),(1695,3765,2,3,NULL,NULL),(1696,3766,2,3,NULL,NULL),(1697,3767,2,3,NULL,NULL),(1698,3768,2,3,NULL,NULL),(1699,3769,2,3,NULL,NULL),(1700,3770,2,3,NULL,NULL),(1701,3771,2,3,NULL,NULL),(1702,3772,2,3,NULL,NULL),(1703,3773,2,3,NULL,NULL),(1704,3774,2,3,NULL,NULL),(1705,3775,2,3,NULL,NULL),(1706,3776,2,3,NULL,NULL),(1707,3777,2,3,NULL,NULL),(1708,3778,2,3,NULL,NULL),(1709,3779,2,3,NULL,NULL),(1710,3780,2,3,NULL,NULL),(1711,3781,2,3,NULL,NULL),(1712,3782,2,3,NULL,NULL),(1713,3783,2,3,NULL,NULL),(1714,3784,2,3,NULL,NULL),(1715,3785,2,3,NULL,NULL),(1716,3786,2,3,NULL,NULL),(1717,3787,2,3,NULL,NULL),(1718,3788,2,3,NULL,NULL),(1719,3789,2,3,NULL,NULL),(1720,3790,2,3,NULL,NULL),(1721,3791,2,3,NULL,NULL),(1722,3792,2,3,NULL,NULL),(1723,3793,2,3,NULL,NULL),(1724,3794,2,3,NULL,NULL),(1725,3795,2,3,NULL,NULL),(1726,3796,2,3,NULL,NULL),(1727,3797,2,3,NULL,NULL),(1728,3798,2,3,NULL,NULL),(1729,3799,2,3,NULL,NULL),(1730,3800,2,3,NULL,NULL),(1731,3801,2,3,NULL,NULL),(1732,3802,2,3,NULL,NULL),(1733,3803,2,3,NULL,NULL),(1734,3804,2,3,NULL,NULL),(1735,3805,2,3,NULL,NULL),(1736,3806,2,3,NULL,NULL),(1737,3807,2,3,NULL,NULL),(1738,3808,2,3,NULL,NULL),(1739,3809,2,3,NULL,NULL),(1740,3810,2,3,NULL,NULL),(1741,3811,2,3,NULL,NULL),(1742,3812,2,3,NULL,NULL),(1743,3813,2,3,NULL,NULL),(1744,3814,2,3,NULL,NULL),(1745,3815,2,3,NULL,NULL),(1746,3816,2,3,NULL,NULL),(1747,3817,2,3,NULL,NULL),(1748,3818,2,3,NULL,NULL),(1749,3819,2,3,NULL,NULL),(1750,3820,2,3,NULL,NULL),(1751,3821,2,3,NULL,NULL),(1752,3822,2,3,NULL,NULL),(1753,3823,2,3,NULL,NULL),(1754,3824,2,3,NULL,NULL),(1755,3825,2,3,NULL,NULL),(1756,3826,2,3,NULL,NULL),(1757,3827,2,3,NULL,NULL),(1758,3828,2,3,NULL,NULL),(1759,3829,2,3,NULL,NULL),(1760,3830,2,3,NULL,NULL),(1761,3831,2,3,NULL,NULL),(1762,3832,2,3,NULL,NULL),(1763,3833,2,3,NULL,NULL),(1764,3834,2,3,NULL,NULL),(1765,3835,2,3,NULL,NULL),(1766,3836,2,3,NULL,NULL),(1767,3837,2,3,NULL,NULL),(1768,3838,2,3,NULL,NULL),(1769,3839,2,3,NULL,NULL),(1770,3840,2,3,NULL,NULL),(1771,3841,2,3,NULL,NULL),(1772,3842,2,3,NULL,NULL),(1773,3843,2,3,NULL,NULL),(1774,3844,2,3,NULL,NULL),(1775,3845,2,3,NULL,NULL),(1776,3846,2,3,NULL,NULL),(1777,3847,2,3,NULL,NULL),(1778,3848,2,3,NULL,NULL),(1779,3849,2,3,NULL,NULL),(1780,3850,2,3,NULL,NULL),(1781,3851,2,3,NULL,NULL),(1782,3852,2,3,NULL,NULL),(1783,3853,2,3,NULL,NULL),(1784,3854,2,3,NULL,NULL),(1785,3855,2,3,NULL,NULL),(1786,3856,2,3,NULL,NULL),(1787,3857,2,3,NULL,NULL),(1788,3858,2,3,NULL,NULL),(1789,3859,2,3,NULL,NULL),(1790,3860,2,3,NULL,NULL),(1791,3861,2,3,NULL,NULL),(1792,3862,2,3,NULL,NULL),(1793,3863,2,3,NULL,NULL),(1794,3864,2,3,NULL,NULL),(1795,3865,2,3,NULL,NULL),(1796,3866,2,3,NULL,NULL),(1797,3867,2,3,NULL,NULL),(1798,3868,2,3,NULL,NULL),(1799,3869,2,3,NULL,NULL),(1800,3870,2,3,NULL,NULL),(1801,3871,2,3,NULL,NULL),(1802,3872,2,3,NULL,NULL),(1803,3873,2,3,NULL,NULL),(1804,3874,2,3,NULL,NULL),(1805,3875,2,3,NULL,NULL),(1806,3876,2,3,NULL,NULL),(1807,3877,2,3,NULL,NULL),(1808,3878,2,3,NULL,NULL),(1809,3879,2,3,NULL,NULL),(1810,3880,2,3,NULL,NULL),(1811,3881,2,3,NULL,NULL),(1812,3882,2,3,NULL,NULL),(1813,3883,2,3,NULL,NULL),(1814,3884,2,3,NULL,NULL),(1815,3885,2,3,NULL,NULL),(1816,3886,2,3,NULL,NULL),(1817,3887,2,3,NULL,NULL),(1818,3888,2,3,NULL,NULL),(1819,3889,2,3,NULL,NULL),(1820,3890,2,3,NULL,NULL),(1821,3891,2,3,NULL,NULL),(1822,3892,2,3,NULL,NULL),(1823,3893,2,3,NULL,NULL),(1824,3894,2,3,NULL,NULL),(1825,3895,2,3,NULL,NULL),(1826,3896,2,3,NULL,NULL),(1827,3897,2,3,NULL,NULL),(1828,3898,2,3,NULL,NULL),(1829,3899,2,3,NULL,NULL),(1830,3900,2,3,NULL,NULL),(1831,3901,2,3,NULL,NULL),(1832,3902,2,3,NULL,NULL),(1833,3903,2,3,NULL,NULL),(1834,3904,2,3,NULL,NULL),(1835,3905,2,3,NULL,NULL),(1836,3906,2,3,NULL,NULL),(1837,3907,2,3,NULL,NULL),(1838,3908,2,3,NULL,NULL),(1839,3909,2,3,NULL,NULL),(1840,3910,2,3,NULL,NULL),(1841,3911,2,3,NULL,NULL),(1842,3912,2,3,NULL,NULL),(1843,3913,2,3,NULL,NULL),(1844,3914,2,3,NULL,NULL),(1845,3915,2,3,NULL,NULL),(1846,3916,2,3,NULL,NULL),(1847,3917,2,3,NULL,NULL),(1848,3918,2,3,NULL,NULL),(1849,3919,2,3,NULL,NULL),(1850,3920,2,3,NULL,NULL),(1851,3921,2,3,NULL,NULL),(1852,3922,2,3,NULL,NULL),(1853,3923,2,3,NULL,NULL),(1854,3924,2,3,NULL,NULL),(1855,3925,2,3,NULL,NULL),(1856,3926,2,3,NULL,NULL),(1857,3927,2,3,NULL,NULL),(1858,3928,2,3,NULL,NULL),(1859,3929,2,3,NULL,NULL),(1860,3930,2,3,NULL,NULL),(1861,3931,2,3,NULL,NULL),(1862,3932,2,3,NULL,NULL),(1863,3933,2,3,NULL,NULL),(1864,3934,2,3,NULL,NULL),(1865,3935,2,3,NULL,NULL),(1866,3936,2,3,NULL,NULL),(1867,3937,2,3,NULL,NULL),(1868,3938,2,3,NULL,NULL),(1869,3939,2,3,NULL,NULL),(1870,3940,2,3,NULL,NULL),(1871,3941,2,3,NULL,NULL),(1872,3942,2,3,NULL,NULL),(1873,3943,2,3,NULL,NULL),(1874,3944,2,3,NULL,NULL),(1875,3945,2,3,NULL,NULL),(1876,3946,2,3,NULL,NULL),(1877,3947,2,3,NULL,NULL),(1878,3948,2,3,NULL,NULL),(1879,3949,2,3,NULL,NULL),(1880,3950,2,3,NULL,NULL),(1881,3951,2,3,NULL,NULL),(1882,3952,2,3,NULL,NULL),(1883,3953,2,3,NULL,NULL),(1884,3954,2,3,NULL,NULL),(1885,3955,2,3,NULL,NULL),(1886,3956,2,3,NULL,NULL),(1887,3957,2,3,NULL,NULL),(1888,3958,2,3,NULL,NULL),(1889,3959,2,3,NULL,NULL),(1890,3960,2,3,NULL,NULL),(1891,3961,2,3,NULL,NULL),(1892,3962,2,3,NULL,NULL),(1893,3963,2,3,NULL,NULL),(1894,3964,2,3,NULL,NULL),(1895,3965,2,3,NULL,NULL),(1896,3966,2,3,NULL,NULL),(1897,3967,2,3,NULL,NULL),(1898,3968,2,3,NULL,NULL),(1899,3969,2,3,NULL,NULL),(1900,3970,2,3,NULL,NULL),(1901,3971,2,3,NULL,NULL),(1902,3972,2,3,NULL,NULL),(1903,3973,2,3,NULL,NULL),(1904,3974,2,3,NULL,NULL),(1905,3975,2,3,NULL,NULL),(1906,3976,2,3,NULL,NULL),(1907,3977,2,3,NULL,NULL),(1908,3978,2,3,NULL,NULL),(1909,3979,2,3,NULL,NULL),(1910,3980,2,3,NULL,NULL),(1911,3981,2,3,NULL,NULL),(1912,3982,2,3,NULL,NULL),(1913,3983,2,3,NULL,NULL),(1914,3984,2,3,NULL,NULL),(1915,3985,2,3,NULL,NULL),(1916,3986,2,3,NULL,NULL),(1917,3987,2,3,NULL,NULL),(1918,3988,2,3,NULL,NULL),(1919,3989,2,3,NULL,NULL),(1920,3990,2,3,NULL,NULL),(1921,3991,2,3,NULL,NULL),(1922,3992,2,3,NULL,NULL),(1923,3993,2,3,NULL,NULL),(1924,3994,2,3,NULL,NULL),(1925,3995,2,3,NULL,NULL),(1926,3996,2,3,NULL,NULL),(1927,3997,2,3,NULL,NULL),(1928,3998,2,3,NULL,NULL),(1929,3999,2,3,NULL,NULL),(1930,4000,2,3,NULL,NULL),(1931,4001,2,3,NULL,NULL),(1932,4002,2,3,NULL,NULL),(1933,4003,2,3,NULL,NULL),(1934,4004,2,3,NULL,NULL),(1935,4005,2,3,NULL,NULL),(1936,4006,2,3,NULL,NULL),(1937,4007,2,3,NULL,NULL),(1938,4008,2,3,NULL,NULL),(1939,4009,2,3,NULL,NULL),(1940,4010,2,3,NULL,NULL),(1941,4011,2,3,NULL,NULL),(1942,4012,2,3,NULL,NULL),(1943,4013,2,3,NULL,NULL),(1944,4014,2,3,NULL,NULL),(1945,4015,2,3,NULL,NULL),(1946,4016,2,3,NULL,NULL),(1947,4017,2,3,NULL,NULL),(1948,4018,2,3,NULL,NULL),(1949,4019,2,3,NULL,NULL),(1950,4020,2,3,NULL,NULL),(1951,4021,2,3,NULL,NULL),(1952,4022,2,3,NULL,NULL),(1953,4023,2,3,NULL,NULL),(1954,4024,2,3,NULL,NULL),(1955,4025,2,3,NULL,NULL),(1956,4026,2,3,NULL,NULL),(1957,4027,2,3,NULL,NULL),(1958,4028,2,3,NULL,NULL),(1959,4029,2,3,NULL,NULL),(1960,4030,2,3,NULL,NULL),(1961,4031,2,3,NULL,NULL),(1962,4032,2,3,NULL,NULL),(1963,4033,2,3,NULL,NULL),(1964,4034,2,3,NULL,NULL),(1965,4035,2,3,NULL,NULL),(1966,4036,2,3,NULL,NULL),(1967,4037,2,3,NULL,NULL),(1968,4038,2,3,NULL,NULL),(1969,4039,2,3,NULL,NULL),(1970,4040,2,3,NULL,NULL),(1971,4041,2,3,NULL,NULL),(1972,4042,2,3,NULL,NULL),(1973,4043,2,3,NULL,NULL),(1974,4044,2,3,NULL,NULL),(1975,4045,2,3,NULL,NULL),(1976,4046,2,3,NULL,NULL),(1977,4047,2,3,NULL,NULL),(1978,4048,2,3,NULL,NULL),(1979,4049,2,3,NULL,NULL),(1980,4050,2,3,NULL,NULL),(1981,4051,2,3,NULL,NULL),(1982,4052,2,3,NULL,NULL),(1983,4053,2,3,NULL,NULL),(1984,4054,2,3,NULL,NULL),(1985,4055,2,3,NULL,NULL),(1986,4056,2,3,NULL,NULL),(1987,4057,2,3,NULL,NULL),(1988,4058,2,3,NULL,NULL),(1989,4059,2,3,NULL,NULL),(1990,4060,2,3,NULL,NULL),(1991,4061,2,3,NULL,NULL),(1992,4062,2,3,NULL,NULL),(1993,4063,2,3,NULL,NULL),(1994,4064,2,3,NULL,NULL),(1995,4065,2,3,NULL,NULL),(1996,4066,2,3,NULL,NULL),(1997,4067,2,3,NULL,NULL),(1998,4068,2,3,NULL,NULL),(1999,4069,2,3,NULL,NULL),(2000,4070,2,3,NULL,NULL),(2001,4071,2,3,NULL,NULL),(2002,4072,2,3,NULL,NULL),(2003,4073,2,3,NULL,NULL),(2004,4074,2,3,NULL,NULL),(2005,4075,2,3,NULL,NULL),(2006,4076,2,3,NULL,NULL),(2007,4077,2,3,NULL,NULL),(2008,4078,2,3,NULL,NULL),(2009,4079,2,3,NULL,NULL),(2010,4080,2,3,NULL,NULL),(2011,4081,2,3,NULL,NULL),(2012,4082,2,3,NULL,NULL),(2013,4083,2,3,NULL,NULL),(2014,4084,2,3,NULL,NULL),(2015,4085,2,3,NULL,NULL),(2016,4086,2,3,NULL,NULL),(2017,4087,2,3,NULL,NULL),(2018,4088,2,3,NULL,NULL),(2019,4089,2,3,NULL,NULL),(2020,4090,2,3,NULL,NULL),(2021,4091,2,3,NULL,NULL),(2022,4092,2,3,NULL,NULL),(2023,4093,2,3,NULL,NULL),(2024,4094,2,3,NULL,NULL),(2025,4095,2,3,NULL,NULL),(2026,4096,2,3,NULL,NULL),(2027,4097,2,3,NULL,NULL),(2028,4098,2,3,NULL,NULL),(2029,4099,2,3,NULL,NULL),(2030,4100,2,3,NULL,NULL),(2031,4101,2,3,NULL,NULL),(2032,4102,2,3,NULL,NULL),(2033,4103,2,3,NULL,NULL),(2034,4104,2,3,NULL,NULL),(2035,4105,2,3,NULL,NULL),(2036,4106,2,3,NULL,NULL),(2037,4107,2,3,NULL,NULL),(2038,4108,2,3,NULL,NULL),(2039,4109,2,3,NULL,NULL),(2040,4110,2,3,NULL,NULL),(2041,4111,2,3,NULL,NULL),(2042,4112,2,3,NULL,NULL),(2043,4113,2,3,NULL,NULL),(2044,4114,2,3,NULL,NULL),(2045,4115,2,3,NULL,NULL),(2046,4116,2,3,NULL,NULL),(2047,4117,2,3,NULL,NULL),(2048,4118,2,3,NULL,NULL),(2049,4119,2,3,NULL,NULL),(2050,4120,2,3,NULL,NULL),(2051,4121,2,3,NULL,NULL),(2052,4122,2,3,NULL,NULL),(2053,4123,2,3,NULL,NULL),(2054,4124,2,3,NULL,NULL),(2055,4125,2,3,NULL,NULL),(2056,4126,2,3,NULL,NULL),(2057,4127,2,3,NULL,NULL),(2058,4128,2,3,NULL,NULL),(2059,4129,2,3,NULL,NULL),(2060,4130,2,3,NULL,NULL),(2061,4131,2,3,NULL,NULL),(2062,4132,2,3,NULL,NULL),(2063,4133,2,3,NULL,NULL),(2064,4134,2,3,NULL,NULL),(2065,4135,2,3,NULL,NULL),(2066,4136,2,3,NULL,NULL),(2067,4137,2,3,NULL,NULL),(2068,4138,2,3,NULL,NULL),(2069,4139,2,3,NULL,NULL),(2070,4140,2,3,NULL,NULL),(2071,4141,2,3,NULL,NULL),(2072,4142,2,3,NULL,NULL),(2073,4143,2,3,NULL,NULL),(2074,4144,2,3,NULL,NULL),(2075,4145,2,3,NULL,NULL),(2076,4146,2,3,NULL,NULL),(2077,4147,2,3,NULL,NULL),(2078,4148,2,3,NULL,NULL),(2079,4149,2,3,NULL,NULL),(2080,4150,2,3,NULL,NULL),(2081,4151,2,3,NULL,NULL),(2082,4152,2,3,NULL,NULL),(2083,4153,2,3,NULL,NULL),(2084,4154,2,3,NULL,NULL),(2085,4155,2,3,NULL,NULL),(2086,4156,2,3,NULL,NULL),(2087,4157,2,3,NULL,NULL),(2088,4158,2,3,NULL,NULL),(2089,4159,2,3,NULL,NULL),(2090,4160,2,3,NULL,NULL),(2091,4161,2,3,NULL,NULL),(2092,4162,2,3,NULL,NULL),(2093,4163,2,3,NULL,NULL),(2094,4164,2,3,NULL,NULL),(2095,4165,2,3,NULL,NULL),(2096,4166,2,3,NULL,NULL),(2097,4167,2,3,NULL,NULL),(2098,4168,2,3,NULL,NULL),(2099,4169,2,3,NULL,NULL),(2100,4170,2,3,NULL,NULL),(2101,4171,2,3,NULL,NULL),(2102,4172,2,3,NULL,NULL),(2103,4173,2,3,NULL,NULL),(2104,4174,2,3,NULL,NULL),(2105,4175,2,3,NULL,NULL),(2106,4176,2,3,NULL,NULL),(2107,4177,2,3,NULL,NULL),(2108,4178,2,3,NULL,NULL),(2109,4179,2,3,NULL,NULL),(2110,4180,2,3,NULL,NULL),(2111,4181,2,3,NULL,NULL),(2112,4182,2,3,NULL,NULL),(2113,4183,2,3,NULL,NULL),(2114,4184,2,3,NULL,NULL),(2115,4185,2,3,NULL,NULL),(2116,4186,2,3,NULL,NULL),(2117,4187,2,3,NULL,NULL),(2118,4188,2,3,NULL,NULL),(2119,4189,2,3,NULL,NULL),(2120,4190,2,3,NULL,NULL),(2121,4191,2,3,NULL,NULL),(2122,4192,2,3,NULL,NULL),(2123,4193,2,3,NULL,NULL),(2124,4194,2,3,NULL,NULL),(2125,4195,2,3,NULL,NULL),(2126,4196,2,3,NULL,NULL),(2127,4197,2,3,NULL,NULL),(2128,4198,2,3,NULL,NULL),(2129,4199,2,3,NULL,NULL),(2130,4200,2,3,NULL,NULL),(2131,4201,2,3,NULL,NULL),(2132,4202,2,3,NULL,NULL),(2133,4203,2,3,NULL,NULL),(2134,4204,2,3,NULL,NULL),(2135,4205,2,3,NULL,NULL),(2136,4206,2,3,NULL,NULL),(2137,4207,2,3,NULL,NULL),(2138,4208,2,3,NULL,NULL),(2139,4209,2,3,NULL,NULL),(2140,4210,2,3,NULL,NULL),(2141,4211,2,3,NULL,NULL),(2142,4212,2,3,NULL,NULL),(2143,4213,2,3,NULL,NULL),(2144,4214,2,3,NULL,NULL),(2145,4215,2,3,NULL,NULL),(2146,4216,2,3,NULL,NULL),(2147,4217,2,3,NULL,NULL),(2148,4218,2,3,NULL,NULL),(2149,4219,2,3,NULL,NULL),(2150,4220,2,3,NULL,NULL),(2151,4221,2,3,NULL,NULL),(2152,4222,2,3,NULL,NULL),(2153,4223,2,3,NULL,NULL),(2154,4224,2,3,NULL,NULL),(2155,4225,2,3,NULL,NULL),(2156,4226,2,3,NULL,NULL),(2157,4227,2,3,NULL,NULL),(2158,4228,2,3,NULL,NULL),(2159,4229,2,3,NULL,NULL),(2160,4230,2,3,NULL,NULL),(2161,4231,2,3,NULL,NULL),(2162,4232,2,3,NULL,NULL),(2163,4233,2,3,NULL,NULL),(2164,4234,2,3,NULL,NULL),(2165,4235,2,3,NULL,NULL),(2166,4236,2,3,NULL,NULL),(2167,4237,2,3,NULL,NULL),(2168,4238,2,3,NULL,NULL),(2169,4239,2,3,NULL,NULL),(2170,4240,2,3,NULL,NULL),(2171,4241,2,3,NULL,NULL),(2172,4242,2,3,NULL,NULL),(2173,4243,2,3,NULL,NULL),(2174,4244,2,3,NULL,NULL),(2175,4245,2,3,NULL,NULL),(2176,4246,2,3,NULL,NULL),(2177,4247,2,3,NULL,NULL),(2178,4248,2,3,NULL,NULL),(2179,4249,2,3,NULL,NULL),(2180,4250,2,3,NULL,NULL),(2181,4251,2,3,NULL,NULL),(2182,4252,2,3,NULL,NULL),(2183,4253,2,3,NULL,NULL),(2184,4254,2,3,NULL,NULL),(2185,4255,2,3,NULL,NULL),(2186,4256,2,3,NULL,NULL),(2187,4257,2,3,NULL,NULL),(2188,4258,2,3,NULL,NULL),(2189,4259,2,3,NULL,NULL),(2190,4260,2,3,NULL,NULL),(2191,4261,2,3,NULL,NULL),(2192,4262,2,3,NULL,NULL),(2193,4263,2,3,NULL,NULL),(2194,4264,2,3,NULL,NULL),(2195,4265,2,3,NULL,NULL),(2196,4266,2,3,NULL,NULL),(2197,4267,2,3,NULL,NULL),(2198,4268,2,3,NULL,NULL),(2199,4269,2,3,NULL,NULL),(2200,4270,2,3,NULL,NULL),(2201,4271,2,3,NULL,NULL),(2202,4272,2,3,NULL,NULL),(2203,4273,2,3,NULL,NULL),(2204,4274,2,3,NULL,NULL),(2205,4275,2,3,NULL,NULL),(2206,4276,2,3,NULL,NULL),(2207,4277,2,3,NULL,NULL),(2208,4278,2,3,NULL,NULL),(2209,4279,2,3,NULL,NULL),(2210,4280,2,3,NULL,NULL),(2211,4281,2,3,NULL,NULL),(2212,4282,2,3,NULL,NULL),(2213,4283,2,3,NULL,NULL),(2214,4284,2,3,NULL,NULL),(2215,4285,2,3,NULL,NULL),(2216,4286,2,3,NULL,NULL),(2217,4287,2,3,NULL,NULL),(2218,4288,2,3,NULL,NULL),(2219,4289,2,3,NULL,NULL),(2220,4290,2,3,NULL,NULL),(2221,4291,2,3,NULL,NULL),(2222,4292,2,3,NULL,NULL),(2223,4293,2,3,NULL,NULL),(2224,4294,2,3,NULL,NULL),(2225,4295,2,3,NULL,NULL),(2226,4296,2,3,NULL,NULL),(2227,4297,2,3,NULL,NULL),(2228,4298,2,3,NULL,NULL),(2229,4299,2,3,NULL,NULL),(2230,4300,2,3,NULL,NULL),(2231,4301,2,3,NULL,NULL),(2232,4302,2,3,NULL,NULL),(2233,4303,2,3,NULL,NULL),(2234,4304,2,3,NULL,NULL),(2235,4305,2,3,NULL,NULL),(2236,4306,2,3,NULL,NULL),(2237,4307,2,3,NULL,NULL),(2238,4308,2,3,NULL,NULL),(2239,4309,2,3,NULL,NULL),(2240,4310,2,3,NULL,NULL),(2241,4311,2,3,NULL,NULL),(2242,4312,2,3,NULL,NULL),(2243,4313,2,3,NULL,NULL),(2244,4314,2,3,NULL,NULL),(2245,4315,2,3,NULL,NULL),(2246,4316,2,3,NULL,NULL),(2247,4317,2,3,NULL,NULL),(2248,4318,2,3,NULL,NULL),(2249,4319,2,3,NULL,NULL),(2250,4320,2,3,NULL,NULL),(2251,4321,2,3,NULL,NULL),(2252,4322,2,3,NULL,NULL),(2253,4323,2,3,NULL,NULL),(2254,4324,2,3,NULL,NULL),(2255,4325,2,3,NULL,NULL),(2256,4326,2,3,NULL,NULL),(2257,4327,2,3,NULL,NULL),(2258,4328,2,3,NULL,NULL),(2259,4329,2,3,NULL,NULL),(2260,4330,2,3,NULL,NULL),(2261,4331,2,3,NULL,NULL),(2262,4332,2,3,NULL,NULL),(2263,4333,2,3,NULL,NULL),(2264,4334,2,3,NULL,NULL),(2265,4335,2,3,NULL,NULL),(2266,4336,2,3,NULL,NULL),(2267,4337,2,3,NULL,NULL),(2268,4338,2,3,NULL,NULL),(2269,4339,2,3,NULL,NULL),(2270,4340,2,3,NULL,NULL),(2271,4341,2,3,NULL,NULL),(2272,4342,2,3,NULL,NULL),(2273,4343,2,3,NULL,NULL),(2274,4344,2,3,NULL,NULL),(2275,4345,2,3,NULL,NULL),(2276,4346,2,3,NULL,NULL),(2277,4347,2,3,NULL,NULL),(2278,4348,2,3,NULL,NULL),(2279,4349,2,3,NULL,NULL),(2280,4350,2,3,NULL,NULL),(2281,4351,2,3,NULL,NULL),(2282,4352,2,3,NULL,NULL),(2283,4353,2,3,NULL,NULL),(2284,4354,2,3,NULL,NULL),(2285,4355,2,3,NULL,NULL),(2286,4356,2,3,NULL,NULL),(2287,4357,2,3,NULL,NULL),(2288,4358,2,3,NULL,NULL),(2289,4359,2,3,NULL,NULL),(2290,4360,2,3,NULL,NULL),(2291,4361,2,3,NULL,NULL),(2292,4362,2,3,NULL,NULL),(2293,4363,2,3,NULL,NULL),(2294,4364,2,3,NULL,NULL),(2295,4365,2,3,NULL,NULL),(2296,4366,2,3,NULL,NULL),(2297,4367,2,3,NULL,NULL),(2298,4368,2,3,NULL,NULL),(2299,4369,2,3,NULL,NULL),(2300,4370,2,3,NULL,NULL),(2301,4371,2,3,NULL,NULL),(2302,4372,2,3,NULL,NULL),(2303,4373,2,3,NULL,NULL),(2304,4374,2,3,NULL,NULL),(2305,4375,2,3,NULL,NULL),(2306,4376,2,3,NULL,NULL),(2307,4377,2,3,NULL,NULL),(2308,4378,2,3,NULL,NULL),(2309,4379,2,3,NULL,NULL),(2310,4380,2,3,NULL,NULL),(2311,4381,2,3,NULL,NULL),(2312,4382,2,3,NULL,NULL),(2313,4383,2,3,NULL,NULL),(2314,4384,2,3,NULL,NULL),(2315,4385,2,3,NULL,NULL),(2316,4386,2,3,NULL,NULL),(2317,4387,2,3,NULL,NULL),(2318,4388,2,3,NULL,NULL),(2319,4389,2,3,NULL,NULL),(2320,4390,2,3,NULL,NULL),(2321,4391,2,3,NULL,NULL),(2322,4392,2,3,NULL,NULL),(2323,4393,2,3,NULL,NULL),(2324,4394,2,3,NULL,NULL),(2325,4395,2,3,NULL,NULL),(2326,4396,2,3,NULL,NULL),(2327,4397,2,3,NULL,NULL),(2328,4398,2,3,NULL,NULL),(2329,4399,2,3,NULL,NULL),(2330,4400,2,3,NULL,NULL),(2331,4401,2,3,NULL,NULL),(2332,4402,2,3,NULL,NULL),(2333,4403,2,3,NULL,NULL),(2334,4404,2,3,NULL,NULL),(2335,4405,2,3,NULL,NULL),(2336,4406,2,3,NULL,NULL),(2337,4407,2,3,NULL,NULL),(2338,4408,2,3,NULL,NULL),(2339,4409,2,3,NULL,NULL),(2340,4410,2,3,NULL,NULL),(2341,4411,2,3,NULL,NULL),(2342,4412,2,3,NULL,NULL),(2343,4413,2,3,NULL,NULL),(2344,4414,2,3,NULL,NULL),(2345,4415,2,3,NULL,NULL),(2346,4416,2,3,NULL,NULL),(2347,4417,2,3,NULL,NULL),(2348,4418,2,3,NULL,NULL),(2349,4419,2,3,NULL,NULL),(2350,4420,2,3,NULL,NULL),(2351,4421,2,3,NULL,NULL),(2352,4422,2,3,NULL,NULL),(2353,4423,2,3,NULL,NULL),(2354,4424,2,3,NULL,NULL),(2355,4425,2,3,NULL,NULL),(2356,4426,2,3,NULL,NULL),(2357,4427,2,3,NULL,NULL),(2358,4428,2,3,NULL,NULL),(2359,4429,2,3,NULL,NULL),(2360,4430,2,3,NULL,NULL),(2361,4431,2,3,NULL,NULL),(2362,4432,2,3,NULL,NULL),(2363,4433,2,3,NULL,NULL),(2364,4434,2,3,NULL,NULL),(2365,4435,2,3,NULL,NULL),(2366,4436,2,3,NULL,NULL),(2367,4437,2,3,NULL,NULL),(2368,4438,2,3,NULL,NULL),(2369,4439,2,3,NULL,NULL),(2370,4440,2,3,NULL,NULL),(2371,4441,2,3,NULL,NULL),(2372,4442,2,3,NULL,NULL),(2373,4443,2,3,NULL,NULL),(2374,4444,2,3,NULL,NULL),(2375,4445,2,3,NULL,NULL),(2376,4446,2,3,NULL,NULL),(2377,4447,2,3,NULL,NULL),(2378,4448,2,3,NULL,NULL),(2379,4449,2,3,NULL,NULL),(2380,4450,2,3,NULL,NULL),(2381,4451,2,3,NULL,NULL),(2382,4452,2,3,NULL,NULL),(2383,4453,2,3,NULL,NULL),(2384,4454,2,3,NULL,NULL),(2385,4455,2,3,NULL,NULL),(2386,4456,2,3,NULL,NULL),(2387,4457,2,3,NULL,NULL),(2388,4458,2,3,NULL,NULL),(2389,4459,2,3,NULL,NULL),(2390,4460,2,3,NULL,NULL),(2391,4461,2,3,NULL,NULL),(2392,4462,2,3,NULL,NULL),(2393,4463,2,3,NULL,NULL),(2394,4464,2,3,NULL,NULL),(2395,4465,2,3,NULL,NULL),(2396,4466,2,3,NULL,NULL),(2397,4467,2,3,NULL,NULL),(2398,4468,2,3,NULL,NULL),(2399,4469,2,3,NULL,NULL),(2400,4470,2,3,NULL,NULL),(2401,4471,2,3,NULL,NULL),(2402,4472,2,3,NULL,NULL),(2403,4473,2,3,NULL,NULL),(2404,4474,2,3,NULL,NULL),(2405,4475,2,3,NULL,NULL),(2406,4476,2,3,NULL,NULL),(2407,4477,2,3,NULL,NULL),(2408,4478,2,3,NULL,NULL),(2409,4479,2,3,NULL,NULL),(2410,4480,2,3,NULL,NULL),(2411,4481,2,3,NULL,NULL),(2412,4482,2,3,NULL,NULL),(2413,4483,2,3,NULL,NULL),(2414,4484,2,3,NULL,NULL),(2415,4485,2,3,NULL,NULL),(2416,4486,2,3,NULL,NULL),(2417,4487,2,3,NULL,NULL),(2418,4488,2,3,NULL,NULL),(2419,4489,2,3,NULL,NULL),(2420,4490,2,3,NULL,NULL),(2421,4491,2,3,NULL,NULL),(2422,4492,2,3,NULL,NULL),(2423,4493,2,3,NULL,NULL),(2424,4494,2,3,NULL,NULL),(2425,4495,2,3,NULL,NULL),(2426,4496,2,3,NULL,NULL),(2427,4497,2,3,NULL,NULL),(2428,4498,2,3,NULL,NULL),(2429,4499,2,3,NULL,NULL),(2430,4500,2,3,NULL,NULL),(2431,4501,2,3,NULL,NULL),(2432,4502,2,3,NULL,NULL),(2433,4503,2,3,NULL,NULL),(2434,4504,2,3,NULL,NULL),(2435,4505,2,3,NULL,NULL),(2436,4506,2,3,NULL,NULL),(2437,4507,2,3,NULL,NULL),(2438,4508,2,3,NULL,NULL),(2439,4509,2,3,NULL,NULL),(2440,4510,2,3,NULL,NULL),(2441,4511,2,3,NULL,NULL),(2442,4512,2,3,NULL,NULL),(2443,4513,2,3,NULL,NULL),(2444,4514,2,3,NULL,NULL),(2445,4515,2,3,NULL,NULL),(2446,4516,2,3,NULL,NULL),(2447,4517,2,3,NULL,NULL),(2448,4518,2,3,NULL,NULL),(2449,4519,2,3,NULL,NULL),(2450,4520,2,3,NULL,NULL),(2451,4521,2,3,NULL,NULL),(2452,4522,2,3,NULL,NULL),(2453,4523,2,3,NULL,NULL),(2454,4524,2,3,NULL,NULL),(2455,4525,2,3,NULL,NULL),(2456,4526,2,3,NULL,NULL),(2457,4527,2,3,NULL,NULL),(2458,4528,2,3,NULL,NULL),(2459,4529,2,3,NULL,NULL),(2460,4530,2,3,NULL,NULL),(2461,4531,2,3,NULL,NULL),(2462,4532,2,3,NULL,NULL),(2463,4533,2,3,NULL,NULL),(2464,4534,2,3,NULL,NULL),(2465,4535,2,3,NULL,NULL),(2466,4536,2,3,NULL,NULL),(2467,4537,2,3,NULL,NULL),(2468,4538,2,3,NULL,NULL),(2469,4539,2,3,NULL,NULL),(2470,4540,2,3,NULL,NULL),(2471,4541,2,3,NULL,NULL),(2472,4542,2,3,NULL,NULL),(2473,4543,2,3,NULL,NULL),(2474,4544,2,3,NULL,NULL),(2475,4545,2,3,NULL,NULL),(2476,4546,2,3,NULL,NULL),(2477,4547,2,3,NULL,NULL),(2478,4548,2,3,NULL,NULL),(2479,4549,2,3,NULL,NULL),(2480,4550,2,3,NULL,NULL),(2481,4551,2,3,NULL,NULL),(2482,4552,2,3,NULL,NULL),(2483,4553,2,3,NULL,NULL),(2484,4554,2,3,NULL,NULL),(2485,4555,2,3,NULL,NULL),(2486,4556,2,3,NULL,NULL),(2487,4557,2,3,NULL,NULL),(2488,4558,2,3,NULL,NULL),(2489,4559,2,3,NULL,NULL),(2490,4560,2,3,NULL,NULL),(2491,4561,2,3,NULL,NULL),(2492,4562,2,3,NULL,NULL),(2493,4563,2,3,NULL,NULL),(2494,4564,2,3,NULL,NULL),(2495,4565,2,3,NULL,NULL),(2496,4566,2,3,NULL,NULL),(2497,4567,2,3,NULL,NULL),(2498,4568,2,3,NULL,NULL),(2499,4569,2,3,NULL,NULL),(2500,4570,2,3,NULL,NULL),(2501,4571,2,3,NULL,NULL),(2502,4572,2,3,NULL,NULL),(2503,4573,2,3,NULL,NULL),(2504,4574,2,3,NULL,NULL),(2505,4575,2,3,NULL,NULL),(2506,4576,2,3,NULL,NULL),(2507,4577,2,3,NULL,NULL),(2508,4578,2,3,NULL,NULL),(2509,4579,2,3,NULL,NULL),(2510,4580,2,3,NULL,NULL),(2511,4581,2,3,NULL,NULL),(2512,4582,2,3,NULL,NULL),(2513,4583,2,3,NULL,NULL),(2514,4584,2,3,NULL,NULL),(2515,4585,2,3,NULL,NULL),(2516,4586,2,3,NULL,NULL),(2517,4587,2,3,NULL,NULL),(2518,4588,2,3,NULL,NULL),(2519,4589,2,3,NULL,NULL),(2520,4590,2,3,NULL,NULL),(2521,4591,2,3,NULL,NULL),(2522,4592,2,3,NULL,NULL),(2523,4593,2,3,NULL,NULL),(2524,4594,2,3,NULL,NULL),(2525,4595,2,3,NULL,NULL),(2526,4596,2,3,NULL,NULL),(2527,4597,2,3,NULL,NULL),(2528,4598,2,3,NULL,NULL),(2529,4599,2,3,NULL,NULL),(2530,4600,2,3,NULL,NULL),(2531,4601,2,3,NULL,NULL),(2532,4602,2,3,NULL,NULL),(2533,4603,2,3,NULL,NULL),(2534,4604,2,3,NULL,NULL),(2535,4605,2,3,NULL,NULL),(2536,4606,2,3,NULL,NULL),(2537,4607,2,3,NULL,NULL),(2538,4608,2,3,NULL,NULL),(2539,4609,2,3,NULL,NULL),(2540,4610,2,3,NULL,NULL),(2541,4611,2,3,NULL,NULL),(2542,4612,2,3,NULL,NULL),(2543,4613,2,3,NULL,NULL),(2544,4614,2,3,NULL,NULL),(2545,4615,2,3,NULL,NULL),(2546,4616,2,3,NULL,NULL),(2547,4617,2,3,NULL,NULL),(2548,4618,2,3,NULL,NULL),(2549,4619,2,3,NULL,NULL),(2550,4620,2,3,NULL,NULL),(2551,4621,2,3,NULL,NULL),(2552,4622,2,3,NULL,NULL),(2553,4623,2,3,NULL,NULL),(2554,4624,2,3,NULL,NULL),(2555,4625,2,3,NULL,NULL),(2556,4626,2,3,NULL,NULL),(2557,4627,2,3,NULL,NULL),(2558,4628,2,3,NULL,NULL),(2559,4629,2,3,NULL,NULL),(2560,4630,2,3,NULL,NULL),(2561,4631,2,3,NULL,NULL),(2562,4632,2,3,NULL,NULL),(2563,4633,2,3,NULL,NULL),(2564,4634,2,3,NULL,NULL),(2565,4635,2,3,NULL,NULL),(2566,4636,2,3,NULL,NULL),(2567,4637,2,3,NULL,NULL),(2568,4638,2,3,NULL,NULL),(2569,4639,2,3,NULL,NULL),(2570,4640,2,3,NULL,NULL),(2571,4641,2,3,NULL,NULL),(2572,4642,2,3,NULL,NULL),(2573,4643,2,3,NULL,NULL),(2574,4644,2,3,NULL,NULL),(2575,4645,2,3,NULL,NULL),(2576,4646,2,3,NULL,NULL),(2577,4647,2,3,NULL,NULL),(2578,4648,2,3,NULL,NULL),(2579,4649,2,3,NULL,NULL),(2580,4650,2,3,NULL,NULL),(2581,4651,2,3,NULL,NULL),(2582,4652,2,3,NULL,NULL),(2583,4653,2,3,NULL,NULL),(2584,4654,2,3,NULL,NULL),(2585,4655,2,3,NULL,NULL),(2586,4656,2,3,NULL,NULL),(2587,4657,2,3,NULL,NULL),(2588,4658,2,3,NULL,NULL),(2589,4659,2,3,NULL,NULL),(2590,4660,2,3,NULL,NULL),(2591,4661,2,3,NULL,NULL),(2592,4662,2,3,NULL,NULL),(2593,4663,2,3,NULL,NULL),(2594,4664,2,3,NULL,NULL),(2595,4665,2,3,NULL,NULL),(2596,4666,2,3,NULL,NULL),(2597,4667,2,3,NULL,NULL),(2598,4668,2,3,NULL,NULL),(2599,4669,2,3,NULL,NULL),(2600,4670,2,3,NULL,NULL),(2601,4671,2,3,NULL,NULL),(2602,4672,2,3,NULL,NULL),(2603,4673,2,3,NULL,NULL),(2604,4674,2,3,NULL,NULL),(2605,4675,2,3,NULL,NULL),(2606,4676,2,3,NULL,NULL),(2607,4677,2,3,NULL,NULL),(2608,4678,2,3,NULL,NULL),(2609,4679,2,3,NULL,NULL),(2610,4680,2,3,NULL,NULL),(2611,4681,2,3,NULL,NULL),(2612,4682,2,3,NULL,NULL),(2613,4683,2,3,NULL,NULL),(2614,4684,2,3,NULL,NULL),(2615,4685,2,3,NULL,NULL),(2616,4686,2,3,NULL,NULL),(2617,4687,2,3,NULL,NULL),(2618,4688,2,3,NULL,NULL),(2619,4689,2,3,NULL,NULL),(2620,4690,2,3,NULL,NULL),(2621,4691,2,3,NULL,NULL),(2622,4692,2,3,NULL,NULL),(2623,4693,2,3,NULL,NULL),(2624,4694,2,3,NULL,NULL),(2625,4695,2,3,NULL,NULL),(2626,4696,2,3,NULL,NULL),(2627,4697,2,3,NULL,NULL),(2628,4698,2,3,NULL,NULL),(2629,4699,2,3,NULL,NULL),(2630,4700,2,3,NULL,NULL),(2631,4701,2,3,NULL,NULL),(2632,4702,2,3,NULL,NULL),(2633,4703,2,3,NULL,NULL),(2634,4704,2,3,NULL,NULL),(2635,4705,2,3,NULL,NULL),(2636,4706,2,3,NULL,NULL),(2637,4707,2,3,NULL,NULL),(2638,4708,2,3,NULL,NULL),(2639,4709,2,3,NULL,NULL),(2640,4710,2,3,NULL,NULL),(2641,4711,2,3,NULL,NULL),(2642,4712,2,3,NULL,NULL),(2643,4713,2,3,NULL,NULL),(2644,4714,2,3,NULL,NULL),(2645,4715,2,3,NULL,NULL),(2646,4716,2,3,NULL,NULL),(2647,4717,2,3,NULL,NULL),(2648,4718,2,3,NULL,NULL),(2649,4719,2,3,NULL,NULL),(2650,4720,2,3,NULL,NULL),(2651,4721,2,3,NULL,NULL),(2652,4722,2,3,NULL,NULL),(2653,4723,2,3,NULL,NULL),(2654,4724,2,3,NULL,NULL),(2655,4725,2,3,NULL,NULL),(2656,4726,2,3,NULL,NULL),(2657,4727,2,3,NULL,NULL),(2658,4728,2,3,NULL,NULL),(2659,4729,2,3,NULL,NULL),(2660,4730,2,3,NULL,NULL),(2661,4731,2,3,NULL,NULL),(2662,4732,2,3,NULL,NULL),(2663,4733,2,3,NULL,NULL),(2664,4734,2,3,NULL,NULL),(2665,4735,2,3,NULL,NULL),(2666,4736,2,3,NULL,NULL),(2667,4737,2,3,NULL,NULL),(2668,4738,2,3,NULL,NULL),(2669,4739,2,3,NULL,NULL),(2670,4740,2,3,NULL,NULL),(2671,4741,2,3,NULL,NULL),(2672,4742,2,3,NULL,NULL),(2673,4743,2,3,NULL,NULL),(2674,4744,2,3,NULL,NULL),(2675,4745,2,3,NULL,NULL),(2676,4746,2,3,NULL,NULL),(2677,4747,2,3,NULL,NULL),(2678,4748,2,3,NULL,NULL),(2679,4749,2,3,NULL,NULL),(2680,4750,2,3,NULL,NULL),(2681,4751,2,3,NULL,NULL),(2682,4752,2,3,NULL,NULL),(2683,4753,2,3,NULL,NULL),(2684,4754,2,3,NULL,NULL),(2685,4755,2,3,NULL,NULL),(2686,4756,2,3,NULL,NULL),(2687,4757,2,3,NULL,NULL),(2688,4758,2,3,NULL,NULL),(2689,4759,2,3,NULL,NULL),(2690,4760,2,3,NULL,NULL),(2691,4761,2,3,NULL,NULL),(2692,4762,2,3,NULL,NULL),(2693,4763,2,3,NULL,NULL),(2694,4764,2,3,NULL,NULL),(2695,4765,2,3,NULL,NULL),(2696,4766,2,3,NULL,NULL),(2697,4767,2,3,NULL,NULL),(2698,4768,2,3,NULL,NULL),(2699,4769,2,3,NULL,NULL),(2700,4770,2,3,NULL,NULL),(2701,4771,2,3,NULL,NULL),(2702,4772,2,3,NULL,NULL),(2703,4773,2,3,NULL,NULL),(2704,4774,2,3,NULL,NULL),(2705,4775,2,3,NULL,NULL),(2706,4776,2,3,NULL,NULL),(2707,4777,2,3,NULL,NULL),(2708,4778,2,3,NULL,NULL),(2709,4779,2,3,NULL,NULL),(2710,4780,2,3,NULL,NULL),(2711,4781,2,3,NULL,NULL),(2712,4782,2,3,NULL,NULL),(2713,4783,2,3,NULL,NULL),(2714,4784,2,3,NULL,NULL),(2715,4785,2,3,NULL,NULL),(2716,4786,2,3,NULL,NULL),(2717,4787,2,3,NULL,NULL),(2718,4788,2,3,NULL,NULL),(2719,4789,2,3,NULL,NULL),(2720,4790,2,3,NULL,NULL),(2721,4791,2,3,NULL,NULL),(2722,4792,2,3,NULL,NULL),(2723,4793,2,3,NULL,NULL),(2724,4794,2,3,NULL,NULL),(2725,4795,2,3,NULL,NULL),(2726,4796,2,3,NULL,NULL),(2727,4797,2,3,NULL,NULL),(2728,4798,2,3,NULL,NULL),(2729,4799,2,3,NULL,NULL),(2730,4800,2,3,NULL,NULL),(2731,4801,2,3,NULL,NULL),(2732,4802,2,3,NULL,NULL),(2733,4803,2,3,NULL,NULL),(2734,4804,2,3,NULL,NULL),(2735,4805,2,3,NULL,NULL),(2736,4806,2,3,NULL,NULL),(2737,4807,2,3,NULL,NULL),(2738,4808,2,3,NULL,NULL),(2739,4809,2,3,NULL,NULL),(2740,4810,2,3,NULL,NULL),(2741,4811,2,3,NULL,NULL),(2742,4812,2,3,NULL,NULL),(2743,4813,2,3,NULL,NULL),(2744,4814,2,3,NULL,NULL),(2745,4815,2,3,NULL,NULL),(2746,4816,2,3,NULL,NULL),(2747,4817,2,3,NULL,NULL),(2748,4818,2,3,NULL,NULL),(2749,4819,2,3,NULL,NULL),(2750,4820,2,3,NULL,NULL),(2751,4821,2,3,NULL,NULL),(2752,4822,2,3,NULL,NULL),(2753,4823,2,3,NULL,NULL),(2754,4824,2,3,NULL,NULL),(2755,4825,2,3,NULL,NULL),(2756,4826,2,3,NULL,NULL),(2757,4827,2,3,NULL,NULL),(2758,4828,2,3,NULL,NULL),(2759,4829,2,3,NULL,NULL),(2760,4830,2,3,NULL,NULL),(2761,4831,2,3,NULL,NULL),(2762,4832,2,3,NULL,NULL),(2763,4833,2,3,NULL,NULL),(2764,4834,2,3,NULL,NULL),(2765,4835,2,3,NULL,NULL),(2766,4836,2,3,NULL,NULL),(2767,4837,2,3,NULL,NULL),(2768,4838,2,3,NULL,NULL),(2769,4839,2,3,NULL,NULL),(2770,4840,2,3,NULL,NULL),(2771,4841,2,3,NULL,NULL),(2772,4842,2,3,NULL,NULL),(2773,4843,2,3,NULL,NULL),(2774,4844,2,3,NULL,NULL),(2775,4845,2,3,NULL,NULL),(2776,4846,2,3,NULL,NULL),(2777,4847,2,3,NULL,NULL),(2778,4848,2,3,NULL,NULL),(2779,4849,2,3,NULL,NULL),(2780,4850,2,3,NULL,NULL),(2781,4851,2,3,NULL,NULL),(2782,4852,2,3,NULL,NULL),(2783,4853,2,3,NULL,NULL),(2784,4854,2,3,NULL,NULL),(2785,4855,2,3,NULL,NULL),(2786,4856,2,3,NULL,NULL),(2787,4857,2,3,NULL,NULL),(2788,4858,2,3,NULL,NULL),(2789,4859,2,3,NULL,NULL),(2790,4860,2,3,NULL,NULL),(2791,4861,2,3,NULL,NULL),(2792,4862,2,3,NULL,NULL),(2793,4863,2,3,NULL,NULL),(2794,4864,2,3,NULL,NULL),(2795,4865,2,3,NULL,NULL),(2796,4866,2,3,NULL,NULL),(2797,4867,2,3,NULL,NULL),(2798,4868,2,3,NULL,NULL),(2799,4869,2,3,NULL,NULL),(2800,4870,2,3,NULL,NULL),(2801,4871,2,3,NULL,NULL),(2802,4872,2,3,NULL,NULL),(2803,4873,2,3,NULL,NULL),(2804,4874,2,3,NULL,NULL),(2805,4875,2,3,NULL,NULL),(2806,4876,2,3,NULL,NULL),(2807,4877,2,3,NULL,NULL),(2808,4878,2,3,NULL,NULL),(2809,4879,2,3,NULL,NULL),(2810,4880,2,3,NULL,NULL),(2811,4881,2,3,NULL,NULL),(2812,4882,2,3,NULL,NULL),(2813,4883,2,3,NULL,NULL),(2814,4884,2,3,NULL,NULL),(2815,4885,2,3,NULL,NULL),(2816,4886,2,3,NULL,NULL),(2817,4887,2,3,NULL,NULL),(2818,4888,2,3,NULL,NULL),(2819,4889,2,3,NULL,NULL),(2820,4890,2,3,NULL,NULL),(2821,4891,2,3,NULL,NULL),(2822,4892,2,3,NULL,NULL),(2823,4893,2,3,NULL,NULL),(2824,4894,2,3,NULL,NULL),(2825,4895,2,3,NULL,NULL),(2826,4896,2,3,NULL,NULL),(2827,4897,2,3,NULL,NULL),(2828,4898,2,3,NULL,NULL),(2829,4899,2,3,NULL,NULL),(2830,4900,2,3,NULL,NULL),(2831,4901,2,3,NULL,NULL),(2832,4902,2,3,NULL,NULL),(2833,4903,2,3,NULL,NULL),(2834,4904,2,3,NULL,NULL),(2835,4905,2,3,NULL,NULL),(2836,4906,2,3,NULL,NULL),(2837,4907,2,3,NULL,NULL),(2838,4908,2,3,NULL,NULL),(2839,4909,2,3,NULL,NULL),(2840,4910,2,3,NULL,NULL),(2841,4911,2,3,NULL,NULL),(2842,4912,2,3,NULL,NULL),(2843,4913,2,3,NULL,NULL),(2844,4914,2,3,NULL,NULL),(2845,4915,2,3,NULL,NULL),(2846,4916,2,3,NULL,NULL),(2847,4917,2,3,NULL,NULL),(2848,4918,2,3,NULL,NULL),(2849,4919,2,3,NULL,NULL),(2850,4920,2,3,NULL,NULL),(2851,4921,2,3,NULL,NULL),(2852,4922,2,3,NULL,NULL),(2853,4923,2,3,NULL,NULL),(2854,4924,2,3,NULL,NULL),(2855,4925,2,3,NULL,NULL),(2856,4926,2,3,NULL,NULL),(2857,4927,2,3,NULL,NULL),(2858,4928,2,3,NULL,NULL),(2859,4929,2,3,NULL,NULL),(2860,4930,2,3,NULL,NULL),(2861,4931,2,3,NULL,NULL),(2862,4932,2,3,NULL,NULL),(2863,4933,2,3,NULL,NULL),(2864,4934,2,3,NULL,NULL),(2865,4935,2,3,NULL,NULL),(2866,4936,2,3,NULL,NULL),(2867,4937,2,3,NULL,NULL),(2868,4938,2,3,NULL,NULL),(2869,4939,2,3,NULL,NULL),(2870,4940,2,3,NULL,NULL),(2871,4941,2,3,NULL,NULL),(2872,4942,2,3,NULL,NULL),(2873,4943,2,3,NULL,NULL),(2874,4944,2,3,NULL,NULL),(2875,4945,2,3,NULL,NULL),(2876,4946,2,3,NULL,NULL),(2877,4947,2,3,NULL,NULL),(2878,4948,2,3,NULL,NULL),(2879,4949,2,3,NULL,NULL),(2880,4950,2,3,NULL,NULL),(2881,4951,2,3,NULL,NULL),(2882,4952,2,3,NULL,NULL),(2883,4953,2,3,NULL,NULL),(2884,4954,2,3,NULL,NULL),(2885,4955,2,3,NULL,NULL),(2886,4956,2,3,NULL,NULL),(2887,4957,2,3,NULL,NULL),(2888,4958,2,3,NULL,NULL),(2889,4959,2,3,NULL,NULL),(2890,4960,2,3,NULL,NULL),(2891,4961,2,3,NULL,NULL),(2892,4962,2,3,NULL,NULL),(2893,4963,2,3,NULL,NULL),(2894,4964,2,3,NULL,NULL),(2895,4965,2,3,NULL,NULL),(2896,4966,2,3,NULL,NULL),(2897,4967,2,3,NULL,NULL),(2898,4968,2,3,NULL,NULL),(2899,4969,2,3,NULL,NULL),(2900,4970,2,3,NULL,NULL),(2901,4971,2,3,NULL,NULL),(2902,4972,2,3,NULL,NULL),(2903,4973,2,3,NULL,NULL),(2904,4974,2,3,NULL,NULL),(2905,4975,2,3,NULL,NULL),(2906,4976,2,3,NULL,NULL),(2907,4977,2,3,NULL,NULL),(2908,4978,2,3,NULL,NULL),(2909,4979,2,3,NULL,NULL),(2910,4980,2,3,NULL,NULL),(2911,4981,2,3,NULL,NULL),(2912,4982,2,3,NULL,NULL),(2913,4983,2,3,NULL,NULL),(2914,4984,2,3,NULL,NULL),(2915,4985,2,3,NULL,NULL),(2916,4986,2,3,NULL,NULL),(2917,4987,2,3,NULL,NULL),(2918,4988,2,3,NULL,NULL),(2919,4989,2,3,NULL,NULL),(2920,4990,2,3,NULL,NULL),(2921,4991,2,3,NULL,NULL),(2922,4992,2,3,NULL,NULL),(2923,4993,2,3,NULL,NULL),(2924,4994,2,3,NULL,NULL),(2925,4995,2,3,NULL,NULL),(2926,4996,2,3,NULL,NULL),(2927,4997,2,3,NULL,NULL),(2928,4998,2,3,NULL,NULL),(2929,4999,2,3,NULL,NULL),(2930,5000,2,3,NULL,NULL),(2931,5001,2,3,NULL,NULL),(2932,5002,2,3,NULL,NULL),(2933,5003,2,3,NULL,NULL),(2934,5004,2,3,NULL,NULL),(2935,5005,2,3,NULL,NULL),(2936,5006,2,3,NULL,NULL),(2937,5007,2,3,NULL,NULL),(2938,5008,2,3,NULL,NULL),(2939,5009,2,3,NULL,NULL),(2940,5010,2,3,NULL,NULL),(2941,5011,2,3,NULL,NULL),(2942,5012,2,3,NULL,NULL),(2943,5013,2,3,NULL,NULL),(2944,5014,2,3,NULL,NULL),(2945,5015,2,3,NULL,NULL),(2946,5016,2,3,NULL,NULL),(2947,5017,2,3,NULL,NULL),(2948,5018,2,3,NULL,NULL),(2949,5019,2,3,NULL,NULL),(2950,5020,2,3,NULL,NULL),(2951,5021,2,3,NULL,NULL),(2952,5022,2,3,NULL,NULL),(2953,5023,2,3,NULL,NULL),(2954,5024,2,3,NULL,NULL),(2955,5025,2,3,NULL,NULL),(2956,5026,2,3,NULL,NULL),(2957,5027,2,3,NULL,NULL),(2958,5028,2,3,NULL,NULL),(2959,5029,2,3,NULL,NULL),(2960,5030,2,3,NULL,NULL),(2961,5031,2,3,NULL,NULL),(2962,5032,2,3,NULL,NULL),(2963,5033,2,3,NULL,NULL),(2964,5034,2,3,NULL,NULL),(2965,5035,2,3,NULL,NULL),(2966,5036,2,3,NULL,NULL),(2967,5037,2,3,NULL,NULL),(2968,5038,2,3,NULL,NULL),(2969,5039,2,3,NULL,NULL),(2970,5040,2,3,NULL,NULL),(2971,5041,2,3,NULL,NULL),(2972,5042,2,3,NULL,NULL),(2973,5043,2,3,NULL,NULL),(2974,5044,2,3,NULL,NULL),(2975,5045,2,3,NULL,NULL),(2976,5046,2,3,NULL,NULL),(2977,5047,2,3,NULL,NULL),(2978,5048,2,3,NULL,NULL),(2979,5049,2,3,NULL,NULL),(2980,5050,2,3,NULL,NULL),(2981,5051,2,3,NULL,NULL),(2982,5052,2,3,NULL,NULL),(2983,5053,2,3,NULL,NULL),(2984,5054,2,3,NULL,NULL),(2985,5055,2,3,NULL,NULL),(2986,5056,2,3,NULL,NULL),(2987,5057,2,3,NULL,NULL),(2988,5058,2,3,NULL,NULL),(2989,5059,2,3,NULL,NULL),(2990,5060,2,3,NULL,NULL),(2991,5061,2,3,NULL,NULL),(2992,5062,2,3,NULL,NULL),(2993,5063,2,3,NULL,NULL),(2994,5064,2,3,NULL,NULL),(2995,5065,2,3,NULL,NULL),(2996,5066,2,3,NULL,NULL),(2997,5067,2,3,NULL,NULL),(2998,5068,2,3,NULL,NULL),(2999,5069,2,3,NULL,NULL),(3000,5070,2,3,NULL,NULL),(3001,5071,2,3,NULL,NULL),(3002,5072,2,3,NULL,NULL),(3003,5073,2,3,NULL,NULL),(3004,5074,2,3,NULL,NULL),(3005,5075,2,3,NULL,NULL),(3006,5076,2,3,NULL,NULL),(3007,5077,2,3,NULL,NULL),(3008,5078,2,3,NULL,NULL),(3009,5079,2,3,NULL,NULL),(3010,5080,2,3,NULL,NULL),(3011,5081,2,3,NULL,NULL),(3012,5082,2,3,NULL,NULL),(3013,5083,2,3,NULL,NULL),(3014,5084,2,3,NULL,NULL),(3015,5085,2,3,NULL,NULL),(3016,5086,2,3,NULL,NULL),(3017,5087,2,3,NULL,NULL),(3018,5088,2,3,NULL,NULL),(3019,5089,2,3,NULL,NULL),(3020,5090,2,3,NULL,NULL),(3021,5091,2,3,NULL,NULL),(3022,5092,2,3,NULL,NULL),(3023,5093,2,3,NULL,NULL),(3024,5094,2,3,NULL,NULL),(3025,5095,2,3,NULL,NULL),(3026,5096,2,3,NULL,NULL),(3027,5097,2,3,NULL,NULL),(3028,5098,2,3,NULL,NULL),(3029,5099,2,3,NULL,NULL),(3030,5100,2,3,NULL,NULL),(3031,5101,2,3,NULL,NULL),(3032,5102,2,3,NULL,NULL),(3033,5103,2,3,NULL,NULL),(3034,5104,2,3,NULL,NULL),(3035,5105,2,3,NULL,NULL),(3036,5106,2,3,NULL,NULL),(3037,5107,2,3,NULL,NULL),(3038,5108,2,3,NULL,NULL),(3039,5109,2,3,NULL,NULL),(3040,5110,2,3,NULL,NULL),(3041,5111,2,3,NULL,NULL),(3042,5112,2,3,NULL,NULL),(3043,5113,2,3,NULL,NULL),(3044,5114,2,3,NULL,NULL),(3045,5115,2,3,NULL,NULL),(3046,5116,2,3,NULL,NULL),(3047,5117,2,3,NULL,NULL),(3048,5118,2,3,NULL,NULL),(3049,5119,2,3,NULL,NULL),(3050,5120,2,3,NULL,NULL),(3051,5121,2,3,NULL,NULL),(3052,5122,2,3,NULL,NULL),(3053,5123,2,3,NULL,NULL),(3054,5124,2,3,NULL,NULL),(3055,5125,2,3,NULL,NULL),(3056,5126,2,3,NULL,NULL),(3057,5127,2,3,NULL,NULL),(3058,5128,2,3,NULL,NULL),(3059,5129,2,3,NULL,NULL),(3060,5130,2,3,NULL,NULL),(3061,5131,2,3,NULL,NULL),(3062,5132,2,3,NULL,NULL),(3063,5133,2,3,NULL,NULL),(3064,5134,2,3,NULL,NULL),(3065,5135,2,3,NULL,NULL),(3066,5136,2,3,NULL,NULL),(3067,5137,2,3,NULL,NULL),(3068,5138,2,3,NULL,NULL),(3069,5139,2,3,NULL,NULL),(3070,5140,2,3,NULL,NULL),(3071,5141,2,3,NULL,NULL),(3072,5142,2,3,NULL,NULL),(3073,5143,2,3,NULL,NULL),(3074,5144,2,3,NULL,NULL),(3075,5145,2,3,NULL,NULL),(3076,5146,2,3,NULL,NULL),(3077,5147,2,3,NULL,NULL),(3078,5148,2,3,NULL,NULL),(3079,5149,2,3,NULL,NULL),(3080,5150,2,3,NULL,NULL),(3081,5151,2,3,NULL,NULL),(3082,5152,2,3,NULL,NULL),(3083,5153,2,3,NULL,NULL),(3084,5154,2,3,NULL,NULL),(3085,5155,2,3,NULL,NULL),(3086,5156,2,3,NULL,NULL),(3087,5157,2,3,NULL,NULL),(3088,5158,2,3,NULL,NULL),(3089,5159,2,3,NULL,NULL),(3090,5160,2,3,NULL,NULL),(3091,5161,2,3,NULL,NULL),(3092,5162,2,3,NULL,NULL),(3093,5163,2,3,NULL,NULL),(3094,5164,2,3,NULL,NULL),(3095,5165,2,3,NULL,NULL),(3096,5166,2,3,NULL,NULL),(3097,5167,2,3,NULL,NULL),(3098,5168,2,3,NULL,NULL),(3099,5169,2,3,NULL,NULL),(3100,5170,2,3,NULL,NULL),(3101,5171,2,3,NULL,NULL),(3102,5172,2,3,NULL,NULL),(3103,5173,2,3,NULL,NULL),(3104,5174,2,3,NULL,NULL),(3105,5175,2,3,NULL,NULL),(3106,5176,2,3,NULL,NULL),(3107,5177,2,3,NULL,NULL),(3108,5178,2,3,NULL,NULL),(3109,5179,2,3,NULL,NULL),(3110,5180,2,3,NULL,NULL),(3111,5181,2,3,NULL,NULL),(3112,5182,2,3,NULL,NULL),(3113,5183,2,3,NULL,NULL),(3114,5184,2,3,NULL,NULL),(3115,5185,2,3,NULL,NULL),(3116,5186,2,3,NULL,NULL),(3117,5187,2,3,NULL,NULL),(3118,5188,2,3,NULL,NULL),(3119,5189,2,3,NULL,NULL),(3120,5190,2,3,NULL,NULL),(3121,5191,2,3,NULL,NULL),(3122,5192,2,3,NULL,NULL),(3123,5193,2,3,NULL,NULL),(3124,5194,2,3,NULL,NULL),(3125,5195,2,3,NULL,NULL),(3126,5196,2,3,NULL,NULL),(3127,5197,2,3,NULL,NULL),(3128,5198,2,3,NULL,NULL),(3129,5199,2,3,NULL,NULL),(3130,5200,2,3,NULL,NULL),(3131,5201,2,3,NULL,NULL),(3132,5202,2,3,NULL,NULL),(3133,5203,2,3,NULL,NULL),(3134,5204,2,3,NULL,NULL),(3135,5205,2,3,NULL,NULL),(3136,5206,2,3,NULL,NULL),(3137,5207,2,3,NULL,NULL),(3138,5208,2,3,NULL,NULL),(3139,5209,2,3,NULL,NULL),(3140,5210,2,3,NULL,NULL),(3141,5211,2,3,NULL,NULL),(3142,5212,2,3,NULL,NULL),(3143,5213,2,3,NULL,NULL),(3144,5214,2,3,NULL,NULL),(3145,5215,2,3,NULL,NULL),(3146,5216,2,3,NULL,NULL),(3147,5217,2,3,NULL,NULL),(3148,5218,2,3,NULL,NULL),(3149,5219,2,3,NULL,NULL),(3150,5220,2,3,NULL,NULL),(3151,5221,2,3,NULL,NULL),(3152,5222,2,3,NULL,NULL),(3153,5223,2,3,NULL,NULL),(3154,5224,2,3,NULL,NULL),(3155,5225,2,3,NULL,NULL),(3156,5226,2,3,NULL,NULL),(3157,5227,2,3,NULL,NULL),(3158,5228,2,3,NULL,NULL),(3159,5229,2,3,NULL,NULL),(3160,5230,2,3,NULL,NULL),(3161,5231,2,3,NULL,NULL),(3162,5232,2,3,NULL,NULL),(3163,5233,2,3,NULL,NULL),(3164,5234,2,3,NULL,NULL),(3165,5235,2,3,NULL,NULL),(3166,5236,2,3,NULL,NULL),(3167,5237,2,3,NULL,NULL),(3168,5238,2,3,NULL,NULL),(3169,5239,2,3,NULL,NULL),(3170,5240,2,3,NULL,NULL),(3171,5241,2,3,NULL,NULL),(3172,5242,2,3,NULL,NULL),(3173,5243,2,3,NULL,NULL),(3174,5244,2,3,NULL,NULL),(3175,5245,2,3,NULL,NULL),(3176,5246,2,3,NULL,NULL),(3177,5247,2,3,NULL,NULL),(3178,5248,2,3,NULL,NULL),(3179,5249,2,3,NULL,NULL),(3180,5250,2,3,NULL,NULL),(3181,5251,2,3,NULL,NULL),(3182,5252,2,3,NULL,NULL),(3183,5253,2,3,NULL,NULL),(3184,5254,2,3,NULL,NULL),(3185,5255,2,3,NULL,NULL),(3186,5256,2,3,NULL,NULL),(3187,5257,2,3,NULL,NULL),(3188,5258,2,3,NULL,NULL),(3189,5259,2,3,NULL,NULL),(3190,5260,2,3,NULL,NULL),(3191,5261,2,3,NULL,NULL),(3192,5262,2,3,NULL,NULL),(3193,5263,2,3,NULL,NULL),(3194,5264,2,3,NULL,NULL),(3195,5265,2,3,NULL,NULL),(3196,5266,2,3,NULL,NULL),(3197,5267,2,3,NULL,NULL),(3198,5268,2,3,NULL,NULL),(3199,5269,2,3,NULL,NULL),(3200,5270,2,3,NULL,NULL),(3201,5271,2,3,NULL,NULL),(3202,5272,2,3,NULL,NULL),(3203,5273,2,3,NULL,NULL),(3204,5274,2,3,NULL,NULL),(3205,5275,2,3,NULL,NULL),(3206,5276,2,3,NULL,NULL),(3207,5277,2,3,NULL,NULL),(3208,5278,2,3,NULL,NULL),(3209,5279,2,3,NULL,NULL),(3210,5280,2,3,NULL,NULL),(3211,5281,2,3,NULL,NULL),(3212,5282,2,3,NULL,NULL),(3213,5283,2,3,NULL,NULL),(3214,5284,2,3,NULL,NULL),(3215,5285,2,3,NULL,NULL),(3216,5286,2,3,NULL,NULL),(3217,5287,2,3,NULL,NULL),(3218,5288,2,3,NULL,NULL),(3219,5289,2,3,NULL,NULL),(3220,5290,2,3,NULL,NULL),(3221,5291,2,3,NULL,NULL),(3222,5292,2,3,NULL,NULL),(3223,5293,2,3,NULL,NULL),(3224,5294,2,3,NULL,NULL),(3225,5295,2,3,NULL,NULL),(3226,5296,2,3,NULL,NULL),(3227,5297,2,3,NULL,NULL),(3228,5298,2,3,NULL,NULL),(3229,5299,2,3,NULL,NULL),(3230,5300,2,3,NULL,NULL),(3231,5301,2,3,NULL,NULL),(3232,5302,2,3,NULL,NULL),(3233,5303,2,3,NULL,NULL),(3234,5304,2,3,NULL,NULL),(3235,5305,2,3,NULL,NULL),(3236,5306,2,3,NULL,NULL),(3237,5307,2,3,NULL,NULL),(3238,5308,2,3,NULL,NULL),(3239,5309,2,3,NULL,NULL),(3240,5310,2,3,NULL,NULL),(3241,5311,2,3,NULL,NULL),(3242,5312,2,3,NULL,NULL),(3243,5313,2,3,NULL,NULL),(3244,5314,2,3,NULL,NULL),(3245,5315,2,3,NULL,NULL),(3246,5316,2,3,NULL,NULL),(3247,5317,2,3,NULL,NULL),(3248,5318,2,3,NULL,NULL),(3249,5319,2,3,NULL,NULL),(3250,5320,2,3,NULL,NULL),(3251,5321,2,3,NULL,NULL),(3252,5322,2,3,NULL,NULL),(3253,5323,2,3,NULL,NULL),(3254,5324,2,3,NULL,NULL),(3255,5325,2,3,NULL,NULL),(3256,5326,2,3,NULL,NULL),(3257,5327,2,3,NULL,NULL),(3258,5328,2,3,NULL,NULL),(3259,5329,2,3,NULL,NULL),(3260,5330,2,3,NULL,NULL),(3261,5331,2,3,NULL,NULL),(3262,5332,2,3,NULL,NULL),(3263,5333,2,3,NULL,NULL),(3264,5334,2,3,NULL,NULL),(3265,5335,2,3,NULL,NULL),(3266,5336,2,3,NULL,NULL),(3267,5337,2,3,NULL,NULL),(3268,5338,2,3,NULL,NULL),(3269,5339,2,3,NULL,NULL),(3270,5340,2,3,NULL,NULL),(3271,5341,2,3,NULL,NULL),(3272,5342,2,3,NULL,NULL),(3273,5343,2,3,NULL,NULL),(3274,5344,2,3,NULL,NULL),(3275,5345,2,3,NULL,NULL),(3276,5346,2,3,NULL,NULL),(3277,5347,2,3,NULL,NULL),(3278,5348,2,3,NULL,NULL),(3279,5349,2,3,NULL,NULL),(3280,5350,2,3,NULL,NULL),(3281,5351,2,3,NULL,NULL),(3282,5352,2,3,NULL,NULL),(3283,5353,2,3,NULL,NULL),(3284,5354,2,3,NULL,NULL),(3285,5355,2,3,NULL,NULL),(3286,5356,2,3,NULL,NULL),(3287,5357,2,3,NULL,NULL),(3288,5358,2,3,NULL,NULL),(3289,5359,2,3,NULL,NULL),(3290,5360,2,3,NULL,NULL),(3291,5361,2,3,NULL,NULL),(3292,5362,2,3,NULL,NULL),(3293,5363,2,3,NULL,NULL),(3294,5364,2,3,NULL,NULL),(3295,5365,2,3,NULL,NULL),(3296,5366,2,3,NULL,NULL),(3297,5367,2,3,NULL,NULL),(3298,5368,2,3,NULL,NULL),(3299,5369,2,3,NULL,NULL),(3300,5370,2,3,NULL,NULL),(3301,5371,2,3,NULL,NULL),(3302,5372,2,3,NULL,NULL),(3303,5373,2,3,NULL,NULL),(3304,5374,2,3,NULL,NULL),(3305,5375,2,3,NULL,NULL),(3306,5376,2,3,NULL,NULL),(3307,5377,2,3,NULL,NULL),(3308,5378,2,3,NULL,NULL),(3309,5379,2,3,NULL,NULL),(3310,5380,2,3,NULL,NULL),(3311,5381,2,3,NULL,NULL),(3312,5382,2,3,NULL,NULL),(3313,5383,2,3,NULL,NULL),(3314,5384,2,3,NULL,NULL),(3315,5385,2,3,NULL,NULL),(3316,5386,2,3,NULL,NULL),(3317,5387,2,3,NULL,NULL),(3318,5388,2,3,NULL,NULL),(3319,5389,2,3,NULL,NULL),(3320,5390,2,3,NULL,NULL),(3321,5391,2,3,NULL,NULL),(3322,5392,2,3,NULL,NULL),(3323,5393,2,3,NULL,NULL),(3324,5394,2,3,NULL,NULL),(3325,5395,2,3,NULL,NULL),(3326,5396,2,3,NULL,NULL),(3327,5397,2,3,NULL,NULL),(3328,5398,2,3,NULL,NULL),(3329,5399,2,3,NULL,NULL),(3330,5400,2,3,NULL,NULL),(3331,5401,2,3,NULL,NULL),(3332,5402,2,3,NULL,NULL),(3333,5403,2,3,NULL,NULL),(3334,5404,2,3,NULL,NULL),(3335,5405,2,3,NULL,NULL),(3336,5406,2,3,NULL,NULL),(3337,5407,2,3,NULL,NULL),(3338,5408,2,3,NULL,NULL),(3339,5409,2,3,NULL,NULL),(3340,5410,2,3,NULL,NULL),(3341,5411,2,3,NULL,NULL),(3342,5412,2,3,NULL,NULL),(3343,5413,2,3,NULL,NULL),(3344,5414,2,3,NULL,NULL),(3345,5415,2,3,NULL,NULL),(3346,5416,2,3,NULL,NULL),(3347,5417,2,3,NULL,NULL),(3348,5418,2,3,NULL,NULL),(3349,5419,2,3,NULL,NULL),(3350,5420,2,3,NULL,NULL),(3351,5421,2,3,NULL,NULL),(3352,5422,2,3,NULL,NULL),(3353,5423,2,3,NULL,NULL),(3354,5424,2,3,NULL,NULL),(3355,5425,2,3,NULL,NULL),(3356,5426,2,3,NULL,NULL),(3357,5427,2,3,NULL,NULL),(3358,5428,2,3,NULL,NULL),(3359,5429,2,3,NULL,NULL),(3360,5430,2,3,NULL,NULL),(3361,5431,2,3,NULL,NULL),(3362,5432,2,3,NULL,NULL),(3363,5433,2,3,NULL,NULL),(3364,5434,2,3,NULL,NULL),(3365,5435,2,3,NULL,NULL),(3366,5436,2,3,NULL,NULL),(3367,5437,2,3,NULL,NULL),(3368,5438,2,3,NULL,NULL),(3369,5439,2,3,NULL,NULL),(3370,5440,2,3,NULL,NULL),(3371,5441,2,3,NULL,NULL),(3372,5442,2,3,NULL,NULL),(3373,5443,2,3,NULL,NULL),(3374,5444,2,3,NULL,NULL),(3375,5445,2,3,NULL,NULL),(3376,5446,2,3,NULL,NULL),(3377,5447,2,3,NULL,NULL),(3378,5448,2,3,NULL,NULL),(3379,5449,2,3,NULL,NULL),(3380,5450,2,3,NULL,NULL),(3381,5451,2,3,NULL,NULL),(3382,5452,2,3,NULL,NULL),(3383,5453,2,3,NULL,NULL),(3384,5454,2,3,NULL,NULL),(3385,5455,2,3,NULL,NULL),(3386,5456,2,3,NULL,NULL),(3387,5457,2,3,NULL,NULL),(3388,5458,2,3,NULL,NULL),(3389,5459,2,3,NULL,NULL),(3390,5460,2,3,NULL,NULL),(3391,5461,2,3,NULL,NULL),(3392,5462,2,3,NULL,NULL),(3393,5463,2,3,NULL,NULL),(3394,5464,2,3,NULL,NULL),(3395,5465,2,3,NULL,NULL),(3396,5466,2,3,NULL,NULL),(3397,5467,2,3,NULL,NULL),(3398,5468,2,3,NULL,NULL),(3399,5469,2,3,NULL,NULL),(3400,5470,2,3,NULL,NULL),(3401,5471,2,3,NULL,NULL),(3402,5472,2,3,NULL,NULL),(3403,5473,2,3,NULL,NULL),(3404,5474,2,3,NULL,NULL),(3405,5475,2,3,NULL,NULL),(3406,5476,2,3,NULL,NULL),(3407,5477,2,3,NULL,NULL),(3408,5478,2,3,NULL,NULL),(3409,5479,2,3,NULL,NULL),(3410,5480,2,3,NULL,NULL),(3411,5481,2,3,NULL,NULL),(3412,5482,2,3,NULL,NULL),(3413,5483,2,3,NULL,NULL),(3414,5484,2,3,NULL,NULL),(3415,5485,2,3,NULL,NULL),(3416,5486,2,3,NULL,NULL),(3417,5487,2,3,NULL,NULL),(3418,5488,2,3,NULL,NULL),(3419,5489,2,3,NULL,NULL),(3420,5490,2,3,NULL,NULL),(3421,5491,2,3,NULL,NULL),(3422,5492,2,3,NULL,NULL),(3423,5493,2,3,NULL,NULL),(3424,5494,2,3,NULL,NULL),(3425,5495,2,3,NULL,NULL),(3426,5496,2,3,NULL,NULL),(3427,5497,2,3,NULL,NULL),(3428,5498,2,3,NULL,NULL),(3429,5499,2,3,NULL,NULL),(3430,5500,2,3,NULL,NULL),(3431,5501,2,3,NULL,NULL),(3432,5502,2,3,NULL,NULL),(3433,5503,2,3,NULL,NULL),(3434,5504,2,3,NULL,NULL),(3435,5505,2,3,NULL,NULL),(3436,5506,2,3,NULL,NULL),(3437,5507,2,3,NULL,NULL),(3438,5508,2,3,NULL,NULL),(3439,5509,2,3,NULL,NULL),(3440,5510,2,3,NULL,NULL),(3441,5511,2,3,NULL,NULL),(3442,5512,2,3,NULL,NULL),(3443,5513,2,3,NULL,NULL),(3444,5514,2,3,NULL,NULL),(3445,5515,2,3,NULL,NULL),(3446,5516,2,3,NULL,NULL),(3447,5517,2,3,NULL,NULL),(3448,5518,2,3,NULL,NULL),(3449,5519,2,3,NULL,NULL),(3450,5520,2,3,NULL,NULL),(3451,5521,2,3,NULL,NULL),(3452,5522,2,3,NULL,NULL),(3453,5523,2,3,NULL,NULL),(3454,5524,2,3,NULL,NULL),(3455,5525,2,3,NULL,NULL),(3456,5526,2,3,NULL,NULL),(3457,5527,2,3,NULL,NULL),(3458,5528,2,3,NULL,NULL),(3459,5529,2,3,NULL,NULL),(3460,5530,2,3,NULL,NULL),(3461,5531,2,3,NULL,NULL),(3462,5532,2,3,NULL,NULL),(3463,5533,2,3,NULL,NULL),(3464,5534,2,3,NULL,NULL),(3465,5535,2,3,NULL,NULL),(3466,5536,2,3,NULL,NULL),(3467,5537,2,3,NULL,NULL),(3468,5538,2,3,NULL,NULL),(3469,5539,2,3,NULL,NULL),(3470,5540,2,3,NULL,NULL),(3471,5541,2,3,NULL,NULL),(3472,5542,2,3,NULL,NULL),(3473,5543,2,3,NULL,NULL),(3474,5544,2,3,NULL,NULL),(3475,5545,2,3,NULL,NULL),(3476,5546,2,3,NULL,NULL),(3477,5547,2,3,NULL,NULL),(3478,5548,2,3,NULL,NULL),(3479,5549,2,3,NULL,NULL),(3480,5550,2,3,NULL,NULL),(3481,5551,2,3,NULL,NULL),(3482,5552,2,3,NULL,NULL),(3483,5553,2,3,NULL,NULL),(3484,5554,2,3,NULL,NULL),(3485,5555,2,3,NULL,NULL),(3486,5556,2,3,NULL,NULL),(3487,5557,2,3,NULL,NULL),(3488,5558,2,3,NULL,NULL),(3489,5559,2,3,NULL,NULL),(3490,5560,2,3,NULL,NULL),(3491,5561,2,3,NULL,NULL),(3492,5562,2,3,NULL,NULL),(3493,5563,2,3,NULL,NULL),(3494,5564,2,3,NULL,NULL),(3495,5565,2,3,NULL,NULL),(3496,5566,2,3,NULL,NULL),(3497,5567,2,3,NULL,NULL),(3498,5568,2,3,NULL,NULL),(3499,5569,2,3,NULL,NULL),(3500,5570,2,3,NULL,NULL),(3501,5571,2,3,NULL,NULL),(3502,5572,2,3,NULL,NULL),(3503,5573,2,3,NULL,NULL),(3504,5574,2,3,NULL,NULL),(3505,5575,2,3,NULL,NULL),(3506,5576,2,3,NULL,NULL),(3507,5577,2,3,NULL,NULL),(3508,5578,2,3,NULL,NULL),(3509,5579,2,3,NULL,NULL),(3510,5580,2,3,NULL,NULL),(3511,5581,2,3,NULL,NULL),(3512,5582,2,3,NULL,NULL),(3513,5583,2,3,NULL,NULL),(3514,5584,2,3,NULL,NULL),(3515,5585,2,3,NULL,NULL),(3516,5586,2,3,NULL,NULL),(3517,5587,2,3,NULL,NULL),(3518,5588,2,3,NULL,NULL),(3519,5589,2,3,NULL,NULL),(3520,5590,2,3,NULL,NULL),(3521,5591,2,3,NULL,NULL),(3522,5592,2,3,NULL,NULL),(3523,5593,2,3,NULL,NULL),(3524,5594,2,3,NULL,NULL),(3525,5595,2,3,NULL,NULL),(3526,5596,2,3,NULL,NULL),(3527,5597,2,3,NULL,NULL),(3528,5598,2,3,NULL,NULL),(3529,5599,2,3,NULL,NULL),(3530,5600,2,3,NULL,NULL),(3531,5601,2,3,NULL,NULL),(3532,5602,2,3,NULL,NULL),(3533,5603,2,3,NULL,NULL),(3534,5604,2,3,NULL,NULL),(3535,5605,2,3,NULL,NULL),(3536,5606,2,3,NULL,NULL),(3537,5607,2,3,NULL,NULL),(3538,5608,2,3,NULL,NULL),(3539,5609,2,3,NULL,NULL),(3540,5610,2,3,NULL,NULL),(3541,5611,2,3,NULL,NULL),(3542,5612,2,3,NULL,NULL),(3543,5613,2,3,NULL,NULL),(3544,5614,2,3,NULL,NULL),(3545,5615,2,3,NULL,NULL),(3546,5616,2,3,NULL,NULL),(3547,5617,2,3,NULL,NULL),(3548,5618,2,3,NULL,NULL),(3549,5619,2,3,NULL,NULL),(3550,5620,2,3,NULL,NULL),(3551,5621,2,3,NULL,NULL),(3552,5622,2,3,NULL,NULL),(3553,5623,2,3,NULL,NULL),(3554,5624,2,3,NULL,NULL),(3555,5625,2,3,NULL,NULL),(3556,5626,2,3,NULL,NULL),(3557,5627,2,3,NULL,NULL),(3558,5628,2,3,NULL,NULL),(3559,5629,2,3,NULL,NULL),(3560,5630,2,3,NULL,NULL),(3561,5631,2,3,NULL,NULL),(3562,5632,2,3,NULL,NULL),(3563,5633,2,3,NULL,NULL),(3564,5634,2,3,NULL,NULL),(3565,5635,2,3,NULL,NULL),(3566,5636,2,3,NULL,NULL),(3567,5637,2,3,NULL,NULL),(3568,5638,2,3,NULL,NULL),(3569,5639,2,3,NULL,NULL),(3570,5640,2,3,NULL,NULL),(3571,5641,2,3,NULL,NULL),(3572,5642,2,3,NULL,NULL),(3573,5643,2,3,NULL,NULL),(3574,5644,2,3,NULL,NULL),(3575,5645,2,3,NULL,NULL),(3576,5646,2,3,NULL,NULL),(3577,5647,2,3,NULL,NULL),(3578,5648,2,3,NULL,NULL),(3579,5649,2,3,NULL,NULL),(3580,5650,2,3,NULL,NULL),(3581,5651,2,3,NULL,NULL),(3582,5652,2,3,NULL,NULL),(3583,5653,2,3,NULL,NULL),(3584,5654,2,3,NULL,NULL),(3585,5655,2,3,NULL,NULL),(3586,5656,2,3,NULL,NULL),(3587,5657,2,3,NULL,NULL),(3588,5658,2,3,NULL,NULL),(3589,5659,2,3,NULL,NULL),(3590,5660,2,3,NULL,NULL),(3591,5661,2,3,NULL,NULL),(3592,5662,2,3,NULL,NULL),(3593,5663,2,3,NULL,NULL),(3594,5664,2,3,NULL,NULL),(3595,5665,2,3,NULL,NULL),(3596,5666,2,3,NULL,NULL),(3597,5667,2,3,NULL,NULL),(3598,5668,2,3,NULL,NULL),(3599,5669,2,3,NULL,NULL),(3600,5670,2,3,NULL,NULL),(3601,5671,2,3,NULL,NULL),(3602,5672,2,3,NULL,NULL),(3603,5673,2,3,NULL,NULL),(3604,5674,2,3,NULL,NULL),(3605,5675,2,3,NULL,NULL),(3606,5676,2,3,NULL,NULL),(3607,5677,2,3,NULL,NULL),(3608,5678,2,3,NULL,NULL),(3609,5679,2,3,NULL,NULL),(3610,5680,2,3,NULL,NULL),(3611,5681,2,3,NULL,NULL),(3612,5682,2,3,NULL,NULL),(3613,5683,2,3,NULL,NULL),(3614,5684,2,3,NULL,NULL),(3615,5685,2,3,NULL,NULL),(3616,5686,2,3,NULL,NULL),(3617,5687,2,3,NULL,NULL),(3618,5688,2,3,NULL,NULL),(3619,5689,2,3,NULL,NULL),(3620,5690,2,3,NULL,NULL),(3621,5691,2,3,NULL,NULL),(3622,5692,2,3,NULL,NULL),(3623,5693,2,3,NULL,NULL),(3624,5694,2,3,NULL,NULL),(3625,5695,2,3,NULL,NULL),(3626,5696,2,3,NULL,NULL),(3627,5697,2,3,NULL,NULL),(3628,5698,2,3,NULL,NULL),(3629,5699,2,3,NULL,NULL),(3630,5700,2,3,NULL,NULL),(3631,5701,2,3,NULL,NULL),(3632,5702,2,3,NULL,NULL),(3633,5703,2,3,NULL,NULL),(3634,5704,2,3,NULL,NULL),(3635,5705,2,3,NULL,NULL),(3636,5706,2,3,NULL,NULL),(3637,5707,2,3,NULL,NULL),(3638,5708,2,3,NULL,NULL),(3639,5709,2,3,NULL,NULL),(3640,5710,2,3,NULL,NULL),(3641,5711,2,3,NULL,NULL),(3642,5712,2,3,NULL,NULL),(3643,5713,2,3,NULL,NULL),(3644,5714,2,3,NULL,NULL),(3645,5715,2,3,NULL,NULL),(3646,5716,2,3,NULL,NULL),(3647,5717,2,3,NULL,NULL),(3648,5718,2,3,NULL,NULL),(3649,5719,2,3,NULL,NULL),(3650,5720,2,3,NULL,NULL),(3651,5721,2,3,NULL,NULL),(3652,5722,2,3,NULL,NULL),(3653,5723,2,3,NULL,NULL),(3654,5724,2,3,NULL,NULL),(3655,5725,2,3,NULL,NULL),(3656,5726,2,3,NULL,NULL),(3657,5727,2,3,NULL,NULL),(3658,5728,2,3,NULL,NULL),(3659,5729,2,3,NULL,NULL),(3660,5730,2,3,NULL,NULL),(3661,5731,2,3,NULL,NULL),(3662,5732,2,3,NULL,NULL),(3663,5733,2,3,NULL,NULL),(3664,5734,2,3,NULL,NULL),(3665,5735,2,3,NULL,NULL),(3666,5736,2,3,NULL,NULL),(3667,5737,2,3,NULL,NULL),(3668,5738,2,3,NULL,NULL),(3669,5739,2,3,NULL,NULL),(3670,5740,2,3,NULL,NULL),(3671,5741,2,3,NULL,NULL),(3672,5742,2,3,NULL,NULL),(3673,5743,2,3,NULL,NULL),(3674,5744,2,3,NULL,NULL),(3675,5745,2,3,NULL,NULL),(3676,5746,2,3,NULL,NULL),(3677,5747,2,3,NULL,NULL),(3678,5748,2,3,NULL,NULL),(3679,5749,2,3,NULL,NULL),(3680,5750,2,3,NULL,NULL),(3681,5751,2,3,NULL,NULL),(3682,5752,2,3,NULL,NULL),(3683,5753,2,3,NULL,NULL),(3684,5754,2,3,NULL,NULL),(3685,5755,2,3,NULL,NULL),(3686,5756,2,3,NULL,NULL),(3687,5757,2,3,NULL,NULL),(3688,5758,2,3,NULL,NULL),(3689,5759,2,3,NULL,NULL),(3690,5760,2,3,NULL,NULL),(3691,5761,2,3,NULL,NULL),(3692,5762,2,3,NULL,NULL),(3693,5763,2,3,NULL,NULL),(3694,5764,2,3,NULL,NULL),(3695,5765,2,3,NULL,NULL),(3696,5766,2,3,NULL,NULL),(3697,5767,2,3,NULL,NULL),(3698,5768,2,3,NULL,NULL),(3699,5769,2,3,NULL,NULL),(3700,5770,2,3,NULL,NULL),(3701,5771,2,3,NULL,NULL),(3702,5772,2,3,NULL,NULL),(3703,5773,2,3,NULL,NULL),(3704,5774,2,3,NULL,NULL),(3705,5775,2,3,NULL,NULL),(3706,5776,2,3,NULL,NULL),(3707,5777,2,3,NULL,NULL),(3708,5778,2,3,NULL,NULL),(3709,5779,2,3,NULL,NULL),(3710,5780,2,3,NULL,NULL),(3711,5781,2,3,NULL,NULL),(3712,5782,2,3,NULL,NULL),(3713,5783,2,3,NULL,NULL),(3714,5784,2,3,NULL,NULL),(3715,5785,2,3,NULL,NULL),(3716,5786,2,3,NULL,NULL),(3717,5787,2,3,NULL,NULL),(3718,5788,2,3,NULL,NULL),(3719,5789,2,3,NULL,NULL),(3720,5790,2,3,NULL,NULL),(3721,5791,2,3,NULL,NULL),(3722,5792,2,3,NULL,NULL),(3723,5793,2,3,NULL,NULL),(3724,5794,2,3,NULL,NULL),(3725,5795,2,3,NULL,NULL),(3726,5796,2,3,NULL,NULL),(3727,5797,2,3,NULL,NULL),(3728,5798,2,3,NULL,NULL),(3729,5799,2,3,NULL,NULL),(3730,5800,2,3,NULL,NULL),(3731,5801,2,3,NULL,NULL),(3732,5802,2,3,NULL,NULL),(3733,5803,2,3,NULL,NULL),(3734,5804,2,3,NULL,NULL),(3735,5805,2,3,NULL,NULL),(3736,5806,2,3,NULL,NULL),(3737,5807,2,3,NULL,NULL),(3738,5808,2,3,NULL,NULL),(3739,5809,2,3,NULL,NULL),(3740,5810,2,3,NULL,NULL),(3741,5811,2,3,NULL,NULL),(3742,5812,2,3,NULL,NULL),(3743,5813,2,3,NULL,NULL),(3744,5814,2,3,NULL,NULL),(3745,5815,2,3,NULL,NULL),(3746,5816,2,3,NULL,NULL),(3747,5817,2,3,NULL,NULL),(3748,5818,2,3,NULL,NULL),(3749,5819,2,3,NULL,NULL),(3750,5820,2,3,NULL,NULL),(3751,5821,2,3,NULL,NULL),(3752,5822,2,3,NULL,NULL),(3753,5823,2,3,NULL,NULL),(3754,5824,2,3,NULL,NULL),(3755,5825,2,3,NULL,NULL),(3756,5826,2,3,NULL,NULL),(3757,5827,2,3,NULL,NULL),(3758,5828,2,3,NULL,NULL),(3759,5829,2,3,NULL,NULL),(3760,5830,2,3,NULL,NULL),(3761,5831,2,3,NULL,NULL),(3762,5832,2,3,NULL,NULL),(3763,5833,2,3,NULL,NULL),(3764,5834,2,3,NULL,NULL),(3765,5835,2,3,NULL,NULL),(3766,5836,2,3,NULL,NULL),(3767,5837,2,3,NULL,NULL),(3768,5838,2,3,NULL,NULL),(3769,5839,2,3,NULL,NULL),(3770,5840,2,3,NULL,NULL),(3771,5841,2,3,NULL,NULL),(3772,5842,2,3,NULL,NULL),(3773,5843,2,3,NULL,NULL),(3774,5844,2,3,NULL,NULL),(3775,5845,2,3,NULL,NULL),(3776,5846,2,3,NULL,NULL),(3777,5847,2,3,NULL,NULL),(3778,5848,2,3,NULL,NULL),(3779,5849,2,3,NULL,NULL),(3780,5850,2,3,NULL,NULL),(3781,5851,2,3,NULL,NULL),(3782,5852,2,3,NULL,NULL),(3783,5853,2,3,NULL,NULL),(3784,5854,2,3,NULL,NULL),(3785,5855,2,3,NULL,NULL),(3786,5856,2,3,NULL,NULL),(3787,5857,2,3,NULL,NULL),(3788,5858,2,3,NULL,NULL),(3789,5859,2,3,NULL,NULL),(3790,5860,2,3,NULL,NULL),(3791,5861,2,3,NULL,NULL),(3792,5862,2,3,NULL,NULL),(3793,5863,2,3,NULL,NULL),(3794,5864,2,3,NULL,NULL),(3795,5865,2,3,NULL,NULL),(3796,5866,2,3,NULL,NULL),(3797,5867,2,3,NULL,NULL),(3798,5868,2,3,NULL,NULL),(3799,5869,2,3,NULL,NULL),(3800,5870,2,3,NULL,NULL),(3801,5871,2,3,NULL,NULL),(3802,5872,2,3,NULL,NULL),(3803,5873,2,3,NULL,NULL),(3804,5874,2,3,NULL,NULL),(3805,5875,2,3,NULL,NULL),(3806,5876,2,3,NULL,NULL),(3807,5877,2,3,NULL,NULL),(3808,5878,2,3,NULL,NULL),(3809,5879,2,3,NULL,NULL),(3810,5880,2,3,NULL,NULL),(3811,5881,2,3,NULL,NULL),(3812,5882,2,3,NULL,NULL),(3813,5883,2,3,NULL,NULL),(3814,5884,2,3,NULL,NULL),(3815,5885,2,3,NULL,NULL),(3816,5886,2,3,NULL,NULL),(3817,5887,2,3,NULL,NULL),(3818,5888,2,3,NULL,NULL),(3819,5889,2,3,NULL,NULL),(3820,5890,2,3,NULL,NULL),(3821,5891,2,3,NULL,NULL),(3822,5892,2,3,NULL,NULL),(3823,5893,2,3,NULL,NULL),(3824,5894,2,3,NULL,NULL),(3825,5895,2,3,NULL,NULL),(3826,5896,2,3,NULL,NULL),(3827,5897,2,3,NULL,NULL),(3828,5898,2,3,NULL,NULL),(3829,5899,2,3,NULL,NULL),(3830,5900,2,3,NULL,NULL),(3831,5901,2,3,NULL,NULL),(3832,5902,2,3,NULL,NULL),(3833,5903,2,3,NULL,NULL),(3834,5904,2,3,NULL,NULL),(3835,5905,2,3,NULL,NULL),(3836,5906,2,3,NULL,NULL),(3837,5907,2,3,NULL,NULL),(3838,5908,2,3,NULL,NULL),(3839,5909,2,3,NULL,NULL),(3840,5910,2,3,NULL,NULL),(3841,5911,2,3,NULL,NULL),(3842,5912,2,3,NULL,NULL),(3843,5913,2,3,NULL,NULL),(3844,5914,2,3,NULL,NULL),(3845,5915,2,3,NULL,NULL),(3846,5916,2,3,NULL,NULL),(3847,5917,2,3,NULL,NULL),(3848,5918,2,3,NULL,NULL),(3849,5919,2,3,NULL,NULL),(3850,5920,2,3,NULL,NULL),(3851,5921,2,3,NULL,NULL),(3852,5922,2,3,NULL,NULL),(3853,5923,2,3,NULL,NULL),(3854,5924,2,3,NULL,NULL),(3855,5925,2,3,NULL,NULL),(3856,5926,2,3,NULL,NULL),(3857,5927,2,3,NULL,NULL),(3858,5928,2,3,NULL,NULL),(3859,5929,2,3,NULL,NULL),(3860,5930,2,3,NULL,NULL),(3861,5931,2,3,NULL,NULL),(3862,5932,2,3,NULL,NULL),(3863,5933,2,3,NULL,NULL),(3864,5934,2,3,NULL,NULL),(3865,5935,2,3,NULL,NULL),(3866,5936,2,3,NULL,NULL),(3867,5937,2,3,NULL,NULL),(3868,5938,2,3,NULL,NULL),(3869,5939,2,3,NULL,NULL),(3870,5940,2,3,NULL,NULL),(3871,5941,2,3,NULL,NULL),(3872,5942,2,3,NULL,NULL),(3873,5943,2,3,NULL,NULL),(3874,5944,2,3,NULL,NULL),(3875,5945,2,3,NULL,NULL),(3876,5946,2,3,NULL,NULL),(3877,5947,2,3,NULL,NULL),(3878,5948,2,3,NULL,NULL),(3879,5949,2,3,NULL,NULL),(3880,5950,2,3,NULL,NULL),(3881,5951,2,3,NULL,NULL),(3882,5952,2,3,NULL,NULL),(3883,5953,2,3,NULL,NULL),(3884,5954,2,3,NULL,NULL),(3885,5955,2,3,NULL,NULL),(3886,5956,2,3,NULL,NULL),(3887,5957,2,3,NULL,NULL),(3888,5958,2,3,NULL,NULL),(3889,5959,2,3,NULL,NULL),(3890,5960,2,3,NULL,NULL),(3891,5961,2,3,NULL,NULL),(3892,5962,2,3,NULL,NULL),(3893,5963,2,3,NULL,NULL),(3894,5964,2,3,NULL,NULL),(3895,5965,2,3,NULL,NULL),(3896,5966,2,3,NULL,NULL),(3897,5967,2,3,NULL,NULL),(3898,5968,2,3,NULL,NULL),(3899,5969,2,3,NULL,NULL),(3900,5970,2,3,NULL,NULL),(3901,5971,2,3,NULL,NULL),(3902,5972,2,3,NULL,NULL),(3903,5973,2,3,NULL,NULL),(3904,5974,2,3,NULL,NULL),(3905,5975,2,3,NULL,NULL),(3906,5976,2,3,NULL,NULL),(3907,5977,2,3,NULL,NULL),(3908,5978,2,3,NULL,NULL),(3909,5979,2,3,NULL,NULL),(3910,5980,2,3,NULL,NULL),(3911,5981,2,3,NULL,NULL),(3912,5982,2,3,NULL,NULL),(3913,5983,2,3,NULL,NULL),(3914,5984,2,3,NULL,NULL),(3915,5985,2,3,NULL,NULL),(3916,5986,2,3,NULL,NULL),(3917,5987,2,3,NULL,NULL),(3918,5988,2,3,NULL,NULL),(3919,5989,2,3,NULL,NULL),(3920,5990,2,3,NULL,NULL),(3921,5991,2,3,NULL,NULL),(3922,5992,2,3,NULL,NULL),(3923,5993,2,3,NULL,NULL),(3924,5994,2,3,NULL,NULL),(3925,5995,2,3,NULL,NULL),(3926,5996,2,3,NULL,NULL),(3927,5997,2,3,NULL,NULL),(3928,5998,2,3,NULL,NULL),(3929,5999,2,3,NULL,NULL),(3930,6000,2,3,NULL,NULL),(3931,6001,2,3,NULL,NULL),(3932,6002,2,3,NULL,NULL),(3933,6003,2,3,NULL,NULL),(3934,6004,2,3,NULL,NULL),(3935,6005,2,3,NULL,NULL),(3936,6006,2,3,NULL,NULL),(3937,6007,2,3,NULL,NULL),(3938,6008,2,3,NULL,NULL),(3939,6009,2,3,NULL,NULL),(3940,6010,2,3,NULL,NULL),(3941,6011,2,3,NULL,NULL),(3942,6012,2,3,NULL,NULL),(3943,6013,2,3,NULL,NULL),(3944,6014,2,3,NULL,NULL),(3945,6015,2,3,NULL,NULL),(3946,6016,2,3,NULL,NULL),(3947,6017,2,3,NULL,NULL),(3948,6018,2,3,NULL,NULL),(3949,6019,2,3,NULL,NULL),(3950,6020,2,3,NULL,NULL),(3951,6021,2,3,NULL,NULL),(3952,6022,2,3,NULL,NULL),(3953,6023,2,3,NULL,NULL),(3954,6024,2,3,NULL,NULL),(3955,6025,2,3,NULL,NULL),(3956,6026,2,3,NULL,NULL),(3957,6027,2,3,NULL,NULL),(3958,6028,2,3,NULL,NULL),(3959,6029,2,3,NULL,NULL),(3960,6030,2,3,NULL,NULL),(3961,6031,2,3,NULL,NULL),(3962,6032,2,3,NULL,NULL),(3963,6033,2,3,NULL,NULL),(3964,6034,2,3,NULL,NULL),(3965,6035,2,3,NULL,NULL),(3966,6036,2,3,NULL,NULL),(3967,6037,2,3,NULL,NULL),(3968,6038,2,3,NULL,NULL),(3969,6039,2,3,NULL,NULL),(3970,6040,2,3,NULL,NULL),(3971,6041,2,3,NULL,NULL),(3972,6042,2,3,NULL,NULL),(3973,6043,2,3,NULL,NULL),(3974,6044,2,3,NULL,NULL),(3975,6045,2,3,NULL,NULL),(3976,6046,2,3,NULL,NULL),(3977,6047,2,3,NULL,NULL),(3978,6048,2,3,NULL,NULL),(3979,6049,2,3,NULL,NULL),(3980,6050,2,3,NULL,NULL),(3981,6051,2,3,NULL,NULL),(3982,6052,2,3,NULL,NULL),(3983,6053,2,3,NULL,NULL),(3984,6054,2,3,NULL,NULL),(3985,6055,2,3,NULL,NULL),(3986,6056,2,3,NULL,NULL),(3987,6057,2,3,NULL,NULL),(3988,6058,2,3,NULL,NULL),(3989,6059,2,3,NULL,NULL),(3990,6060,2,3,NULL,NULL),(3991,6061,2,3,NULL,NULL),(3992,6062,2,3,NULL,NULL),(3993,6063,2,3,NULL,NULL),(3994,6064,2,3,NULL,NULL),(3995,6065,2,3,NULL,NULL),(3996,6066,2,3,NULL,NULL),(3997,6067,2,3,NULL,NULL),(3998,6068,2,3,NULL,NULL),(3999,6069,2,3,NULL,NULL),(4000,6070,2,3,NULL,NULL),(4001,6071,2,3,NULL,NULL),(4002,6072,2,3,NULL,NULL),(4003,6073,2,3,NULL,NULL),(4004,6074,2,3,NULL,NULL),(4005,6075,2,3,NULL,NULL),(4006,6076,2,3,NULL,NULL),(4007,6077,2,3,NULL,NULL),(4008,6078,2,3,NULL,NULL),(4009,6079,2,3,NULL,NULL),(4010,6080,2,3,NULL,NULL),(4011,6081,2,3,NULL,NULL),(4012,6082,2,3,NULL,NULL),(4013,6083,2,3,NULL,NULL),(4014,6084,2,3,NULL,NULL),(4015,6085,2,3,NULL,NULL),(4016,6086,2,3,NULL,NULL),(4017,6087,2,3,NULL,NULL),(4018,6088,2,3,NULL,NULL),(4019,6089,2,3,NULL,NULL),(4020,6090,2,3,NULL,NULL),(4021,6091,2,3,NULL,NULL),(4022,6092,2,3,NULL,NULL),(4023,6093,2,3,NULL,NULL),(4024,6094,2,3,NULL,NULL),(4025,6095,2,3,NULL,NULL),(4026,6096,2,3,NULL,NULL),(4027,6097,2,3,NULL,NULL),(4028,6098,2,3,NULL,NULL),(4029,6099,2,3,NULL,NULL),(4030,6100,2,3,NULL,NULL),(4031,6101,2,3,NULL,NULL),(4032,6102,2,3,NULL,NULL),(4033,6103,2,3,NULL,NULL),(4034,6104,2,3,NULL,NULL),(4035,6105,2,3,NULL,NULL),(4036,6106,2,3,NULL,NULL),(4037,6107,2,3,NULL,NULL),(4038,6108,2,3,NULL,NULL),(4039,6109,2,3,NULL,NULL),(4040,6110,2,3,NULL,NULL),(4041,6111,2,3,NULL,NULL),(4042,6112,2,3,NULL,NULL),(4043,6113,2,3,NULL,NULL),(4044,6114,2,3,NULL,NULL),(4045,6115,2,3,NULL,NULL),(4046,6116,2,3,NULL,NULL),(4047,6117,2,3,NULL,NULL),(4048,6118,2,3,NULL,NULL),(4049,6119,2,3,NULL,NULL),(4050,6120,2,3,NULL,NULL),(4051,6121,2,3,NULL,NULL),(4052,6122,2,3,NULL,NULL),(4053,6123,2,3,NULL,NULL),(4054,6124,2,3,NULL,NULL),(4055,6125,2,3,NULL,NULL),(4056,6126,2,3,NULL,NULL),(4057,6127,2,3,NULL,NULL),(4058,6128,2,3,NULL,NULL),(4059,6129,2,3,NULL,NULL),(4060,6130,2,3,NULL,NULL),(4061,6131,2,3,NULL,NULL),(4062,6132,2,3,NULL,NULL),(4063,6133,2,3,NULL,NULL),(4064,6134,2,3,NULL,NULL),(4065,6135,2,3,NULL,NULL),(4066,6136,2,3,NULL,NULL),(4067,6137,2,3,NULL,NULL),(4068,6138,2,3,NULL,NULL),(4069,6139,2,3,NULL,NULL),(4070,6140,2,3,NULL,NULL),(4071,6141,2,3,NULL,NULL),(4072,6142,2,3,NULL,NULL),(4073,6143,2,3,NULL,NULL),(4074,6144,2,3,NULL,NULL),(4075,6145,2,3,NULL,NULL),(4076,6146,2,3,NULL,NULL),(4077,6147,2,3,NULL,NULL),(4078,6148,2,3,NULL,NULL),(4079,6149,2,3,NULL,NULL),(4080,6150,2,3,NULL,NULL),(4081,6151,2,3,NULL,NULL),(4082,6152,2,3,NULL,NULL),(4083,6153,2,3,NULL,NULL),(4084,6154,2,3,NULL,NULL),(4085,6155,2,3,NULL,NULL),(4086,6156,2,3,NULL,NULL),(4087,6157,2,3,NULL,NULL),(4088,6158,2,3,NULL,NULL),(4089,6159,2,3,NULL,NULL),(4090,6160,2,3,NULL,NULL),(4091,6161,2,3,NULL,NULL),(4092,6162,2,3,NULL,NULL),(4093,6163,2,3,NULL,NULL),(4094,6164,2,3,NULL,NULL),(4095,6165,2,3,NULL,NULL),(4096,6166,2,3,NULL,NULL),(4097,6167,2,3,NULL,NULL),(4098,6168,2,3,NULL,NULL),(4099,6169,2,3,NULL,NULL),(4100,6170,2,3,NULL,NULL),(4101,6171,2,3,NULL,NULL),(4102,6172,2,3,NULL,NULL),(4103,6173,2,3,NULL,NULL),(4104,6174,2,3,NULL,NULL),(4105,6175,2,3,NULL,NULL),(4106,6176,2,3,NULL,NULL),(4107,6177,2,3,NULL,NULL),(4108,6178,2,3,NULL,NULL),(4109,6179,2,3,NULL,NULL),(4110,6180,2,3,NULL,NULL),(4111,6181,2,3,NULL,NULL),(4112,6182,2,3,NULL,NULL),(4113,6183,2,3,NULL,NULL),(4114,6184,2,3,NULL,NULL),(4115,6185,2,3,NULL,NULL),(4116,6186,2,3,NULL,NULL),(4117,6187,2,3,NULL,NULL),(4118,6188,2,3,NULL,NULL),(4119,6189,2,3,NULL,NULL),(4120,6190,2,3,NULL,NULL),(4121,6191,2,3,NULL,NULL),(4122,6192,2,3,NULL,NULL),(4123,6193,2,3,NULL,NULL),(4124,6194,2,3,NULL,NULL),(4125,6195,2,3,NULL,NULL),(4126,6196,2,3,NULL,NULL),(4127,6197,2,3,NULL,NULL),(4128,6198,2,3,NULL,NULL),(4129,6199,2,3,NULL,NULL),(4130,6200,2,3,NULL,NULL),(4131,6201,2,3,NULL,NULL),(4132,6202,2,3,NULL,NULL),(4133,6203,2,3,NULL,NULL),(4134,6204,2,3,NULL,NULL),(4135,6205,2,3,NULL,NULL),(4136,6206,2,3,NULL,NULL),(4137,6207,2,3,NULL,NULL),(4138,6208,2,3,NULL,NULL),(4139,6209,2,3,NULL,NULL),(4140,6210,2,3,NULL,NULL),(4141,6211,2,3,NULL,NULL),(4142,6212,2,3,NULL,NULL),(4143,6213,2,3,NULL,NULL),(4144,6214,2,3,NULL,NULL),(4145,6215,2,3,NULL,NULL),(4146,6216,2,3,NULL,NULL),(4147,6217,2,3,NULL,NULL),(4148,6218,2,3,NULL,NULL),(4149,6219,2,3,NULL,NULL),(4150,6220,2,3,NULL,NULL),(4151,6221,2,3,NULL,NULL),(4152,6222,2,3,NULL,NULL),(4153,6223,2,3,NULL,NULL),(4154,6224,2,3,NULL,NULL),(4155,6225,2,3,NULL,NULL),(4156,6226,2,3,NULL,NULL),(4157,6227,2,3,NULL,NULL),(4158,6228,2,3,NULL,NULL),(4159,6229,2,3,NULL,NULL),(4160,6230,2,3,NULL,NULL),(4161,6231,2,3,NULL,NULL),(4162,6232,2,3,NULL,NULL),(4163,6233,2,3,NULL,NULL),(4164,6234,2,3,NULL,NULL),(4165,6235,2,3,NULL,NULL),(4166,6236,2,3,NULL,NULL),(4167,6237,2,3,NULL,NULL),(4168,6238,2,3,NULL,NULL),(4169,6239,2,3,NULL,NULL),(4170,6240,2,3,NULL,NULL),(4171,6241,2,3,NULL,NULL),(4172,6242,2,3,NULL,NULL),(4173,6243,2,3,NULL,NULL),(4174,6244,2,3,NULL,NULL),(4175,6245,2,3,NULL,NULL),(4176,6246,2,3,NULL,NULL),(4177,6247,2,3,NULL,NULL),(4178,6248,2,3,NULL,NULL),(4179,6249,2,3,NULL,NULL),(4180,6250,2,3,NULL,NULL),(4181,6251,2,3,NULL,NULL),(4182,6252,2,3,NULL,NULL),(4183,6253,2,3,NULL,NULL),(4184,6254,2,3,NULL,NULL),(4185,6255,2,3,NULL,NULL),(4186,6256,2,3,NULL,NULL),(4187,6257,2,3,NULL,NULL),(4188,6258,2,3,NULL,NULL),(4189,6259,2,3,NULL,NULL),(4190,6260,2,3,NULL,NULL),(4191,6261,2,3,NULL,NULL),(4192,6262,2,3,NULL,NULL),(4193,6263,2,3,NULL,NULL),(4194,6264,2,3,NULL,NULL),(4195,6265,2,3,NULL,NULL),(4196,6266,2,3,NULL,NULL),(4197,6267,2,3,NULL,NULL),(4198,6268,2,3,NULL,NULL),(4199,6269,2,3,NULL,NULL),(4200,6270,2,3,NULL,NULL),(4201,6271,2,3,NULL,NULL),(4202,6272,2,3,NULL,NULL),(4203,6273,2,3,NULL,NULL),(4204,6274,2,3,NULL,NULL),(4205,6275,2,3,NULL,NULL),(4206,6276,2,3,NULL,NULL),(4207,6277,2,3,NULL,NULL),(4208,6278,2,3,NULL,NULL),(4209,6279,2,3,NULL,NULL),(4210,6280,2,3,NULL,NULL),(4211,6281,2,3,NULL,NULL),(4212,6282,2,3,NULL,NULL),(4213,6283,2,3,NULL,NULL),(4214,6284,2,3,NULL,NULL),(4215,6285,2,3,NULL,NULL),(4216,6286,2,3,NULL,NULL),(4217,6287,2,3,NULL,NULL),(4218,6288,2,3,NULL,NULL),(4219,6289,2,3,NULL,NULL),(4220,6290,2,3,NULL,NULL),(4221,6291,2,3,NULL,NULL),(4222,6292,2,3,NULL,NULL),(4223,6293,2,3,NULL,NULL),(4224,6294,2,3,NULL,NULL),(4225,6295,2,3,NULL,NULL),(4226,6296,2,3,NULL,NULL),(4227,6297,2,3,NULL,NULL),(4228,6298,2,3,NULL,NULL),(4229,6299,2,3,NULL,NULL),(4230,6300,2,3,NULL,NULL),(4231,6301,2,3,NULL,NULL),(4232,6302,2,3,NULL,NULL),(4233,6303,2,3,NULL,NULL),(4234,6304,2,3,NULL,NULL),(4235,6305,2,3,NULL,NULL),(4236,6306,2,3,NULL,NULL),(4237,6307,2,3,NULL,NULL),(4238,6308,2,3,NULL,NULL),(4239,6309,2,3,NULL,NULL),(4240,6310,2,3,NULL,NULL),(4241,6311,2,3,NULL,NULL),(4242,6312,2,3,NULL,NULL),(4243,6313,2,3,NULL,NULL),(4244,6314,2,3,NULL,NULL),(4245,6315,2,3,NULL,NULL),(4246,6316,2,3,NULL,NULL),(4247,6317,2,3,NULL,NULL),(4248,6318,2,3,NULL,NULL),(4249,6319,2,3,NULL,NULL),(4250,6320,2,3,NULL,NULL),(4251,6321,2,3,NULL,NULL),(4252,6322,2,3,NULL,NULL),(4253,6323,2,3,NULL,NULL),(4254,6324,2,3,NULL,NULL),(4255,6325,2,3,NULL,NULL),(4256,6326,2,3,NULL,NULL),(4257,6327,2,3,NULL,NULL),(4258,6328,2,3,NULL,NULL),(4259,6329,2,3,NULL,NULL),(4260,6330,2,3,NULL,NULL),(4261,6331,2,3,NULL,NULL),(4262,6332,2,3,NULL,NULL),(4263,6333,2,3,NULL,NULL),(4264,6334,2,3,NULL,NULL),(4265,6335,2,3,NULL,NULL),(4266,6336,2,3,NULL,NULL),(4267,6337,2,3,NULL,NULL),(4268,6338,2,3,NULL,NULL),(4269,6339,2,3,NULL,NULL),(4270,6340,2,3,NULL,NULL),(4271,6341,2,3,NULL,NULL),(4272,6342,2,3,NULL,NULL),(4273,6343,2,3,NULL,NULL),(4274,6344,2,3,NULL,NULL),(4275,6345,2,3,NULL,NULL),(4276,6346,2,3,NULL,NULL),(4277,6347,2,3,NULL,NULL),(4278,6348,2,3,NULL,NULL),(4279,6349,2,3,NULL,NULL),(4280,6350,2,3,NULL,NULL),(4281,6351,2,3,NULL,NULL),(4282,6352,2,3,NULL,NULL),(4283,6353,2,3,NULL,NULL),(4284,6354,2,3,NULL,NULL),(4285,6355,2,3,NULL,NULL),(4286,6356,2,3,NULL,NULL),(4287,6357,2,3,NULL,NULL),(4288,6358,2,3,NULL,NULL),(4289,6359,2,3,NULL,NULL),(4290,6360,2,3,NULL,NULL),(4291,6361,2,3,NULL,NULL),(4292,6362,2,3,NULL,NULL),(4293,6363,2,3,NULL,NULL),(4294,6364,2,3,NULL,NULL),(4295,6365,2,3,NULL,NULL),(4296,6366,2,3,NULL,NULL),(4297,6367,2,3,NULL,NULL),(4298,6368,2,3,NULL,NULL),(4299,6369,2,3,NULL,NULL),(4300,6370,2,3,NULL,NULL),(4301,6371,2,3,NULL,NULL),(4302,6372,2,3,NULL,NULL),(4303,6373,2,3,NULL,NULL),(4304,6374,2,3,NULL,NULL),(4305,6375,2,3,NULL,NULL),(4306,6376,2,3,NULL,NULL),(4307,6377,2,3,NULL,NULL),(4308,6378,2,3,NULL,NULL),(4309,6379,2,3,NULL,NULL),(4310,6380,2,3,NULL,NULL),(4311,6381,2,3,NULL,NULL),(4312,6382,2,3,NULL,NULL),(4313,6383,2,3,NULL,NULL),(4314,6384,2,3,NULL,NULL),(4315,6385,2,3,NULL,NULL),(4316,6386,2,3,NULL,NULL),(4317,6387,2,3,NULL,NULL),(4318,6388,2,3,NULL,NULL),(4319,6389,2,3,NULL,NULL),(4320,6390,2,3,NULL,NULL),(4321,6391,2,3,NULL,NULL),(4322,6392,2,3,NULL,NULL),(4323,6393,2,3,NULL,NULL),(4324,6394,2,3,NULL,NULL),(4325,6395,2,3,NULL,NULL),(4326,6396,2,3,NULL,NULL),(4327,6397,2,3,NULL,NULL),(4328,6398,2,3,NULL,NULL),(4329,6399,2,3,NULL,NULL),(4330,6400,2,3,NULL,NULL),(4331,6401,2,3,NULL,NULL),(4332,6402,2,3,NULL,NULL),(4333,6403,2,3,NULL,NULL),(4334,6404,2,3,NULL,NULL),(4335,6405,2,3,NULL,NULL),(4336,6406,2,3,NULL,NULL),(4337,6407,2,3,NULL,NULL),(4338,6408,2,3,NULL,NULL),(4339,6409,2,3,NULL,NULL),(4340,6410,2,3,NULL,NULL),(4341,6411,2,3,NULL,NULL),(4342,6412,2,3,NULL,NULL),(4343,6413,2,3,NULL,NULL),(4344,6414,2,3,NULL,NULL),(4345,6415,2,3,NULL,NULL),(4346,6416,2,3,NULL,NULL),(4347,6417,2,3,NULL,NULL),(4348,6418,2,3,NULL,NULL),(4349,6419,2,3,NULL,NULL),(4350,6420,2,3,NULL,NULL),(4351,6421,2,3,NULL,NULL),(4352,6422,2,3,NULL,NULL),(4353,6423,2,3,NULL,NULL),(4354,6424,2,3,NULL,NULL),(4355,6425,2,3,NULL,NULL),(4356,6426,2,3,NULL,NULL),(4357,6427,2,3,NULL,NULL),(4358,6428,2,3,NULL,NULL),(4359,6429,2,3,NULL,NULL),(4360,6430,2,3,NULL,NULL),(4361,6431,2,3,NULL,NULL),(4362,6432,2,3,NULL,NULL),(4363,6433,2,3,NULL,NULL),(4364,6434,2,3,NULL,NULL),(4365,6435,2,3,NULL,NULL),(4366,6436,2,3,NULL,NULL),(4367,6437,2,3,NULL,NULL),(4368,6438,2,3,NULL,NULL),(4369,6439,2,3,NULL,NULL),(4370,6440,2,3,NULL,NULL),(4371,6441,2,3,NULL,NULL),(4372,6442,2,3,NULL,NULL),(4373,6443,2,3,NULL,NULL),(4374,6444,2,3,NULL,NULL),(4375,6445,2,3,NULL,NULL),(4376,6446,2,3,NULL,NULL),(4377,6447,2,3,NULL,NULL),(4378,6448,2,3,NULL,NULL),(4379,6449,2,3,NULL,NULL),(4380,6450,2,3,NULL,NULL),(4381,6451,2,3,NULL,NULL),(4382,6452,2,3,NULL,NULL),(4383,6453,2,3,NULL,NULL),(4384,6454,2,3,NULL,NULL),(4385,6455,2,3,NULL,NULL),(4386,6456,2,3,NULL,NULL),(4387,6457,2,3,NULL,NULL),(4388,6458,2,3,NULL,NULL),(4389,6459,2,3,NULL,NULL),(4390,6460,2,3,NULL,NULL),(4391,6461,2,3,NULL,NULL),(4392,6462,2,3,NULL,NULL),(4393,6463,2,3,NULL,NULL),(4394,6464,2,3,NULL,NULL),(4395,6465,2,3,NULL,NULL),(4396,6466,2,3,NULL,NULL),(4397,6467,2,3,NULL,NULL),(4398,6468,2,3,NULL,NULL),(4399,6469,2,3,NULL,NULL),(4400,6470,2,3,NULL,NULL),(4401,6471,2,3,NULL,NULL),(4402,6472,2,3,NULL,NULL),(4403,6473,2,3,NULL,NULL),(4404,6474,2,3,NULL,NULL),(4405,6475,2,3,NULL,NULL),(4406,6476,2,3,NULL,NULL),(4407,6477,2,3,NULL,NULL),(4408,6478,2,3,NULL,NULL),(4409,6479,2,3,NULL,NULL),(4410,6480,2,3,NULL,NULL),(4411,6481,2,3,NULL,NULL),(4412,6482,2,3,NULL,NULL),(4413,6483,2,3,NULL,NULL),(4414,6484,2,3,NULL,NULL),(4415,6485,2,3,NULL,NULL),(4416,6486,2,3,NULL,NULL),(4417,6487,2,3,NULL,NULL),(4418,6488,2,3,NULL,NULL),(4419,6489,2,3,NULL,NULL),(4420,6490,2,3,NULL,NULL),(4421,6491,2,3,NULL,NULL),(4422,6492,2,3,NULL,NULL),(4423,6493,2,3,NULL,NULL),(4424,6494,2,3,NULL,NULL),(4425,6495,2,3,NULL,NULL),(4426,6496,2,3,NULL,NULL),(4427,6497,2,3,NULL,NULL),(4428,6498,2,3,NULL,NULL),(4429,6499,2,3,NULL,NULL),(4430,6500,2,3,NULL,NULL),(4431,6501,2,3,NULL,NULL),(4432,6502,2,3,NULL,NULL),(4433,6503,2,3,NULL,NULL),(4434,6504,2,3,NULL,NULL),(4435,6505,2,3,NULL,NULL),(4436,6506,2,3,NULL,NULL),(4437,6507,2,3,NULL,NULL),(4438,6508,2,3,NULL,NULL),(4439,6509,2,3,NULL,NULL),(4440,6510,2,3,NULL,NULL),(4441,6511,2,3,NULL,NULL),(4442,6512,2,3,NULL,NULL),(4443,6513,2,3,NULL,NULL),(4444,6514,2,3,NULL,NULL),(4445,6515,2,3,NULL,NULL),(4446,6516,2,3,NULL,NULL),(4447,6517,2,3,NULL,NULL),(4448,6518,2,3,NULL,NULL),(4449,6519,2,3,NULL,NULL),(4450,6520,2,3,NULL,NULL),(4451,6521,2,3,NULL,NULL),(4452,6522,2,3,NULL,NULL),(4453,6523,2,3,NULL,NULL),(4454,6524,2,3,NULL,NULL),(4455,6525,2,3,NULL,NULL),(4456,6526,2,3,NULL,NULL),(4457,6527,2,3,NULL,NULL),(4458,6528,2,3,NULL,NULL),(4459,6529,2,3,NULL,NULL),(4460,6530,2,3,NULL,NULL),(4461,6531,2,3,NULL,NULL),(4462,6532,2,3,NULL,NULL),(4463,6533,2,3,NULL,NULL),(4464,6534,2,3,NULL,NULL),(4465,6535,2,3,NULL,NULL),(4466,6536,2,3,NULL,NULL),(4467,6537,2,3,NULL,NULL),(4468,6538,2,3,NULL,NULL),(4469,6539,2,3,NULL,NULL),(4470,6540,2,3,NULL,NULL),(4471,6541,2,3,NULL,NULL),(4472,6542,2,3,NULL,NULL),(4473,6543,2,3,NULL,NULL),(4474,6544,2,3,NULL,NULL),(4475,6545,2,3,NULL,NULL),(4476,6546,2,3,NULL,NULL),(4477,6547,2,3,NULL,NULL),(4478,6548,2,3,NULL,NULL),(4479,6549,2,3,NULL,NULL),(4480,6550,2,3,NULL,NULL),(4481,6551,2,3,NULL,NULL),(4482,6552,2,3,NULL,NULL),(4483,6553,2,3,NULL,NULL),(4484,6554,2,3,NULL,NULL),(4485,6555,2,3,NULL,NULL),(4486,6556,2,3,NULL,NULL),(4487,6557,2,3,NULL,NULL),(4488,6558,2,3,NULL,NULL),(4489,6559,2,3,NULL,NULL),(4490,6560,2,3,NULL,NULL),(4491,6561,2,3,NULL,NULL),(4492,6562,2,3,NULL,NULL),(4493,6563,2,3,NULL,NULL),(4494,6564,2,3,NULL,NULL),(4495,6565,2,3,NULL,NULL),(4496,6566,2,3,NULL,NULL),(4497,6567,2,3,NULL,NULL),(4498,6568,2,3,NULL,NULL),(4499,6569,2,3,NULL,NULL),(4500,6570,2,3,NULL,NULL),(4501,6571,2,3,NULL,NULL),(4502,6572,2,3,NULL,NULL),(4503,6573,2,3,NULL,NULL),(4504,6574,2,3,NULL,NULL),(4505,6575,2,3,NULL,NULL),(4506,6576,2,3,NULL,NULL),(4507,6577,2,3,NULL,NULL),(4508,6578,2,3,NULL,NULL),(4509,6579,2,3,NULL,NULL),(4510,6580,2,3,NULL,NULL),(4511,6581,2,3,NULL,NULL),(4512,6582,2,3,NULL,NULL),(4513,6583,2,3,NULL,NULL),(4514,6584,2,3,NULL,NULL),(4515,6585,2,3,NULL,NULL),(4516,6586,2,3,NULL,NULL),(4517,6587,2,3,NULL,NULL),(4518,6588,2,3,NULL,NULL),(4519,6589,2,3,NULL,NULL),(4520,6590,2,3,NULL,NULL),(4521,6591,2,3,NULL,NULL),(4522,6592,2,3,NULL,NULL),(4523,6593,2,3,NULL,NULL),(4524,6594,2,3,NULL,NULL),(4525,6595,2,3,NULL,NULL),(4526,6596,2,3,NULL,NULL),(4527,6597,2,3,NULL,NULL),(4528,6598,2,3,NULL,NULL),(4529,6599,2,3,NULL,NULL),(4530,6600,2,3,NULL,NULL),(4531,6601,2,3,NULL,NULL),(4532,6602,2,3,NULL,NULL),(4533,6603,2,3,NULL,NULL),(4534,6604,2,3,NULL,NULL),(4535,6605,2,3,NULL,NULL),(4536,6606,2,3,NULL,NULL),(4537,6607,2,3,NULL,NULL),(4538,6608,2,3,NULL,NULL),(4539,6609,2,3,NULL,NULL),(4540,6610,2,3,NULL,NULL),(4541,6611,2,3,NULL,NULL),(4542,6612,2,3,NULL,NULL),(4543,6613,2,3,NULL,NULL),(4544,6614,2,3,NULL,NULL),(4545,6615,2,3,NULL,NULL),(4546,6616,2,3,NULL,NULL),(4547,6617,2,3,NULL,NULL),(4548,6618,2,3,NULL,NULL),(4549,6619,2,3,NULL,NULL),(4550,6620,2,3,NULL,NULL),(4551,6621,2,3,NULL,NULL),(4552,6622,2,3,NULL,NULL),(4553,6623,2,3,NULL,NULL),(4554,6624,2,3,NULL,NULL),(4555,6625,2,3,NULL,NULL),(4556,6626,2,3,NULL,NULL),(4557,6627,2,3,NULL,NULL),(4558,6628,2,3,NULL,NULL),(4559,6629,2,3,NULL,NULL),(4560,6630,2,3,NULL,NULL),(4561,6631,2,3,NULL,NULL),(4562,6632,2,3,NULL,NULL),(4563,6633,2,3,NULL,NULL),(4564,6634,2,3,NULL,NULL),(4565,6635,2,3,NULL,NULL),(4566,6636,2,3,NULL,NULL),(4567,6637,2,3,NULL,NULL),(4568,6638,2,3,NULL,NULL),(4569,6639,2,3,NULL,NULL),(4570,6640,2,3,NULL,NULL),(4571,6641,2,3,NULL,NULL),(4572,6642,2,3,NULL,NULL),(4573,6643,2,3,NULL,NULL),(4574,6644,2,3,NULL,NULL),(4575,6645,2,3,NULL,NULL),(4576,6646,2,3,NULL,NULL),(4577,6647,2,3,NULL,NULL),(4578,6648,2,3,NULL,NULL),(4579,6649,2,3,NULL,NULL),(4580,6650,2,3,NULL,NULL),(4581,6651,2,3,NULL,NULL),(4582,6652,2,3,NULL,NULL),(4583,6653,2,3,NULL,NULL),(4584,6654,2,3,NULL,NULL),(4585,6655,2,3,NULL,NULL),(4586,6656,2,3,NULL,NULL),(4587,6657,2,3,NULL,NULL),(4588,6658,2,3,NULL,NULL),(4589,6659,2,3,NULL,NULL),(4590,6660,2,3,NULL,NULL),(4591,6661,2,3,NULL,NULL),(4592,6662,2,3,NULL,NULL),(4593,6663,2,3,NULL,NULL),(4594,6664,2,3,NULL,NULL),(4595,6665,2,3,NULL,NULL),(4596,6666,2,3,NULL,NULL),(4597,6667,2,3,NULL,NULL),(4598,6668,2,3,NULL,NULL),(4599,6669,2,3,NULL,NULL),(4600,6670,2,3,NULL,NULL),(4601,6671,2,3,NULL,NULL),(4602,6672,2,3,NULL,NULL),(4603,6673,2,3,NULL,NULL),(4604,6674,2,3,NULL,NULL),(4605,6675,2,3,NULL,NULL),(4606,6676,2,3,NULL,NULL),(4607,6677,2,3,NULL,NULL),(4608,6678,2,3,NULL,NULL),(4609,6679,2,3,NULL,NULL),(4610,6680,2,3,NULL,NULL),(4611,6681,2,3,NULL,NULL),(4612,6682,2,3,NULL,NULL),(4613,6683,2,3,NULL,NULL),(4614,6684,2,3,NULL,NULL),(4615,6685,2,3,NULL,NULL),(4616,6686,2,3,NULL,NULL),(4617,6687,2,3,NULL,NULL),(4618,6688,2,3,NULL,NULL),(4619,6689,2,3,NULL,NULL),(4620,6690,2,3,NULL,NULL),(4621,6691,2,3,NULL,NULL),(4622,6692,2,3,NULL,NULL),(4623,6693,2,3,NULL,NULL),(4624,6694,2,3,NULL,NULL),(4625,6695,2,3,NULL,NULL),(4626,6696,2,3,NULL,NULL),(4627,6697,2,3,NULL,NULL),(4628,6698,2,3,NULL,NULL),(4629,6699,2,3,NULL,NULL),(4630,6700,2,3,NULL,NULL),(4631,6701,2,3,NULL,NULL),(4632,6702,2,3,NULL,NULL),(4633,6703,2,3,NULL,NULL),(4634,6704,2,3,NULL,NULL),(4635,6705,2,3,NULL,NULL),(4636,6706,2,3,NULL,NULL),(4637,6707,2,3,NULL,NULL),(4638,6708,2,3,NULL,NULL),(4639,6709,2,3,NULL,NULL),(4640,6710,2,3,NULL,NULL),(4641,6711,2,3,NULL,NULL),(4642,6712,2,3,NULL,NULL),(4643,6713,2,3,NULL,NULL),(4644,6714,2,3,NULL,NULL),(4645,6715,2,3,NULL,NULL),(4646,6716,2,3,NULL,NULL),(4647,6717,2,3,NULL,NULL),(4648,6718,2,3,NULL,NULL),(4649,6719,2,3,NULL,NULL),(4650,6720,2,3,NULL,NULL),(4651,6721,2,3,NULL,NULL),(4652,6722,2,3,NULL,NULL),(4653,6723,2,3,NULL,NULL),(4654,6724,2,3,NULL,NULL),(4655,6725,2,3,NULL,NULL),(4656,6726,2,3,NULL,NULL),(4657,6727,2,3,NULL,NULL),(4658,6728,2,3,NULL,NULL),(4659,6729,2,3,NULL,NULL),(4660,6730,2,3,NULL,NULL),(4661,6731,2,3,NULL,NULL),(4662,6732,2,3,NULL,NULL),(4663,6733,2,3,NULL,NULL),(4664,6734,2,3,NULL,NULL),(4665,6735,2,3,NULL,NULL),(4666,6736,2,3,NULL,NULL),(4667,6737,2,3,NULL,NULL),(4668,6738,2,3,NULL,NULL),(4669,6739,2,3,NULL,NULL),(4670,6740,2,3,NULL,NULL),(4671,6741,2,3,NULL,NULL),(4672,6742,2,3,NULL,NULL),(4673,6743,2,3,NULL,NULL),(4674,6744,2,3,NULL,NULL),(4675,6745,2,3,NULL,NULL),(4676,6746,2,3,NULL,NULL),(4677,6747,2,3,NULL,NULL),(4678,6748,2,3,NULL,NULL),(4679,6749,2,3,NULL,NULL),(4680,6750,2,3,NULL,NULL),(4681,6751,2,3,NULL,NULL),(4682,6752,2,3,NULL,NULL),(4683,6753,2,3,NULL,NULL),(4684,6754,2,3,NULL,NULL),(4685,6755,2,3,NULL,NULL),(4686,6756,2,3,NULL,NULL),(4687,6757,2,3,NULL,NULL),(4688,6758,2,3,NULL,NULL),(4689,6759,2,3,NULL,NULL),(4690,6760,2,3,NULL,NULL),(4691,6761,2,3,NULL,NULL),(4692,6762,2,3,NULL,NULL),(4693,6763,2,3,NULL,NULL),(4694,6764,2,3,NULL,NULL),(4695,6765,2,3,NULL,NULL),(4696,6766,2,3,NULL,NULL),(4697,6767,2,3,NULL,NULL),(4698,6768,2,3,NULL,NULL),(4699,6769,2,3,NULL,NULL),(4700,6770,2,3,NULL,NULL),(4701,6771,2,3,NULL,NULL),(4702,6772,2,3,NULL,NULL),(4703,6773,2,3,NULL,NULL),(4704,6774,2,3,NULL,NULL),(4705,6775,2,3,NULL,NULL),(4706,6776,2,3,NULL,NULL),(4707,6777,2,3,NULL,NULL),(4708,6778,2,3,NULL,NULL),(4709,6779,2,3,NULL,NULL),(4710,6780,2,3,NULL,NULL),(4711,6781,2,3,NULL,NULL),(4712,6782,2,3,NULL,NULL),(4713,6783,2,3,NULL,NULL),(4714,6784,2,3,NULL,NULL),(4715,6785,2,3,NULL,NULL),(4716,6786,2,3,NULL,NULL),(4717,6787,2,3,NULL,NULL),(4718,6788,2,3,NULL,NULL),(4719,6789,2,3,NULL,NULL),(4720,6790,2,3,NULL,NULL),(4721,6791,2,3,NULL,NULL),(4722,6792,2,3,NULL,NULL),(4723,6793,2,3,NULL,NULL),(4724,6794,2,3,NULL,NULL),(4725,6795,2,3,NULL,NULL),(4726,6796,2,3,NULL,NULL),(4727,6797,2,3,NULL,NULL),(4728,6798,2,3,NULL,NULL),(4729,6799,2,3,NULL,NULL),(4730,6800,2,3,NULL,NULL),(4731,6801,2,3,NULL,NULL),(4732,6802,2,3,NULL,NULL),(4733,6803,2,3,NULL,NULL),(4734,6804,2,3,NULL,NULL),(4735,6805,2,3,NULL,NULL),(4736,6806,2,3,NULL,NULL),(4737,6807,2,3,NULL,NULL),(4738,6808,2,3,NULL,NULL),(4739,6809,2,3,NULL,NULL),(4740,6810,2,3,NULL,NULL),(4741,6811,2,3,NULL,NULL),(4742,6812,2,3,NULL,NULL),(4743,6813,2,3,NULL,NULL),(4744,6814,2,3,NULL,NULL),(4745,6815,2,3,NULL,NULL),(4746,6816,2,3,NULL,NULL),(4747,6817,2,3,NULL,NULL),(4748,6818,2,3,NULL,NULL),(4749,6819,2,3,NULL,NULL),(4750,6820,2,3,NULL,NULL),(4751,6821,2,3,NULL,NULL),(4752,6822,2,3,NULL,NULL),(4753,6823,2,3,NULL,NULL),(4754,6824,2,3,NULL,NULL),(4755,6825,2,3,NULL,NULL),(4756,6826,2,3,NULL,NULL),(4757,6827,2,3,NULL,NULL),(4758,6828,2,3,NULL,NULL),(4759,6829,2,3,NULL,NULL),(4760,6830,2,3,NULL,NULL),(4761,6831,2,3,NULL,NULL),(4762,6832,2,3,NULL,NULL),(4763,6833,2,3,NULL,NULL),(4764,6834,2,3,NULL,NULL),(4765,6835,2,3,NULL,NULL),(4766,6836,2,3,NULL,NULL),(4767,6837,2,3,NULL,NULL),(4768,6838,2,3,NULL,NULL),(4769,6839,2,3,NULL,NULL),(4770,6840,2,3,NULL,NULL),(4771,6841,2,3,NULL,NULL),(4772,6842,2,3,NULL,NULL),(4773,6843,2,3,NULL,NULL),(4774,6844,2,3,NULL,NULL),(4775,6845,2,3,NULL,NULL),(4776,6846,2,3,NULL,NULL),(4777,6847,2,3,NULL,NULL),(4778,6848,2,3,NULL,NULL),(4779,6849,2,3,NULL,NULL),(4780,6850,2,3,NULL,NULL),(4781,6851,2,3,NULL,NULL),(4782,6852,2,3,NULL,NULL),(4783,6853,2,3,NULL,NULL),(4784,6854,2,3,NULL,NULL),(4785,6855,2,3,NULL,NULL),(4786,6856,2,3,NULL,NULL),(4787,6857,2,3,NULL,NULL),(4788,6858,2,3,NULL,NULL),(4789,6859,2,3,NULL,NULL),(4790,6860,2,3,NULL,NULL),(4791,6861,2,3,NULL,NULL),(4792,6862,2,3,NULL,NULL),(4793,6863,2,3,NULL,NULL),(4794,6864,2,3,NULL,NULL),(4795,6865,2,3,NULL,NULL),(4796,6866,2,3,NULL,NULL),(4797,6867,2,3,NULL,NULL),(4798,6868,2,3,NULL,NULL),(4799,6869,2,3,NULL,NULL),(4800,6870,2,3,NULL,NULL),(4801,6871,2,3,NULL,NULL),(4802,6872,2,3,NULL,NULL),(4803,6873,2,3,NULL,NULL),(4804,6874,2,3,NULL,NULL),(4805,6875,2,3,NULL,NULL),(4806,6876,2,3,NULL,NULL),(4807,6877,2,3,NULL,NULL),(4808,6878,2,3,NULL,NULL),(4809,6879,2,3,NULL,NULL),(4810,6880,2,3,NULL,NULL),(4811,6881,2,3,NULL,NULL),(4812,6882,2,3,NULL,NULL),(4813,6883,2,3,NULL,NULL),(4814,6884,2,3,NULL,NULL),(4815,6885,2,3,NULL,NULL),(4816,6886,2,3,NULL,NULL),(4817,6887,2,3,NULL,NULL),(4818,6888,2,3,NULL,NULL),(4819,6889,2,3,NULL,NULL),(4820,6890,2,3,NULL,NULL),(4821,6891,2,3,NULL,NULL),(4822,6892,2,3,NULL,NULL),(4823,6893,2,3,NULL,NULL),(4824,6894,2,3,NULL,NULL),(4825,6895,2,3,NULL,NULL),(4826,6896,2,3,NULL,NULL),(4827,6897,2,3,NULL,NULL),(4828,6898,2,3,NULL,NULL),(4829,6899,2,3,NULL,NULL),(4830,6900,2,3,NULL,NULL),(4831,6901,2,3,NULL,NULL),(4832,6902,2,3,NULL,NULL),(4833,6903,2,3,NULL,NULL),(4834,6904,2,3,NULL,NULL),(4835,6905,2,3,NULL,NULL),(4836,6906,2,3,NULL,NULL),(4837,6907,2,3,NULL,NULL),(4838,6908,2,3,NULL,NULL),(4839,6909,2,3,NULL,NULL),(4840,6910,2,3,NULL,NULL),(4841,6911,2,3,NULL,NULL),(4842,6912,2,3,NULL,NULL),(4843,6913,2,3,NULL,NULL),(4844,6914,2,3,NULL,NULL),(4845,6915,2,3,NULL,NULL),(4846,6916,2,3,NULL,NULL),(4847,6917,2,3,NULL,NULL),(4848,6918,2,3,NULL,NULL),(4849,6919,2,3,NULL,NULL),(4850,6920,2,3,NULL,NULL),(4851,6921,2,3,NULL,NULL),(4852,6922,2,3,NULL,NULL),(4853,6923,2,3,NULL,NULL),(4854,6924,2,3,NULL,NULL),(4855,6925,2,3,NULL,NULL),(4856,6926,2,3,NULL,NULL),(4857,6927,2,3,NULL,NULL),(4858,6928,2,3,NULL,NULL),(4859,6929,2,3,NULL,NULL),(4860,6930,2,3,NULL,NULL),(4861,6931,2,3,NULL,NULL),(4862,6932,2,3,NULL,NULL),(4863,6933,2,3,NULL,NULL),(4864,6934,2,3,NULL,NULL),(4865,6935,2,3,NULL,NULL),(4866,6936,2,3,NULL,NULL),(4867,6937,2,3,NULL,NULL),(4868,6938,2,3,NULL,NULL),(4869,6939,2,3,NULL,NULL),(4870,6940,2,3,NULL,NULL),(4871,6941,2,3,NULL,NULL),(4872,6942,2,3,NULL,NULL),(4873,6943,2,3,NULL,NULL),(4874,6944,2,3,NULL,NULL),(4875,6945,2,3,NULL,NULL),(4876,6946,2,3,NULL,NULL),(4877,6947,2,3,NULL,NULL),(4878,6948,2,3,NULL,NULL),(4879,6949,2,3,NULL,NULL),(4880,6950,2,3,NULL,NULL),(4881,6951,2,3,NULL,NULL),(4882,6952,2,3,NULL,NULL),(4883,6953,2,3,NULL,NULL),(4884,6954,2,3,NULL,NULL),(4885,6955,2,3,NULL,NULL),(4886,6956,2,3,NULL,NULL),(4887,6957,2,3,NULL,NULL),(4888,6958,2,3,NULL,NULL),(4889,6959,2,3,NULL,NULL),(4890,6960,2,3,NULL,NULL),(4891,6961,2,3,NULL,NULL),(4892,6962,2,3,NULL,NULL),(4893,6963,2,3,NULL,NULL),(4894,6964,2,3,NULL,NULL),(4895,6965,2,3,NULL,NULL),(4896,6966,2,3,NULL,NULL),(4897,6967,2,3,NULL,NULL),(4898,6968,2,3,NULL,NULL),(4899,6969,2,3,NULL,NULL),(4900,6970,2,3,NULL,NULL),(4901,6971,2,3,NULL,NULL),(4902,6972,2,3,NULL,NULL),(4903,6973,2,3,NULL,NULL),(4904,6974,2,3,NULL,NULL),(4905,6975,2,3,NULL,NULL),(4906,6976,2,3,NULL,NULL),(4907,6977,2,3,NULL,NULL),(4908,6978,2,3,NULL,NULL),(4909,6979,2,3,NULL,NULL),(4910,6980,2,3,NULL,NULL),(4911,6981,2,3,NULL,NULL),(4912,6982,2,3,NULL,NULL),(4913,6983,2,3,NULL,NULL),(4914,6984,2,3,NULL,NULL),(4915,6985,2,3,NULL,NULL),(4916,6986,2,3,NULL,NULL),(4917,6987,2,3,NULL,NULL),(4918,6988,2,3,NULL,NULL),(4919,6989,2,3,NULL,NULL),(4920,6990,2,3,NULL,NULL),(4921,6991,2,3,NULL,NULL),(4922,6992,2,3,NULL,NULL),(4923,6993,2,3,NULL,NULL),(4924,6994,2,3,NULL,NULL),(4925,6995,2,3,NULL,NULL),(4926,6996,2,3,NULL,NULL),(4927,6997,2,3,NULL,NULL),(4928,6998,2,3,NULL,NULL),(4929,6999,2,3,NULL,NULL),(4930,7000,2,3,NULL,NULL),(4931,7001,2,3,NULL,NULL),(4932,7002,2,3,NULL,NULL),(4933,7003,2,3,NULL,NULL),(4934,7004,2,3,NULL,NULL),(4935,7005,2,3,NULL,NULL),(4936,7006,2,3,NULL,NULL),(4937,7007,2,3,NULL,NULL),(4938,7008,2,3,NULL,NULL),(4939,7009,2,3,NULL,NULL),(4940,7010,2,3,NULL,NULL),(4941,7011,2,3,NULL,NULL),(4942,7012,2,3,NULL,NULL),(4943,7013,2,3,NULL,NULL),(4944,7014,2,3,NULL,NULL),(4945,7015,2,3,NULL,NULL),(4946,7016,2,3,NULL,NULL),(4947,7017,2,3,NULL,NULL),(4948,7018,2,3,NULL,NULL),(4949,7019,2,3,NULL,NULL),(4950,7020,2,3,NULL,NULL),(4951,7021,2,3,NULL,NULL),(4952,7022,2,3,NULL,NULL),(4953,7023,2,3,NULL,NULL),(4954,7024,2,3,NULL,NULL),(4955,7025,2,3,NULL,NULL),(4956,7026,2,3,NULL,NULL),(4957,7027,2,3,NULL,NULL),(4958,7028,2,3,NULL,NULL),(4959,7029,2,3,NULL,NULL),(4960,7030,2,3,NULL,NULL),(4961,7031,2,3,NULL,NULL),(4962,7032,2,3,NULL,NULL),(4963,7033,2,3,NULL,NULL),(4964,7034,2,3,NULL,NULL),(4965,7035,2,3,NULL,NULL),(4966,7036,2,3,NULL,NULL),(4967,7037,2,3,NULL,NULL),(4968,7038,2,3,NULL,NULL),(4969,7039,2,3,NULL,NULL),(4970,7040,2,3,NULL,NULL),(4971,7041,2,3,NULL,NULL),(4972,7042,2,3,NULL,NULL),(4973,7043,2,3,NULL,NULL),(4974,7044,2,3,NULL,NULL),(4975,7045,2,3,NULL,NULL),(4976,7046,2,3,NULL,NULL),(4977,7047,2,3,NULL,NULL),(4978,7048,2,3,NULL,NULL),(4979,7049,2,3,NULL,NULL),(4980,7050,2,3,NULL,NULL),(4981,7051,2,3,NULL,NULL),(4982,7052,2,3,NULL,NULL),(4983,7053,2,3,NULL,NULL),(4984,7054,2,3,NULL,NULL),(4985,7055,2,3,NULL,NULL),(4986,7056,2,3,NULL,NULL),(4987,7057,2,3,NULL,NULL),(4988,7058,2,3,NULL,NULL),(4989,7059,2,3,NULL,NULL),(4990,7060,2,3,NULL,NULL),(4991,7061,2,3,NULL,NULL),(4992,7062,2,3,NULL,NULL),(4993,7063,2,3,NULL,NULL),(4994,7064,2,3,NULL,NULL),(4995,7065,2,3,NULL,NULL),(4996,7066,2,3,NULL,NULL),(4997,7067,2,3,NULL,NULL),(4998,7068,2,3,NULL,NULL),(4999,7069,2,3,NULL,NULL),(5000,7070,2,3,NULL,NULL),(5001,7071,2,3,NULL,NULL),(5002,7072,2,3,NULL,NULL),(5003,7073,2,3,NULL,NULL),(5004,7074,2,3,NULL,NULL),(5005,7075,2,3,NULL,NULL),(5006,7076,2,3,NULL,NULL),(5007,7077,2,3,NULL,NULL),(5008,7078,2,3,NULL,NULL),(5009,7079,2,3,NULL,NULL),(5010,7080,2,3,NULL,NULL),(5011,7081,2,3,NULL,NULL),(5012,7082,2,3,NULL,NULL),(5013,7083,2,3,NULL,NULL),(5014,7084,2,3,NULL,NULL),(5015,7085,2,3,NULL,NULL),(5016,7086,2,3,NULL,NULL),(5017,7087,2,3,NULL,NULL),(5018,7088,2,3,NULL,NULL),(5019,7089,2,3,NULL,NULL),(5020,7090,2,3,NULL,NULL),(5021,7091,2,3,NULL,NULL),(5022,7092,2,3,NULL,NULL),(5023,7093,2,3,NULL,NULL),(5024,7094,2,3,NULL,NULL),(5025,7095,2,3,NULL,NULL),(5026,7096,2,3,NULL,NULL),(5027,7097,2,3,NULL,NULL),(5028,7098,2,3,NULL,NULL),(5029,7099,2,3,NULL,NULL),(5030,7100,2,3,NULL,NULL),(5031,7101,2,3,NULL,NULL),(5032,7102,2,3,NULL,NULL),(5033,7103,2,3,NULL,NULL),(5034,7104,2,3,NULL,NULL),(5035,7105,2,3,NULL,NULL),(5036,7106,2,3,NULL,NULL),(5037,7107,2,3,NULL,NULL),(5038,7108,2,3,NULL,NULL),(5039,7109,2,3,NULL,NULL),(5040,7110,2,3,NULL,NULL),(5041,7111,2,3,NULL,NULL),(5042,7112,2,3,NULL,NULL),(5043,7113,2,3,NULL,NULL),(5044,7114,2,3,NULL,NULL),(5045,7115,2,3,NULL,NULL),(5046,7116,2,3,NULL,NULL),(5047,7117,2,3,NULL,NULL),(5048,7118,2,3,NULL,NULL),(5049,7119,2,3,NULL,NULL),(5050,7120,2,3,NULL,NULL),(5051,7121,2,3,NULL,NULL),(5052,7122,2,3,NULL,NULL),(5053,7123,2,3,NULL,NULL),(5054,7124,2,3,NULL,NULL),(5055,7125,2,3,NULL,NULL),(5056,7126,2,3,NULL,NULL),(5057,7127,2,3,NULL,NULL),(5058,7128,2,3,NULL,NULL),(5059,7129,2,3,NULL,NULL),(5060,7130,2,3,NULL,NULL),(5061,7131,2,3,NULL,NULL),(5062,7132,2,3,NULL,NULL),(5063,7133,2,3,NULL,NULL),(5064,7134,2,3,NULL,NULL),(5065,7135,2,3,NULL,NULL),(5066,7136,2,3,NULL,NULL),(5067,7137,2,3,NULL,NULL),(5068,7138,2,3,NULL,NULL),(5069,7139,2,3,NULL,NULL),(5070,7140,2,3,NULL,NULL),(5071,7141,2,3,NULL,NULL),(5072,7142,2,3,NULL,NULL),(5073,7143,2,3,NULL,NULL),(5074,7144,2,3,NULL,NULL),(5075,7145,2,3,NULL,NULL),(5076,7146,2,3,NULL,NULL),(5077,7147,2,3,NULL,NULL),(5078,7148,2,3,NULL,NULL),(5079,7149,2,3,NULL,NULL),(5080,7150,2,3,NULL,NULL),(5081,7151,2,3,NULL,NULL),(5082,7152,2,3,NULL,NULL),(5083,7153,2,3,NULL,NULL),(5084,7154,2,3,NULL,NULL),(5085,7155,2,3,NULL,NULL),(5086,7156,2,3,NULL,NULL),(5087,7157,2,3,NULL,NULL),(5088,7158,2,3,NULL,NULL),(5089,7159,2,3,NULL,NULL),(5090,7160,2,3,NULL,NULL),(5091,7161,2,3,NULL,NULL),(5092,7162,2,3,NULL,NULL),(5093,7163,2,3,NULL,NULL),(5094,7164,2,3,NULL,NULL),(5095,7165,2,3,NULL,NULL),(5096,7166,2,3,NULL,NULL),(5097,7167,2,3,NULL,NULL),(5098,7168,2,3,NULL,NULL),(5099,7169,2,3,NULL,NULL),(5100,7170,2,3,NULL,NULL),(5101,7171,2,3,NULL,NULL),(5102,7172,2,3,NULL,NULL),(5103,7173,2,3,NULL,NULL),(5104,7174,2,3,NULL,NULL),(5105,7175,2,3,NULL,NULL),(5106,7176,2,3,NULL,NULL),(5107,7177,2,3,NULL,NULL),(5108,7178,2,3,NULL,NULL),(5109,7179,2,3,NULL,NULL),(5110,7180,2,3,NULL,NULL),(5111,7181,2,3,NULL,NULL),(5112,7182,2,3,NULL,NULL),(5113,7183,2,3,NULL,NULL),(5114,7184,2,3,NULL,NULL),(5115,7185,2,3,NULL,NULL),(5116,7186,2,3,NULL,NULL),(5117,7187,2,3,NULL,NULL),(5118,7188,2,3,NULL,NULL),(5119,7189,2,3,NULL,NULL),(5120,7190,2,3,NULL,NULL),(5121,7191,2,3,NULL,NULL),(5122,7192,2,3,NULL,NULL),(5123,7193,2,3,NULL,NULL),(5124,7194,2,3,NULL,NULL),(5125,7195,2,3,NULL,NULL),(5126,7196,2,3,NULL,NULL),(5127,7197,2,3,NULL,NULL),(5128,7198,2,3,NULL,NULL),(5129,7199,2,3,NULL,NULL),(5130,7200,2,3,NULL,NULL),(5131,7201,2,3,NULL,NULL),(5132,7202,2,3,NULL,NULL),(5133,7203,2,3,NULL,NULL),(5134,7204,2,3,NULL,NULL),(5135,7205,2,3,NULL,NULL),(5136,7206,2,3,NULL,NULL),(5137,7207,2,3,NULL,NULL),(5138,7208,2,3,NULL,NULL),(5139,7209,2,3,NULL,NULL),(5140,7210,2,3,NULL,NULL),(5141,7211,2,3,NULL,NULL),(5142,7212,2,3,NULL,NULL),(5143,7213,2,3,NULL,NULL),(5144,7214,2,3,NULL,NULL),(5145,7215,2,3,NULL,NULL),(5146,7216,2,3,NULL,NULL),(5147,7217,2,3,NULL,NULL),(5148,7218,2,3,NULL,NULL),(5149,7219,2,3,NULL,NULL),(5150,7220,2,3,NULL,NULL),(5151,7221,2,3,NULL,NULL),(5152,7222,2,3,NULL,NULL),(5153,7223,2,3,NULL,NULL),(5154,7224,2,3,NULL,NULL),(5155,7225,2,3,NULL,NULL),(5156,7226,2,3,NULL,NULL),(5157,7227,2,3,NULL,NULL),(5158,7228,2,3,NULL,NULL),(5159,7229,2,3,NULL,NULL),(5160,7230,2,3,NULL,NULL),(5161,7231,2,3,NULL,NULL),(5162,7232,2,3,NULL,NULL),(5163,7233,2,3,NULL,NULL),(5164,7234,2,3,NULL,NULL),(5165,7235,2,3,NULL,NULL),(5166,7236,2,3,NULL,NULL),(5167,7237,2,3,NULL,NULL),(5168,7238,2,3,NULL,NULL),(5169,7239,2,3,NULL,NULL),(5170,7240,2,3,NULL,NULL),(5171,7241,2,3,NULL,NULL),(5172,7242,2,3,NULL,NULL),(5173,7243,2,3,NULL,NULL),(5174,7244,2,3,NULL,NULL),(5175,7245,2,3,NULL,NULL),(5176,7246,2,3,NULL,NULL),(5177,7247,2,3,NULL,NULL),(5178,7248,2,3,NULL,NULL),(5179,7249,2,3,NULL,NULL),(5180,7250,2,3,NULL,NULL),(5181,7251,2,3,NULL,NULL),(5182,7252,2,3,NULL,NULL),(5183,7253,2,3,NULL,NULL),(5184,7254,2,3,NULL,NULL),(5185,7255,2,3,NULL,NULL),(5186,7256,2,3,NULL,NULL),(5187,7257,2,3,NULL,NULL),(5188,7258,2,3,NULL,NULL),(5189,7259,2,3,NULL,NULL),(5190,7260,2,3,NULL,NULL),(5191,7261,2,3,NULL,NULL),(5192,7262,2,3,NULL,NULL),(5193,7263,2,3,NULL,NULL),(5194,7264,2,3,NULL,NULL),(5195,7265,2,3,NULL,NULL),(5196,7266,2,3,NULL,NULL),(5197,7267,2,3,NULL,NULL),(5198,7268,2,3,NULL,NULL),(5199,7269,2,3,NULL,NULL),(5200,7270,2,3,NULL,NULL),(5201,7271,2,3,NULL,NULL),(5202,7272,2,3,NULL,NULL),(5203,7273,2,3,NULL,NULL),(5204,7274,2,3,NULL,NULL),(5205,7275,2,3,NULL,NULL),(5206,7276,2,3,NULL,NULL),(5207,7277,2,3,NULL,NULL),(5208,7278,2,3,NULL,NULL),(5209,7279,2,3,NULL,NULL),(5210,7280,2,3,NULL,NULL),(5211,7281,2,3,NULL,NULL),(5212,7282,2,3,NULL,NULL),(5213,7283,2,3,NULL,NULL),(5214,7284,2,3,NULL,NULL),(5215,7285,2,3,NULL,NULL),(5216,7286,2,3,NULL,NULL),(5217,7287,2,3,NULL,NULL),(5218,7288,2,3,NULL,NULL),(5219,7289,2,3,NULL,NULL),(5220,7290,2,3,NULL,NULL),(5221,7291,2,3,NULL,NULL),(5222,7292,2,3,NULL,NULL),(5223,7293,2,3,NULL,NULL),(5224,7294,2,3,NULL,NULL),(5225,7295,2,3,NULL,NULL),(5226,7296,2,3,NULL,NULL),(5227,7297,2,3,NULL,NULL),(5228,7298,2,3,NULL,NULL),(5229,7299,2,3,NULL,NULL),(5230,7300,2,3,NULL,NULL),(5231,7301,2,3,NULL,NULL),(5232,7302,2,3,NULL,NULL),(5233,7303,2,3,NULL,NULL),(5234,7304,2,3,NULL,NULL),(5235,7305,2,3,NULL,NULL),(5236,7306,2,3,NULL,NULL),(5237,7307,2,3,NULL,NULL),(5238,7308,2,3,NULL,NULL),(5239,7309,2,3,NULL,NULL),(5240,7310,2,3,NULL,NULL),(5241,7311,2,3,NULL,NULL),(5242,7312,2,3,NULL,NULL),(5243,7313,2,3,NULL,NULL),(5244,7314,2,3,NULL,NULL),(5245,7315,2,3,NULL,NULL),(5246,7316,2,3,NULL,NULL),(5247,7317,2,3,NULL,NULL),(5248,7318,2,3,NULL,NULL),(5249,7319,2,3,NULL,NULL),(5250,7320,2,3,NULL,NULL),(5251,7321,2,3,NULL,NULL),(5252,7322,2,3,NULL,NULL),(5253,7323,2,3,NULL,NULL),(5254,7324,2,3,NULL,NULL),(5255,7325,2,3,NULL,NULL),(5256,7326,2,3,NULL,NULL),(5257,7327,2,3,NULL,NULL),(5258,7328,2,3,NULL,NULL),(5259,7329,2,3,NULL,NULL),(5260,7330,2,3,NULL,NULL),(5261,7331,2,3,NULL,NULL),(5262,7332,2,3,NULL,NULL),(5263,7333,2,3,NULL,NULL),(5264,7334,2,3,NULL,NULL),(5265,7335,2,3,NULL,NULL),(5266,7336,2,3,NULL,NULL),(5267,7337,2,3,NULL,NULL),(5268,7338,2,3,NULL,NULL),(5269,7339,2,3,NULL,NULL),(5270,7340,2,3,NULL,NULL),(5271,7341,2,3,NULL,NULL),(5272,7342,2,3,NULL,NULL),(5273,7343,2,3,NULL,NULL),(5274,7344,2,3,NULL,NULL),(5275,7345,2,3,NULL,NULL),(5276,7346,2,3,NULL,NULL),(5277,7347,2,3,NULL,NULL),(5278,7348,2,3,NULL,NULL),(5279,7349,2,3,NULL,NULL),(5280,7350,2,3,NULL,NULL),(5281,7351,2,3,NULL,NULL),(5282,7352,2,3,NULL,NULL),(5283,7353,2,3,NULL,NULL),(5284,7354,2,3,NULL,NULL),(5285,7355,2,3,NULL,NULL),(5286,7356,2,3,NULL,NULL),(5287,7357,2,3,NULL,NULL),(5288,7358,2,3,NULL,NULL),(5289,7359,2,3,NULL,NULL),(5290,7360,2,3,NULL,NULL),(5291,7361,2,3,NULL,NULL),(5292,7362,2,3,NULL,NULL),(5293,7363,2,3,NULL,NULL),(5294,7364,2,3,NULL,NULL),(5295,7365,2,3,NULL,NULL),(5296,7366,2,3,NULL,NULL),(5297,7367,2,3,NULL,NULL),(5298,7368,2,3,NULL,NULL),(5299,7369,2,3,NULL,NULL),(5300,7370,2,3,NULL,NULL),(5301,7371,2,3,NULL,NULL),(5302,7372,2,3,NULL,NULL),(5303,7373,2,3,NULL,NULL),(5304,7374,2,3,NULL,NULL),(5305,7375,2,3,NULL,NULL),(5306,7376,2,3,NULL,NULL),(5307,7377,2,3,NULL,NULL),(5308,7378,2,3,NULL,NULL),(5309,7379,2,3,NULL,NULL),(5310,7380,2,3,NULL,NULL),(5311,7381,2,3,NULL,NULL),(5312,7382,2,3,NULL,NULL),(5313,7383,2,3,NULL,NULL),(5314,7384,2,3,NULL,NULL),(5315,7385,2,3,NULL,NULL),(5316,7386,2,3,NULL,NULL),(5317,7387,2,3,NULL,NULL),(5318,7388,2,3,NULL,NULL),(5319,7389,2,3,NULL,NULL),(5320,7390,2,3,NULL,NULL),(5321,7391,2,3,NULL,NULL),(5322,7392,2,3,NULL,NULL),(5323,7393,2,3,NULL,NULL),(5324,7394,2,3,NULL,NULL),(5325,7395,2,3,NULL,NULL),(5326,7396,2,3,NULL,NULL),(5327,7397,2,3,NULL,NULL),(5328,7398,2,3,NULL,NULL),(5329,7399,2,3,NULL,NULL),(5330,7400,2,3,NULL,NULL),(5331,7401,2,3,NULL,NULL),(5332,7402,2,3,NULL,NULL),(5333,7403,2,3,NULL,NULL),(5334,7404,2,3,NULL,NULL),(5335,7405,2,3,NULL,NULL),(5336,7406,2,3,NULL,NULL),(5337,7407,2,3,NULL,NULL),(5338,7408,2,3,NULL,NULL),(5339,7409,2,3,NULL,NULL),(5340,7410,2,3,NULL,NULL),(5341,7411,2,3,NULL,NULL),(5342,7412,2,3,NULL,NULL),(5343,7413,2,3,NULL,NULL),(5344,7414,2,3,NULL,NULL),(5345,7415,2,3,NULL,NULL),(5346,7416,2,3,NULL,NULL),(5347,7417,2,3,NULL,NULL),(5348,7418,2,3,NULL,NULL),(5349,7419,2,3,NULL,NULL),(5350,7420,2,3,NULL,NULL),(5351,7421,2,3,NULL,NULL),(5352,7422,2,3,NULL,NULL),(5353,7423,2,3,NULL,NULL),(5354,7424,2,3,NULL,NULL),(5355,7425,2,3,NULL,NULL),(5356,7426,2,3,NULL,NULL),(5357,7427,2,3,NULL,NULL),(5358,7428,2,3,NULL,NULL),(5359,7429,2,3,NULL,NULL),(5360,7430,2,3,NULL,NULL),(5361,7431,2,3,NULL,NULL),(5362,7432,2,3,NULL,NULL),(5363,7433,2,3,NULL,NULL),(5364,7434,2,3,NULL,NULL),(5365,7435,2,3,NULL,NULL),(5366,7436,2,3,NULL,NULL),(5367,7437,2,3,NULL,NULL),(5368,7438,2,3,NULL,NULL),(5369,7439,2,3,NULL,NULL),(5370,7440,2,3,NULL,NULL),(5371,7441,2,3,NULL,NULL),(5372,7442,2,3,NULL,NULL),(5373,7443,2,3,NULL,NULL),(5374,7444,2,3,NULL,NULL),(5375,7445,2,3,NULL,NULL),(5376,7446,2,3,NULL,NULL),(5377,7447,2,3,NULL,NULL),(5378,7448,2,3,NULL,NULL),(5379,7449,2,3,NULL,NULL),(5380,7450,2,3,NULL,NULL),(5381,7451,2,3,NULL,NULL),(5382,7452,2,3,NULL,NULL),(5383,7453,2,3,NULL,NULL),(5384,7454,2,3,NULL,NULL),(5385,7455,2,3,NULL,NULL),(5386,7456,2,3,NULL,NULL),(5387,7457,2,3,NULL,NULL),(5388,7458,2,3,NULL,NULL),(5389,7459,2,3,NULL,NULL),(5390,7460,2,3,NULL,NULL),(5391,7461,2,3,NULL,NULL),(5392,7462,2,3,NULL,NULL),(5393,7463,2,3,NULL,NULL),(5394,7464,2,3,NULL,NULL),(5395,7465,2,3,NULL,NULL),(5396,7466,2,3,NULL,NULL),(5397,7467,2,3,NULL,NULL),(5398,7468,2,3,NULL,NULL),(5399,7469,2,3,NULL,NULL),(5400,7470,2,3,NULL,NULL),(5401,7471,2,3,NULL,NULL),(5402,7472,2,3,NULL,NULL),(5403,7473,2,3,NULL,NULL),(5404,7474,2,3,NULL,NULL),(5405,7475,2,3,NULL,NULL),(5406,7476,2,3,NULL,NULL),(5407,7477,2,3,NULL,NULL),(5408,7478,2,3,NULL,NULL),(5409,7479,2,3,NULL,NULL),(5410,7480,2,3,NULL,NULL),(5411,7481,2,3,NULL,NULL),(5412,7482,2,3,NULL,NULL),(5413,7483,2,3,NULL,NULL),(5414,7484,2,3,NULL,NULL),(5415,7485,2,3,NULL,NULL),(5416,7486,2,3,NULL,NULL),(5417,7487,2,3,NULL,NULL),(5418,7488,2,3,NULL,NULL),(5419,7489,2,3,NULL,NULL),(5420,7490,2,3,NULL,NULL),(5421,7491,2,3,NULL,NULL),(5422,7492,2,3,NULL,NULL),(5423,7493,2,3,NULL,NULL),(5424,7494,2,3,NULL,NULL),(5425,7495,2,3,NULL,NULL),(5426,7496,2,3,NULL,NULL),(5427,7497,2,3,NULL,NULL),(5428,7498,2,3,NULL,NULL),(5429,7499,2,3,NULL,NULL),(5430,7500,2,3,NULL,NULL),(5431,7501,2,3,NULL,NULL),(5432,7502,2,3,NULL,NULL),(5433,7503,2,3,NULL,NULL),(5434,7504,2,3,NULL,NULL),(5435,7505,2,3,NULL,NULL),(5436,7506,2,3,NULL,NULL),(5437,7507,2,3,NULL,NULL),(5438,7508,2,3,NULL,NULL),(5439,7509,2,3,NULL,NULL),(5440,7510,2,3,NULL,NULL),(5441,7511,2,3,NULL,NULL),(5442,7512,2,3,NULL,NULL),(5443,7513,2,3,NULL,NULL),(5444,7514,2,3,NULL,NULL),(5445,7515,2,3,NULL,NULL),(5446,7516,2,3,NULL,NULL),(5447,7517,2,3,NULL,NULL),(5448,7518,2,3,NULL,NULL),(5449,7519,2,3,NULL,NULL),(5450,7520,2,3,NULL,NULL),(5451,7521,2,3,NULL,NULL),(5452,7522,2,3,NULL,NULL),(5453,7523,2,3,NULL,NULL),(5454,7524,2,3,NULL,NULL),(5455,7525,2,3,NULL,NULL),(5456,7526,2,3,NULL,NULL),(5457,7527,2,3,NULL,NULL),(5458,7528,2,3,NULL,NULL),(5459,7529,2,3,NULL,NULL),(5460,7530,2,3,NULL,NULL),(5461,7531,2,3,NULL,NULL),(5462,7532,2,3,NULL,NULL),(5463,7533,2,3,NULL,NULL),(5464,7534,2,3,NULL,NULL),(5465,7535,2,3,NULL,NULL),(5466,7536,2,3,NULL,NULL),(5467,7537,2,3,NULL,NULL),(5468,7538,2,3,NULL,NULL),(5469,7539,2,3,NULL,NULL),(5470,7540,2,3,NULL,NULL),(5471,7541,2,3,NULL,NULL),(5472,7542,2,3,NULL,NULL),(5473,7543,2,3,NULL,NULL),(5474,7544,2,3,NULL,NULL),(5475,7545,2,3,NULL,NULL),(5476,7546,2,3,NULL,NULL),(5477,7547,2,3,NULL,NULL),(5478,7548,2,3,NULL,NULL),(5479,7549,2,3,NULL,NULL),(5480,7550,2,3,NULL,NULL),(5481,7551,2,3,NULL,NULL),(5482,7552,2,3,NULL,NULL),(5483,7553,2,3,NULL,NULL),(5484,7554,2,3,NULL,NULL),(5485,7555,2,3,NULL,NULL),(5486,7556,2,3,NULL,NULL),(5487,7557,2,3,NULL,NULL),(5488,7558,2,3,NULL,NULL),(5489,7559,2,3,NULL,NULL),(5490,7560,2,3,NULL,NULL),(5491,7561,2,3,NULL,NULL),(5492,7562,2,3,NULL,NULL),(5493,7563,2,3,NULL,NULL),(5494,7564,2,3,NULL,NULL),(5495,7565,2,3,NULL,NULL),(5496,7566,2,3,NULL,NULL),(5497,7567,2,3,NULL,NULL),(5498,7568,2,3,NULL,NULL),(5499,7569,2,3,NULL,NULL),(5500,7570,2,3,NULL,NULL),(5501,7571,2,3,NULL,NULL),(5502,7572,2,3,NULL,NULL),(5503,7573,2,3,NULL,NULL),(5504,7574,2,3,NULL,NULL),(5505,7575,2,3,NULL,NULL),(5506,7576,2,3,NULL,NULL),(5507,7577,2,3,NULL,NULL),(5508,7578,2,3,NULL,NULL),(5509,7579,2,3,NULL,NULL),(5510,7580,2,3,NULL,NULL),(5511,7581,2,3,NULL,NULL),(5512,7582,2,3,NULL,NULL),(5513,7583,2,3,NULL,NULL),(5514,7584,2,3,NULL,NULL),(5515,7585,2,3,NULL,NULL),(5516,7586,2,3,NULL,NULL),(5517,7587,2,3,NULL,NULL),(5518,7588,2,3,NULL,NULL),(5519,7589,2,3,NULL,NULL),(5520,7590,2,3,NULL,NULL),(5521,7591,2,3,NULL,NULL),(5522,7592,2,3,NULL,NULL),(5523,7593,2,3,NULL,NULL),(5524,7594,2,3,NULL,NULL),(5525,7595,2,3,NULL,NULL),(5526,7596,2,3,NULL,NULL),(5527,7597,2,3,NULL,NULL),(5528,7598,2,3,NULL,NULL),(5529,7599,2,3,NULL,NULL),(5530,7600,2,3,NULL,NULL),(5531,7601,2,3,NULL,NULL),(5532,7602,2,3,NULL,NULL),(5533,7603,2,3,NULL,NULL),(5534,7604,2,3,NULL,NULL),(5535,7605,2,3,NULL,NULL),(5536,7606,2,3,NULL,NULL),(5537,7607,2,3,NULL,NULL),(5538,7608,2,3,NULL,NULL),(5539,7609,2,3,NULL,NULL),(5540,7610,2,3,NULL,NULL),(5541,7611,2,3,NULL,NULL),(5542,7612,2,3,NULL,NULL),(5543,7613,2,3,NULL,NULL),(5544,7614,2,3,NULL,NULL),(5545,7615,2,3,NULL,NULL),(5546,7616,2,3,NULL,NULL),(5547,7617,2,3,NULL,NULL),(5548,7618,2,3,NULL,NULL),(5549,7619,2,3,NULL,NULL),(5550,7620,2,3,NULL,NULL),(5551,7621,2,3,NULL,NULL),(5552,7622,2,3,NULL,NULL),(5553,7623,2,3,NULL,NULL),(5554,7624,2,3,NULL,NULL),(5555,7625,2,3,NULL,NULL),(5556,7626,2,3,NULL,NULL),(5557,7627,2,3,NULL,NULL),(5558,7628,2,3,NULL,NULL),(5559,7629,2,3,NULL,NULL),(5560,7630,2,3,NULL,NULL),(5561,7631,2,3,NULL,NULL),(5562,7632,2,3,NULL,NULL),(5563,7633,2,3,NULL,NULL),(5564,7634,2,3,NULL,NULL),(5565,7635,2,3,NULL,NULL),(5566,7636,2,3,NULL,NULL),(5567,7637,2,3,NULL,NULL),(5568,7638,2,3,NULL,NULL),(5569,7639,2,3,NULL,NULL),(5570,7640,2,3,NULL,NULL),(5571,7641,2,3,NULL,NULL),(8196,7642,2,2,NULL,NULL),(8197,16988,3,9,NULL,NULL),(8198,16988,1,1,NULL,NULL),(8199,16989,3,11,NULL,NULL),(8200,16990,3,10,NULL,NULL),(8201,16993,3,9,NULL,NULL),(8202,7642,3,9,NULL,NULL),(8203,16994,3,9,NULL,NULL),(8204,16996,3,9,NULL,NULL),(8205,16995,3,9,NULL,NULL),(8206,16992,3,9,NULL,NULL),(8207,16991,3,9,NULL,NULL),(8208,16997,3,10,NULL,NULL),(8209,16988,4,12,NULL,NULL),(8210,16994,4,12,NULL,NULL),(8211,7642,4,12,NULL,NULL),(8212,16996,4,12,NULL,NULL),(8213,16995,4,12,NULL,NULL),(8214,16992,4,12,NULL,NULL),(8215,16997,4,13,NULL,NULL),(8216,16990,4,13,NULL,NULL),(8217,16991,4,12,NULL,NULL),(8218,16989,4,14,NULL,NULL),(8219,16993,4,12,NULL,NULL),(8220,16998,3,9,NULL,NULL),(8221,16998,4,12,NULL,NULL),(8222,7642,5,15,NULL,NULL),(8223,16988,5,15,NULL,NULL),(8224,16991,5,15,NULL,NULL),(8225,16992,5,15,NULL,NULL),(8226,16993,5,15,NULL,NULL),(8227,16994,5,15,NULL,NULL),(8228,16995,5,15,NULL,NULL),(8229,16996,5,15,NULL,NULL),(8230,16998,5,15,NULL,NULL),(8231,16989,5,17,NULL,NULL),(8232,16990,5,16,NULL,NULL),(8233,16997,5,16,NULL,NULL),(8234,17000,5,16,NULL,NULL),(8235,16999,5,16,NULL,NULL),(8236,16999,4,13,NULL,NULL),(8237,17000,4,13,NULL,NULL),(8238,17001,5,17,NULL,NULL),(8239,16993,1,1,NULL,NULL),(8240,17002,5,16,NULL,NULL),(8241,7642,1,1,NULL,NULL),(8242,17003,5,16,NULL,NULL),(8243,17004,5,18,NULL,NULL),(8244,17004,3,19,NULL,NULL),(8245,17005,6,20,NULL,NULL),(8246,17006,5,15,NULL,NULL);

--
-- Table structure for table `sistemas`
--

CREATE TABLE `sistemas` (
  `id` int unsigned NOT NULL AUTO_INCREMENT,
  `uuid` char(36) COLLATE utf8mb4_unicode_ci NOT NULL,
  `descricao` varchar(150) COLLATE utf8mb4_unicode_ci NOT NULL,
  `url` varchar(255) COLLATE utf8mb4_unicode_ci DEFAULT NULL,
  `status` tinyint NOT NULL DEFAULT '1',
  `permissoes` text COLLATE utf8mb4_unicode_ci,
  `created_at` timestamp NULL DEFAULT NULL,
  `updated_at` timestamp NULL DEFAULT NULL,
  `deleted_at` timestamp NULL DEFAULT NULL,
  `intranet` tinyint(1) NOT NULL DEFAULT '0',
  `icon` varchar(191) COLLATE utf8mb4_unicode_ci DEFAULT NULL,
  PRIMARY KEY (`id`)
) ENGINE=InnoDB AUTO_INCREMENT=7 DEFAULT CHARSET=utf8mb4 COLLATE=utf8mb4_unicode_ci;

--
-- Dumping data for table `sistemas`
--

INSERT INTO `sistemas` VALUES (1,'7a604fdd-355b-42d3-a817-904650b03cdf','Painel API Contatos','https://hmg-contatos.cnm.org.br',1,NULL,'2024-01-14 22:04:38','2024-01-14 22:04:38',NULL,0,NULL),(2,'bc65ae97-c0af-48fd-b1f1-e263144891e2','Conteúdo Exclusivo','https://hmg-exclusivo.cnm.org.br',1,'[{\"descricao\":\"Solicita\\u00e7\\u00f5es\",\"alias\":\"solicitacoes\"},{\"descricao\":\"Ferramentas\",\"alias\":\"ferramentas\"},{\"descricao\":\"Usu\\u00e1rios\",\"alias\":\"usuarios\"}]','2024-01-14 22:57:48','2024-01-14 23:00:14',NULL,0,'undefined'),(3,'4992968f-6e3e-44db-b6c1-e8a23e7acd9c','Cred Marcha 2024 - Frontend (local)','http://localhost:3000',1,'[{\"descricao\":\"Gerenciar Inscri\\u00e7\\u00f5es\",\"alias\":\"gerenciar-inscricoes\"},{\"descricao\":\"Graficos\",\"alias\":\"graficos\"},{\"descricao\":\"Fluxo de Caixa\",\"alias\":\"fluxo-de-caixa\"},{\"descricao\":\"Gerenciar Convidados\",\"alias\":\"gerenciar-convidados\"},{\"descricao\":\"E-mail\",\"alias\":\"e-mail\"}]','2024-02-01 17:16:08','2024-03-04 16:35:45',NULL,0,'undefined'),(4,'c93ab7d3-b012-4bc7-b850-af1fe61b8b84','Cred Marcha 2024 - Frontend (HMG)','https://hmg-credmarcha.cnm.org.br',1,'[{\"descricao\":\"Gerenciar Inscri\\u00e7\\u00f5es\",\"alias\":\"gerenciar-inscricoes\"},{\"descricao\":\"Gr\\u00e1ficos\",\"alias\":\"graficos\"},{\"descricao\":\"Fluxo de Caixa\",\"alias\":\"fluxo-de-caixa\"},{\"descricao\":\"Gerenciar Convidados\",\"alias\":\"gerenciar-convidados\"},{\"descricao\":\"E-mail\",\"alias\":\"e-mail\"}]','2024-02-06 14:56:10','2024-03-07 14:36:47',NULL,0,'undefined'),(5,'e80c2683-532d-4b83-ad43-2ab527bb7ca0','Cred Marcha 2024 - Frontend (PRODUÇÃO)','https://credmarcha.cnm.org.br',1,'[{\"descricao\":\"Gerenciar Inscri\\u00e7\\u00f5es\",\"alias\":\"gerenciar-inscricoes\"},{\"descricao\":\"Gr\\u00e1ficos\",\"alias\":\"graficos\"},{\"descricao\":\"Fluxo de Caixa\",\"alias\":\"fluxo-de-caixa\"},{\"descricao\":\"Gerenciar Convidados\",\"alias\":\"gerenciar-convidados\"},{\"descricao\":\"E-mail\",\"alias\":\"e-mail\"}]','2024-02-07 20:10:39','2024-03-07 14:37:49',NULL,0,'undefined'),(6,'1dec63b7-4f00-463a-a871-285541b20ffe','Fatura Digital','https://hmg-faturadigital.cnm.org.br',1,NULL,'2024-02-28 14:38:30','2024-02-28 14:38:30',NULL,0,'undefined');

--
-- Table structure for table `tipo_pessoa`
--

CREATE TABLE `tipo_pessoa` (
  `id` int unsigned NOT NULL AUTO_INCREMENT,
  `uuid` char(36) COLLATE utf8mb4_unicode_ci NOT NULL,
  `descricao` varchar(191) COLLATE utf8mb4_unicode_ci NOT NULL,
  `status` tinyint NOT NULL DEFAULT '1',
  `created_at` timestamp NULL DEFAULT NULL,
  `updated_at` timestamp NULL DEFAULT NULL,
  `deleted_at` timestamp NULL DEFAULT NULL,
  PRIMARY KEY (`id`)
) ENGINE=InnoDB AUTO_INCREMENT=4 DEFAULT CHARSET=utf8mb4 COLLATE=utf8mb4_unicode_ci;

--
-- Dumping data for table `tipo_pessoa`
--

INSERT INTO `tipo_pessoa` VALUES (1,'971d29fd-14f2-4092-9a31-d0b08835110c','Pessoa Física',1,'2024-01-14 22:04:37','2024-01-14 22:04:37',NULL),(2,'3edd25b3-a4fa-42a7-82b7-588e2900da65','Pessoa Jurídica',1,'2024-01-14 22:04:37','2024-01-14 22:04:37',NULL),(3,'fa9ce5c7-a6c5-49f4-aced-731cca58e33b','Pessoa Internacional',1,'2024-01-14 22:04:37','2024-01-14 22:04:37',NULL);

--
-- Table structure for table `user_role`
--

CREATE TABLE `user_role` (
  `id` int unsigned NOT NULL AUTO_INCREMENT,
  `user_id` int unsigned NOT NULL,
  `role_id` int unsigned NOT NULL,
  PRIMARY KEY (`id`),
  KEY `user_role_user_id_foreign` (`user_id`),
  KEY `user_role_role_id_foreign` (`role_id`),
  CONSTRAINT `user_role_role_id_foreign` FOREIGN KEY (`role_id`) REFERENCES `roles` (`id`) ON DELETE CASCADE,
  CONSTRAINT `user_role_user_id_foreign` FOREIGN KEY (`user_id`) REFERENCES `users` (`id`) ON DELETE CASCADE
) ENGINE=InnoDB DEFAULT CHARSET=utf8mb4 COLLATE=utf8mb4_unicode_ci;

--
-- Dumping data for table `user_role`
--



